{"id":6031,"date":"2023-02-23T11:45:18","date_gmt":"2023-02-23T17:45:18","guid":{"rendered":"https:\/\/tecsecmty.com\/index.php\/producto\/bosch-f_ae2-gabinete-pequeno-color-rojo-universal\/"},"modified":"2023-03-22T23:21:02","modified_gmt":"2023-03-23T05:21:02","slug":"bosch-f_ae2-gabinete-pequeno-color-rojo-universal","status":"publish","type":"product","link":"https:\/\/tecsecmty.com\/index.php\/producto\/bosch-f_ae2-gabinete-pequeno-color-rojo-universal\/","title":{"rendered":"BOSCH F_AE2- GABINETE PEQUE\u00d1O COLOR ROJO\/ UNIVERSAL"},"content":{"rendered":"<h5 class=\"card-title text-center\">Recinto contra incendios AE2, 14&#215;12.5&#215;3 \u00ab, rojo<\/h5>\n<p class=\"ql-align-justify\"><strong>El AE2 es un recinto rojo que acomoda un Interruptor antisabotaje opcional para controlar la puerta.<\/strong>\u00a0Es hecho de acero laminado en fr\u00edo de 0.04 pulg. (1.0 mm) y Incluye una cerradura con llave. Mide 14 pulg. X 12.5 pulg. X 3 pulg. (35,6 cm x 31,8 cm x 7,6 cm).<\/p>\n<p class=\"ql-align-justify\"><strong>Certificaciones y aprobaciones<\/strong><\/p>\n<p class=\"ql-align-justify\"><strong>Regi\u00f3n Cumplimiento normativo \/ marcas de calidad<\/strong><\/p>\n<p class=\"ql-align-justify\"><strong>USA<\/strong><\/p>\n<ul>\n<li class=\"ql-align-justify\">UL AMCX: Unidades de alarma de estaci\u00f3n central (ANSI \/ UL 1610 y 1635).<\/li>\n<li class=\"ql-align-justify\">APAW: Unidades de alarma conectadas a estaci\u00f3n de polic\u00eda (ANSI \/ UL<\/li>\n<li class=\"ql-align-justify\">365 y 464).<\/li>\n<li class=\"ql-align-justify\">UTOU: Unidades de control y accesorios, sistema dom\u00e9stico Tipo (ANSI \/ UL 985).<\/li>\n<li class=\"ql-align-justify\">CSFM ver www.boschsecurity.com (el Bosch sitio web) NYCMEA 274-93-E, vol. IV<\/li>\n<\/ul>\n<p class=\"ql-align-justify\"><strong>Canad\u00e1<\/strong><\/p>\n<ul>\n<li class=\"ql-align-justify\">ULC UTOU7: Unidades de control y accesorios, Tipo de sistema dom\u00e9stico certificado para Canad\u00e1 (ULC-s545).<\/li>\n<\/ul>\n<p class=\"ql-align-justify\"><strong>Notas de instalaci\u00f3n \/ configuraci\u00f3n<\/strong><\/p>\n<p class=\"ql-align-justify\">Este producto puede exponerlo a qu\u00edmicos que incluyen plomo, que el Estado de California conoce causar c\u00e1ncer y defectos de nacimiento u otros defectos reproductivos da\u00f1o.<\/p>\n<p class=\"ql-align-justify\"><strong>Partes incluidas<\/strong><\/p>\n<p class=\"ql-align-justify\"><strong>Componente de cantidad<\/strong><\/p>\n<ul>\n<li class=\"ql-align-justify\">1 recinto.<\/li>\n<li class=\"ql-align-justify\">1 cerradura con 2 llaves (KEY-625).<\/li>\n<li class=\"ql-align-justify\">1 paquete de hardware &#8211; 1 cable de tierra, 3 tornillos, 3 placa de circuito clips.<\/li>\n<li class=\"ql-align-justify\">1 Literatura &#8211; Manual de instalaci\u00f3n.<\/li>\n<\/ul>\n<p class=\"ql-align-justify\"><strong>Nota:\u00a0 Recinto contra incendios AE2, 14&#215;12.5&#215;3 \u00ab, rojo<\/strong><\/p>\n<p class=\"ql-align-justify\"><strong>Caja roja est\u00e1ndar con cerradura con llave. Medidas 14 pulg. X 12.5 pulg. X 3 pulg. (35.6 cm x 31.8 cm x 7.6 cm).<\/strong><\/p>\n<p class=\"ql-align-justify\"><strong>N\u00famero de pedid:o AE2<\/strong><\/p>\n<p class=\"ql-align-justify\"><strong>Principales caracter\u00edsticas<\/strong><\/p>\n<ul>\n<li class=\"ql-align-justify\">Adecuado para incendio residencial \/ robo y comercial aplicaciones de robo.<\/li>\n<li class=\"ql-align-justify\">Sostiene hasta dos bater\u00edas.<\/li>\n<li class=\"ql-align-justify\">Compatible con un interruptor de sabotaje de caja<\/li>\n<\/ul>\n<p class=\"ql-align-justify\"><strong>Especificaciones t\u00e9cnicas<\/strong><\/p>\n<p class=\"ql-align-justify\"><strong>Mec\u00e1nico<\/strong><\/p>\n<ul>\n<li class=\"ql-align-justify\">Color rojo<\/li>\n<li class=\"ql-align-justify\">Dimensiones (LxWxH) 14 pulg.x 12.5 pulg.x 3 pulg. (35.6 cm x 31.8 cm x 7.6 cm).<\/li>\n<li class=\"ql-align-justify\">Material 0.04 pulg. (1.0 mm) de acero laminado en fr\u00edo.<\/li>\n<\/ul>\n<p><img decoding=\"async\" class=\"overview-center-img-web\" src=\"https:\/\/tvc.mx\/media\/37893\/Logoopaginas-oficial-1920x400.png\" alt=\"\" \/><\/p>\n","protected":false},"excerpt":{"rendered":"<p>Recinto contra incendios AE2, 14&#215;12.5&#215;3 \u00ab, rojo El AE2 es un recinto rojo que acomoda un Interruptor antisabotaje opcional para controlar la puerta.\u00a0Es hecho de acero laminado en fr\u00edo de 0.04 pulg. (1.0 mm) y Incluye una cerradura con llave. Mide 14 pulg. X 12.5&hellip;<\/p>\n","protected":false},"featured_media":6030,"comment_status":"open","ping_status":"closed","template":"","meta":{"om_disable_all_campaigns":false,"_monsterinsights_skip_tracking":false,"_monsterinsights_sitenote_active":false,"_monsterinsights_sitenote_note":"","_monsterinsights_sitenote_category":0},"product_brand":[],"product_cat":[506],"product_tag":[495,497,498,499,500,501,496,502],"class_list":{"0":"post-6031","1":"product","2":"type-product","3":"status-publish","4":"has-post-thumbnail","6":"product_cat-paneles-de-control-bosch-incendio-2","7":"product_tag-control-de-incendio","8":"product_tag-detectores","9":"product_tag-estacion-manual","10":"product_tag-estrobos-y-sirenas","11":"product_tag-modulos","12":"product_tag-paneles-de-control","13":"product_tag-sistemas-de-incendio","14":"product_tag-teclados","16":"first","17":"instock","18":"sale","19":"taxable","20":"shipping-taxable","21":"purchasable","22":"product-type-simple"},"aioseo_notices":[],"_links":{"self":[{"href":"https:\/\/tecsecmty.com\/index.php\/wp-json\/wp\/v2\/product\/6031","targetHints":{"allow":["GET"]}}],"collection":[{"href":"https:\/\/tecsecmty.com\/index.php\/wp-json\/wp\/v2\/product"}],"about":[{"href":"https:\/\/tecsecmty.com\/index.php\/wp-json\/wp\/v2\/types\/product"}],"replies":[{"embeddable":true,"href":"https:\/\/tecsecmty.com\/index.php\/wp-json\/wp\/v2\/comments?post=6031"}],"version-history":[{"count":0,"href":"https:\/\/tecsecmty.com\/index.php\/wp-json\/wp\/v2\/product\/6031\/revisions"}],"wp:featuredmedia":[{"embeddable":true,"href":"https:\/\/tecsecmty.com\/index.php\/wp-json\/wp\/v2\/media\/6030"}],"wp:attachment":[{"href":"https:\/\/tecsecmty.com\/index.php\/wp-json\/wp\/v2\/media?parent=6031"}],"wp:term":[{"taxonomy":"product_brand","embeddable":true,"href":"https:\/\/tecsecmty.com\/index.php\/wp-json\/wp\/v2\/product_brand?post=6031"},{"taxonomy":"product_cat","embeddable":true,"href":"https:\/\/tecsecmty.com\/index.php\/wp-json\/wp\/v2\/product_cat?post=6031"},{"taxonomy":"product_tag","embeddable":true,"href":"https:\/\/tecsecmty.com\/index.php\/wp-json\/wp\/v2\/product_tag?post=6031"}],"curies":[{"name":"wp","href":"https:\/\/api.w.org\/{rel}","templated":true}]}}