{"id":6055,"date":"2023-02-23T11:45:59","date_gmt":"2023-02-23T17:45:59","guid":{"rendered":"https:\/\/tecsecmty.com\/index.php\/producto\/bosch-f_kit-de-instalacion-en-rack-de-19-pulgadas\/"},"modified":"2023-03-22T23:21:14","modified_gmt":"2023-03-23T05:21:14","slug":"bosch-f_kit-de-instalacion-en-rack-de-19-pulgadas","status":"publish","type":"product","link":"https:\/\/tecsecmty.com\/index.php\/producto\/bosch-f_kit-de-instalacion-en-rack-de-19-pulgadas\/","title":{"rendered":"BOSCH F_KIT DE INSTALACION EN RACK DE 19 PULGADAS"},"content":{"rendered":"<h5 class=\"card-title text-center\">Kits de instalaci\u00f3n para bastidores de 48 cm (19 \u00ab)<\/h5>\n<p class=\"ql-align-justify\"><strong>El FRK 0019 A Kit de instalaci\u00f3n en bastidor para todas las carcasas de montaje en pared, el kit de instalaci\u00f3n en bastidor FRK 0019 A se utiliza para instalar carcasas de montaje en pared en 48 cm (19 \u00bb) bastidores.<\/strong><\/p>\n<p class=\"ql-align-justify\">Los dos soportes de montaje en el kit de instalaci\u00f3n universal est\u00e1n instalados a una distancia H (ver FRK 0019 A Kit de instalaci\u00f3n en bastidor para todas las carcasas de montaje en pared, p\u00e1gina 59). Las dimensiones de H para los diferentes alojamientos de montaje en pared se pueden encontrar en la tabla a continuaci\u00f3n:<\/p>\n<p class=\"ql-align-justify\"><strong>Housing<\/strong><\/p>\n<ul>\n<li class=\"ql-align-justify\">PSS 0002 A: H 217 mm.<\/li>\n<li class=\"ql-align-justify\">DIB 0000 A: H 217 mm.<\/li>\n<li class=\"ql-align-justify\">PSB 0004 A: H 308 mm.<\/li>\n<li class=\"ql-align-justify\">HCP 0006 A: H 409 mm.<\/li>\n<li class=\"ql-align-justify\">HBC 0010 A: H 609 mm.<\/li>\n<li class=\"ql-align-justify\">HBE 0012 A: H 609 mm.<\/li>\n<\/ul>\n<p class=\"ql-align-justify\"><strong>Nota: Kits de instalaci\u00f3n para bastidores de 48 cm (19 \u00ab)<\/strong><\/p>\n<p class=\"ql-align-justify\"><strong>FRK 0019 A Kit de instalaci\u00f3n en rack de 19&#8243; para carcasa de montaje en pared.<\/strong><\/p>\n<p class=\"ql-align-justify\"><strong>Numero de pedido: FRK 0019 A<\/strong><\/p>\n<p><img decoding=\"async\" class=\"overview-center-img-web\" src=\"https:\/\/tvc.mx\/media\/37740\/Logoopaginas-oficial-1920x400.png\" alt=\"\" \/><\/p>\n","protected":false},"excerpt":{"rendered":"<p>Kits de instalaci\u00f3n para bastidores de 48 cm (19 \u00ab) El FRK 0019 A Kit de instalaci\u00f3n en bastidor para todas las carcasas de montaje en pared, el kit de instalaci\u00f3n en bastidor FRK 0019 A se utiliza para instalar carcasas de montaje en pared&hellip;<\/p>\n","protected":false},"featured_media":6054,"comment_status":"open","ping_status":"closed","template":"","meta":{"om_disable_all_campaigns":false,"_monsterinsights_skip_tracking":false,"_monsterinsights_sitenote_active":false,"_monsterinsights_sitenote_note":"","_monsterinsights_sitenote_category":0},"product_brand":[],"product_cat":[506],"product_tag":[495,497,498,499,500,501,496,502],"class_list":{"0":"post-6055","1":"product","2":"type-product","3":"status-publish","4":"has-post-thumbnail","6":"product_cat-paneles-de-control-bosch-incendio-2","7":"product_tag-control-de-incendio","8":"product_tag-detectores","9":"product_tag-estacion-manual","10":"product_tag-estrobos-y-sirenas","11":"product_tag-modulos","12":"product_tag-paneles-de-control","13":"product_tag-sistemas-de-incendio","14":"product_tag-teclados","16":"first","17":"instock","18":"sale","19":"taxable","20":"shipping-taxable","21":"purchasable","22":"product-type-simple"},"aioseo_notices":[],"_links":{"self":[{"href":"https:\/\/tecsecmty.com\/index.php\/wp-json\/wp\/v2\/product\/6055","targetHints":{"allow":["GET"]}}],"collection":[{"href":"https:\/\/tecsecmty.com\/index.php\/wp-json\/wp\/v2\/product"}],"about":[{"href":"https:\/\/tecsecmty.com\/index.php\/wp-json\/wp\/v2\/types\/product"}],"replies":[{"embeddable":true,"href":"https:\/\/tecsecmty.com\/index.php\/wp-json\/wp\/v2\/comments?post=6055"}],"version-history":[{"count":0,"href":"https:\/\/tecsecmty.com\/index.php\/wp-json\/wp\/v2\/product\/6055\/revisions"}],"wp:featuredmedia":[{"embeddable":true,"href":"https:\/\/tecsecmty.com\/index.php\/wp-json\/wp\/v2\/media\/6054"}],"wp:attachment":[{"href":"https:\/\/tecsecmty.com\/index.php\/wp-json\/wp\/v2\/media?parent=6055"}],"wp:term":[{"taxonomy":"product_brand","embeddable":true,"href":"https:\/\/tecsecmty.com\/index.php\/wp-json\/wp\/v2\/product_brand?post=6055"},{"taxonomy":"product_cat","embeddable":true,"href":"https:\/\/tecsecmty.com\/index.php\/wp-json\/wp\/v2\/product_cat?post=6055"},{"taxonomy":"product_tag","embeddable":true,"href":"https:\/\/tecsecmty.com\/index.php\/wp-json\/wp\/v2\/product_tag?post=6055"}],"curies":[{"name":"wp","href":"https:\/\/api.w.org\/{rel}","templated":true}]}}