{"id":6059,"date":"2023-02-23T11:46:06","date_gmt":"2023-02-23T17:46:06","guid":{"rendered":"https:\/\/tecsecmty.com\/index.php\/producto\/bosch-f_fmr5000c02-teclado-remoto-version-en-esp-compatible-con-central-de-incendios-fpa5000\/"},"modified":"2023-03-22T23:21:11","modified_gmt":"2023-03-23T05:21:11","slug":"bosch-f_fmr5000c02-teclado-remoto-version-en-esp-compatible-con-central-de-incendios-fpa5000","status":"publish","type":"product","link":"https:\/\/tecsecmty.com\/index.php\/producto\/bosch-f_fmr5000c02-teclado-remoto-version-en-esp-compatible-con-central-de-incendios-fpa5000\/","title":{"rendered":"BOSCH F_FMR5000C02 &#8211; Teclado remoto version en ESP \/ Compatible con central de incendios FPA5000"},"content":{"rendered":"<div class=\"row aling-items-center padding-bottom-2x\">\n<div class=\"col-lg-12\">\n<h5 class=\"card-title text-center\">Teclado remoto FMR-5000-C-02<\/h5>\n<p class=\"ql-align-justify\">\n<p><img decoding=\"async\" class=\"overview-center-img-web\" src=\"https:\/\/tvc.mx\/media\/29786\/Logoopaginas-oficial-1920x400.png\" alt=\"\" \/><\/div>\n<\/div>\n<div class=\"row align-items-center padding-bottom-2x\">\n<div class=\"col-md-5\"><img decoding=\"async\" class=\"d-block m-auto img-thumbnail\" src=\"https:\/\/tvc.mx\/media\/86740\/FMR-5000-C-02-config5.png\" alt=\" \" \/><\/div>\n<div class=\"col-md-7 text-md-left text-center\">\n<h2>Resumen del sistema<\/h2>\n<p class=\"text-muted\">\n<p class=\"ql-align-justify\"><strong>El teclado remoto es una soluci\u00f3n c\u00f3moda para el control remoto de la central de incendios FPA-1200, la central de incendios modular FPA-5000 o una red completa.<\/strong>\u00a0El dise\u00f1o de las interfaces de usuario es id\u00e9ntico al de los controladores de las centrales FPA\u20111200 y FPA\u20115000, y por tanto permite un funcionamiento r\u00e1pido e intuitivo. En una red de centrales de incendios FPA-5000, se pueden interconectar hasta 32 controladores de la central, teclados remotos y un servidor OPC.\u00a0<strong>La central de incendios FPA\u20111200 se puede instalar en red con hasta tres teclados remotos FMR\u20115000.<\/strong><\/p>\n<p>&nbsp;<\/p>\n<\/div>\n<\/div>\n<hr class=\"padding-bottom-2x\" \/>\n<div class=\"row align-items-center padding-bottom-2x\">\n<div class=\"col-md-5 order-md-2\"><img decoding=\"async\" class=\"d-block m-auto img-thumbnail\" src=\"https:\/\/tvc.mx\/media\/86744\/FMR-5000-C-02-config6.png\" alt=\" \" \/><\/div>\n<div class=\"col-md-7 order-md-1 text-md-left text-center\">\n<h2>Funciones b\u00e1sicas<\/h2>\n<p class=\"text-muted\">\n<p class=\"ql-align-justify\"><strong>En red Hasta 32 controladores de la central, teclados remotos y un servidor OPC pueden interconectarse en una red.<\/strong>\u00a0En funci\u00f3n de los requisitos de aplicaci\u00f3n, se podr\u00e1n agrupar varios controladores de la central y teclados remotos como un nodo de red o nodo local. Dentro de un grupo s\u00f3lo se pueden mostrar las condiciones de las centrales que pertenezcan al mismo grupo. Independientemente de los grupos, los nodos de red permiten la visualizaci\u00f3n y la gesti\u00f3n de todas las condiciones de las centrales. Los nodos locales muestran las condiciones de la central correspondiente.<\/p>\n<p class=\"ql-align-justify\"><strong>Con el funcionamiento en red mediante las interfaces CAN o Ethernet, son posibles las topolog\u00edas de conexi\u00f3n siguientes:<\/strong><\/p>\n<ul>\n<li class=\"ql-align-justify\">Lazo redundante mediante CAN1 y CAN2 (m\u00e1x. 32 nodos).<\/li>\n<li class=\"ql-align-justify\">Lazo Ethernet (m\u00e1x. 32 nodos).<\/li>\n<li class=\"ql-align-justify\">Varias redes CAN bus con red troncal Ethernet y hasta 32 nodos.<\/li>\n<\/ul>\n<p class=\"ql-align-justify\">Para el funcionamiento en red con fibra \u00f3ptica, puede utilizar varios tipos de conversores. Para obtener informaci\u00f3n detallada sobre los tipos de conversores y las longitudes de l\u00ednea m\u00e1ximas adecuadas, consulte la Gu\u00eda de funcionamiento en red FPA-5000 (disponible para su descarga).<\/p>\n<p class=\"ql-align-justify\"><strong>Indicaci\u00f3n de alarma<\/strong><\/p>\n<p class=\"ql-align-justify\">El elemento indicador es una pantalla t\u00e1ctil TFT de alta resoluci\u00f3n (320 x 240 p\u00edxeles) con retroiluminaci\u00f3n que se activa autom\u00e1ticamente. 12 LEDs que proporcionan informaci\u00f3n continua sobre el estado de funcionamiento del panel de control y del sistema. Los m\u00f3dulos de LED adicionales, cada uno con 16 puntos de detecci\u00f3n, se pueden utilizar para indicar alarmas o fallos visualmente.<\/p>\n<p class=\"ql-align-justify\"><strong>Funcionamiento \/ procesado de mensajes<\/strong><\/p>\n<p class=\"ql-align-justify\">El funcionamiento y procesado de todos los mensajes es sencillo e intuitivo gracias al panel de control de dise\u00f1o ergon\u00f3mico con pantalla t\u00e1ctil TFT, para un control basado en men\u00fas y una visualizaci\u00f3n multicolor. Para ello, hay teclas permanentes en los bordes derecho, inferior y superior de la pantalla, as\u00ed como teclas virtuales de posici\u00f3n variable en el \u00e1rea de visualizaci\u00f3n t\u00e1ctil.<\/p>\n<p class=\"ql-align-justify\">Hay un interruptor de llave debajo de los LED de estado que dispone de dos posiciones programables, por ejemplo:<\/p>\n<ul>\n<li class=\"ql-align-justify\">Para cambiar entre el modo de funcionamiento de d\u00eda y de noche.<\/li>\n<li class=\"ql-align-justify\">Activaci\u00f3n\/desactivaci\u00f3n de la alarma local (alarma interna\/externa).<\/li>\n<\/ul>\n<p class=\"ql-align-justify\"><strong>M\u00f3dulos<\/strong><\/p>\n<p class=\"ql-align-justify\">El m\u00f3dulo Ethernet de dos puertos permite el funcionamiento en red IP de la central y la implementaci\u00f3n del software BIS en la red local. Adem\u00e1s de la interfaz Ethernet, hay una interfaz USB que permite cargar la configuraci\u00f3n deseada.<\/p>\n<p class=\"ql-align-justify\"><strong>Almacenamiento e impresi\u00f3n de mensajes<\/strong><\/p>\n<p class=\"ql-align-justify\">Los mensajes y eventos se guardan internamente y se pueden ver en la pantalla en cualquier momento. Se puede conectar una impresora de eventos para imprimir mensajes entrantes.\u00a0<strong>Variantes de idiomas<\/strong><\/p>\n<p class=\"ql-align-justify\">El idioma del men\u00fa se puede seleccionar de forma arbitraria<\/p>\n<p>&nbsp;<\/p>\n<\/div>\n<\/div>\n<hr class=\"padding-bottom-2x\" \/>\n<div class=\"row align-items-center padding-bottom-2x\">\n<div class=\"col-md-5\"><img decoding=\"async\" class=\"d-block m-auto img-thumbnail\" src=\"https:\/\/tvc.mx\/media\/86748\/FMR-5000-C-02-config7.png\" alt=\" \" \/><\/div>\n<div class=\"col-md-7 text-md-left text-center\">\n<h2>Caracter\u00edsticas y Especificaciones<\/h2>\n<p class=\"text-muted\">\n<p class=\"ql-align-justify\"><strong>Nota: FMR-5000-C-02 Teclado remoto, espa\u00f1ol<\/strong><\/p>\n<p class=\"ql-align-justify\"><strong>Para el manejo remoto de la central de incendios. Versi\u00f3n en espa\u00f1ol.<\/strong><\/p>\n<p class=\"ql-align-justify\"><strong>N\u00famero de pedido: FMR-5000-C-02.<\/strong><\/p>\n<p class=\"ql-align-justify\"><strong>Principales caracter\u00edsticas<\/strong><\/p>\n<ul>\n<li class=\"ql-align-justify\">Funcionamiento remoto de la central de incendios muy c\u00f3modo, id\u00e9ntico al del controlador de la central.<\/li>\n<li class=\"ql-align-justify\">Pantalla multicolor.<\/li>\n<li class=\"ql-align-justify\">Tiene 12 LED que muestran el estado de funcionamiento del sistema.<\/li>\n<li class=\"ql-align-justify\">Montaje en superficie y empotrado.<\/li>\n<\/ul>\n<p class=\"ql-align-justify\"><strong>Especificaciones<\/strong><\/p>\n<p class=\"ql-align-justify\"><strong>El\u00e9ctricas<\/strong><\/p>\n<p class=\"ql-align-justify\"><strong>Tensi\u00f3n en funcionamiento: De 12 V CC a 30 V CC.<\/strong><\/p>\n<p class=\"ql-align-justify\"><strong>Consumo de corriente m\u00e1ximo<\/strong><\/p>\n<ul>\n<li class=\"ql-align-justify\">En reposo 141 mA a 24 V CC.<\/li>\n<li class=\"ql-align-justify\">Alarma 231 mA a 24 V CC Resistencia m\u00e1xima 18 \u03a9 Longitud de cable m\u00e1xima.<\/li>\n<li class=\"ql-align-justify\">Funcionamiento en red CAN 1000 m dependiendo de la configuraci\u00f3n y del tipo de cable.<\/li>\n<li class=\"ql-align-justify\">Funcionamiento en red Ethernet\/IP de fibra \u00f3ptica de 24 a 40 km.<\/li>\n<\/ul>\n<p class=\"ql-align-justify\"><strong>Mec\u00e1nicas<\/strong><\/p>\n<ul>\n<li class=\"ql-align-justify\">Medio de informaci\u00f3n Pantalla TFT multicolor de 14,5 cm (5,7&#8243;) y 320 x 240 p\u00edxeles.<\/li>\n<li class=\"ql-align-justify\">Elementos de manejo Pantalla t\u00e1ctil con 127,5 mm x 170 mm de superficie activa.<\/li>\n<li class=\"ql-align-justify\">Elementos de funcionamiento fijos 22 teclas, 1 interruptor de llave, 1 bot\u00f3n de reinicio.<\/li>\n<li class=\"ql-align-justify\">Elementos de pantalla fijos 12 LED.<\/li>\n<li class=\"ql-align-justify\">M\u00f3dulos CAN1, CAN2, ETH1, ETH2, USB, RS232.<\/li>\n<li class=\"ql-align-justify\">Entradas de se\u00f1al IN1\/IN2.<\/li>\n<li class=\"ql-align-justify\">Dimensiones (Al. x An. x Pr.): 280 mm x 340 mm x 87 mm.<\/li>\n<li class=\"ql-align-justify\">Pantalla LCD (Al. x An.): 86 mm x 116 mm.<\/li>\n<li class=\"ql-align-justify\">Material y color de la carcasa.<\/li>\n<li class=\"ql-align-justify\">Pl\u00e1stico ABS, gris claro (parecido al RAL 7035).<\/li>\n<li class=\"ql-align-justify\">Peso: 3 kg aproximadamente.<\/li>\n<\/ul>\n<p class=\"ql-align-justify\"><strong>Ambientales<\/strong><\/p>\n<ul>\n<li class=\"ql-align-justify\">Temperatura de funcionamiento permitida: De -5 \u00b0C a 50 \u00b0C.<\/li>\n<li class=\"ql-align-justify\">Temperatura de almacenamiento permitida: De -20 \u00b0C a +70 \u00b0C.<\/li>\n<\/ul>\n<\/div>\n<\/div>\n","protected":false},"excerpt":{"rendered":"<p>Teclado remoto FMR-5000-C-02 Resumen del sistema El teclado remoto es una soluci\u00f3n c\u00f3moda para el control remoto de la central de incendios FPA-1200, la central de incendios modular FPA-5000 o una red completa.\u00a0El dise\u00f1o de las interfaces de usuario es id\u00e9ntico al de los controladores&hellip;<\/p>\n","protected":false},"featured_media":6058,"comment_status":"open","ping_status":"closed","template":"","meta":{"om_disable_all_campaigns":false,"_monsterinsights_skip_tracking":false,"_monsterinsights_sitenote_active":false,"_monsterinsights_sitenote_note":"","_monsterinsights_sitenote_category":0},"product_brand":[],"product_cat":[507],"product_tag":[495,497,498,499,500,501,496,502],"class_list":{"0":"post-6059","1":"product","2":"type-product","3":"status-publish","4":"has-post-thumbnail","6":"product_cat-teclados-bosch-incendio-2","7":"product_tag-control-de-incendio","8":"product_tag-detectores","9":"product_tag-estacion-manual","10":"product_tag-estrobos-y-sirenas","11":"product_tag-modulos","12":"product_tag-paneles-de-control","13":"product_tag-sistemas-de-incendio","14":"product_tag-teclados","16":"first","17":"instock","18":"sale","19":"taxable","20":"shipping-taxable","21":"purchasable","22":"product-type-simple"},"aioseo_notices":[],"_links":{"self":[{"href":"https:\/\/tecsecmty.com\/index.php\/wp-json\/wp\/v2\/product\/6059","targetHints":{"allow":["GET"]}}],"collection":[{"href":"https:\/\/tecsecmty.com\/index.php\/wp-json\/wp\/v2\/product"}],"about":[{"href":"https:\/\/tecsecmty.com\/index.php\/wp-json\/wp\/v2\/types\/product"}],"replies":[{"embeddable":true,"href":"https:\/\/tecsecmty.com\/index.php\/wp-json\/wp\/v2\/comments?post=6059"}],"version-history":[{"count":0,"href":"https:\/\/tecsecmty.com\/index.php\/wp-json\/wp\/v2\/product\/6059\/revisions"}],"wp:featuredmedia":[{"embeddable":true,"href":"https:\/\/tecsecmty.com\/index.php\/wp-json\/wp\/v2\/media\/6058"}],"wp:attachment":[{"href":"https:\/\/tecsecmty.com\/index.php\/wp-json\/wp\/v2\/media?parent=6059"}],"wp:term":[{"taxonomy":"product_brand","embeddable":true,"href":"https:\/\/tecsecmty.com\/index.php\/wp-json\/wp\/v2\/product_brand?post=6059"},{"taxonomy":"product_cat","embeddable":true,"href":"https:\/\/tecsecmty.com\/index.php\/wp-json\/wp\/v2\/product_cat?post=6059"},{"taxonomy":"product_tag","embeddable":true,"href":"https:\/\/tecsecmty.com\/index.php\/wp-json\/wp\/v2\/product_tag?post=6059"}],"curies":[{"name":"wp","href":"https:\/\/api.w.org\/{rel}","templated":true}]}}