{"id":6061,"date":"2023-02-23T11:46:07","date_gmt":"2023-02-23T17:46:07","guid":{"rendered":"https:\/\/tecsecmty.com\/index.php\/producto\/bosch-f_fmr7033-teclado-lcd-compatible-panel-fpd7024\/"},"modified":"2023-03-22T23:21:11","modified_gmt":"2023-03-23T05:21:11","slug":"bosch-f_fmr7033-teclado-lcd-compatible-panel-fpd7024","status":"publish","type":"product","link":"https:\/\/tecsecmty.com\/index.php\/producto\/bosch-f_fmr7033-teclado-lcd-compatible-panel-fpd7024\/","title":{"rendered":"BOSCH F_FMR7033 &#8211; Teclado LCD \/ Compatible panel FPD7024"},"content":{"rendered":"<div class=\"row aling-items-center padding-bottom-2x\">\n<div class=\"col-lg-12\">\n<h5 class=\"card-title text-center\">FMR-7033 Anunciador LCD y teclado control<\/h5>\n<p><img decoding=\"async\" class=\"overview-center-img-web\" src=\"https:\/\/tvc.mx\/media\/167598\/BANNER-OFICIAL-A.png\" alt=\"\" \/><\/p>\n<\/div>\n<\/div>\n<div class=\"row align-items-center padding-bottom-2x\">\n<div class=\"col-md-5\"><img decoding=\"async\" class=\"d-block m-auto img-thumbnail\" src=\"https:\/\/tvc.mx\/media\/83553\/FMR-7033.config5.png\" alt=\" \" \/><\/div>\n<div class=\"col-md-7 text-md-left text-center\">\n<h2>Descripci\u00f3n inicial<\/h2>\n<p class=\"ql-align-justify\"><strong>El teclado LCD FMR-7033 combina las funciones de anunciador y controlador remoto de sistemas de alarma de incendio controlados por centrales de alarma de incendio (CDI) FPD\u20117024.\u00a0<\/strong>Funciona de forma id\u00e9ntica a la interfaz de usuario integrada en la CDI. Puede conectar hasta cuatro teclados a una CDI. El teclado permite iniciar pruebas del sistema local, programar el sistema, controlar el sistema y visualizar el registro de eventos del sistema de forma remota. Proporciona acceso protegido mediante contrase\u00f1a a las funciones del sistema, lo cual permite realizar la instalaci\u00f3n en \u00e1reas abiertas al p\u00fablico en general.\u00a0<strong>La pantalla de cristal l\u00edquido (LCD) de dos l\u00edneas de 32 caracteres muestra el estado y los eventos del sistema.\u00a0<\/strong><\/p>\n<p class=\"ql-align-justify\">La l\u00ednea superior proporciona informaci\u00f3n general sobre el estado del sistema y la inferior identifica dispositivos o instrucciones espec\u00edficos. Un dispositivo de aviso ac\u00fastico interno indica la presencia de condiciones de alarma, supervisi\u00f3n y aver\u00eda e indica las pulsaciones de teclas durante los procedimientos de programaci\u00f3n y control. Cuatro LED de estado indican condiciones de supervisi\u00f3n, alarma, aver\u00eda y silenciado. Detr\u00e1s de la base de montaje hay una l\u00e1mina deslizante con las instrucciones de uso.<\/p>\n<p>&nbsp;<\/p>\n<\/div>\n<\/div>\n<hr class=\"padding-bottom-2x\" \/>\n<div class=\"row align-items-center padding-bottom-2x\">\n<div class=\"col-md-5 order-md-2\"><img decoding=\"async\" class=\"d-block m-auto img-thumbnail\" src=\"https:\/\/tvc.mx\/media\/83556\/FMR-7033.config6.png\" alt=\" \" \/><\/div>\n<div class=\"col-md-7 order-md-1 text-md-left text-center\">\n<h2>Notas de configuraci\u00f3n\/instalaci\u00f3n<\/h2>\n<p class=\"ql-align-justify\"><strong>Productos compatibles<\/strong><\/p>\n<p class=\"ql-align-justify\">El teclado es compatible con los paneles de control de alarma de incendio FPD-7024 y los anunciadores D7030X, D7030X\u2011S2 y D7030X\u2011S8.<\/p>\n<p class=\"ql-align-justify\"><strong>Montaje<\/strong><\/p>\n<p class=\"ql-align-justify\">Montaje en superficie o sobre una caja trasera cuadrada de una sola entrada o de cuatro pulgadas.<\/p>\n<p class=\"ql-align-justify\"><strong>Directrices de cableado<\/strong><\/p>\n<ul>\n<li class=\"ql-align-justify\">No comparta el cableado del teclado con el cableado de circuitos de dispositivos de notificaci\u00f3n (sirenas), telef\u00f3nicos o multiplex.<\/li>\n<li class=\"ql-align-justify\">Utilice un cable de cuatro conductores de un calibre m\u00ednimo 22 AWG (ISO 0,34 mm2 ); no utilice cable apantallado ni de par trenzado.<\/li>\n<\/ul>\n<p class=\"ql-align-justify\"><strong>Nota: Para cumplir los requisitos de NEC-NFPA-72 se necesita un cable de al menos 18 AWG (ISO 0,75 mm2 ).\u00a0<\/strong><\/p>\n<ul>\n<li class=\"ql-align-justify\"><strong>No supere los 305 m entre la central y los teclados remotos.<\/strong><\/li>\n<li class=\"ql-align-justify\"><strong>No supere los 1219 m de cableado en los teclados por sistema.<\/strong><\/li>\n<\/ul>\n<p class=\"ql-align-justify\"><strong>N\u00famero de teclados<\/strong><\/p>\n<p class=\"ql-align-justify\">No conecte m\u00e1s de cuatro teclados. Coloque hasta dos teclados a lo cargo de cualquier tendido individual de 305 m de cable de 22 AWG (ISO 0,34 mm2 ). Es posible utilizar tres teclados en cualquier tendido individual de 305 m de cable de 18 AWG (ISO 0,75 mm2 ).<\/p>\n<p class=\"ql-align-justify\"><strong>Piezas incluidas<\/strong><\/p>\n<ul>\n<li class=\"ql-align-justify\">1 Teclado LCD.<\/li>\n<li class=\"ql-align-justify\">1 Paquete de documentaci\u00f3n.<\/li>\n<\/ul>\n<p>&nbsp;<\/p>\n<\/div>\n<\/div>\n<hr class=\"padding-bottom-2x\" \/>\n<div class=\"row align-items-center padding-bottom-2x\">\n<div class=\"col-md-5\"><img decoding=\"async\" class=\"d-block m-auto img-thumbnail\" src=\"https:\/\/tvc.mx\/media\/83559\/FMR-7033.config7.png\" alt=\" \" \/><\/div>\n<div class=\"col-md-7 text-md-left text-center\">\n<h2>Caracter\u00edsticas y Especificaciones<\/h2>\n<p class=\"ql-align-justify\"><strong>Nota: FMR-7033 Anunciador LCD y teclado control Combina las funciones de anunciador y controlador remoto de sistemas de alarma de incendio controlados por una central de alarma de incendio FPD\u20117024.<\/strong><\/p>\n<p class=\"ql-align-justify\"><strong>N\u00famero de pedido: FMR-7033.<\/strong><\/p>\n<p class=\"ql-align-justify\"><strong>Principales Caracter\u00edsticas<\/strong><\/p>\n<ul>\n<li class=\"ql-align-justify\">Compatible con la CDI FPD\u20117024.<\/li>\n<li class=\"ql-align-justify\">Pantalla LCD con dos l\u00edneas de 32 caracteres alfanum\u00e9ricos.<\/li>\n<li class=\"ql-align-justify\">LED de estado identifican las condiciones de alarma, aver\u00eda, supervisi\u00f3n y silencio.<\/li>\n<li class=\"ql-align-justify\">Configuraci\u00f3n de direcciones mediante puentes.<\/li>\n<li class=\"ql-align-justify\">Control remoto de los comandos y la programaci\u00f3n del sistema.<\/li>\n<\/ul>\n<p class=\"ql-align-justify\"><strong>Especificaciones<\/strong><\/p>\n<p class=\"ql-align-justify\"><strong>Ambientales<\/strong><\/p>\n<ul>\n<li class=\"ql-align-justify\">Entorno: Interior, seco Humedad relativa: Hasta 95 %, sin condensaci\u00f3n.<\/li>\n<li class=\"ql-align-justify\">Temperatura (funcionamiento): De 0 \u00b0C a +50 \u00b0C (+32 \u00b0F a +122 \u00b0F).<\/li>\n<\/ul>\n<p class=\"ql-align-justify\"><strong>Mec\u00e1nica<\/strong><\/p>\n<ul>\n<li class=\"ql-align-justify\">Dimensiones (alto x ancho x profundidad): 12 cm \u00d7 16 cm \u00d7 3 cm (4,6&#8243; x 6,3&#8243; x 1,2&#8243;).<\/li>\n<\/ul>\n<p class=\"ql-align-justify\"><strong>Alimentaci\u00f3n (bus de opciones)<\/strong><\/p>\n<ul>\n<li class=\"ql-align-justify\">Corriente (alarma): 100 mA.<\/li>\n<li class=\"ql-align-justify\">Corriente (reposo): 80 mA.<\/li>\n<li class=\"ql-align-justify\">Tensi\u00f3n (funcionamiento): 12 VCC nominal.<\/li>\n<\/ul>\n<\/div>\n<\/div>\n","protected":false},"excerpt":{"rendered":"<p>FMR-7033 Anunciador LCD y teclado control Descripci\u00f3n inicial El teclado LCD FMR-7033 combina las funciones de anunciador y controlador remoto de sistemas de alarma de incendio controlados por centrales de alarma de incendio (CDI) FPD\u20117024.\u00a0Funciona de forma id\u00e9ntica a la interfaz de usuario integrada en&hellip;<\/p>\n","protected":false},"featured_media":6060,"comment_status":"open","ping_status":"closed","template":"","meta":{"om_disable_all_campaigns":false,"_monsterinsights_skip_tracking":false,"_monsterinsights_sitenote_active":false,"_monsterinsights_sitenote_note":"","_monsterinsights_sitenote_category":0},"product_brand":[],"product_cat":[507],"product_tag":[495,497,498,499,500,501,496,502],"class_list":{"0":"post-6061","1":"product","2":"type-product","3":"status-publish","4":"has-post-thumbnail","6":"product_cat-teclados-bosch-incendio-2","7":"product_tag-control-de-incendio","8":"product_tag-detectores","9":"product_tag-estacion-manual","10":"product_tag-estrobos-y-sirenas","11":"product_tag-modulos","12":"product_tag-paneles-de-control","13":"product_tag-sistemas-de-incendio","14":"product_tag-teclados","16":"first","17":"instock","18":"sale","19":"taxable","20":"shipping-taxable","21":"purchasable","22":"product-type-simple"},"aioseo_notices":[],"_links":{"self":[{"href":"https:\/\/tecsecmty.com\/index.php\/wp-json\/wp\/v2\/product\/6061","targetHints":{"allow":["GET"]}}],"collection":[{"href":"https:\/\/tecsecmty.com\/index.php\/wp-json\/wp\/v2\/product"}],"about":[{"href":"https:\/\/tecsecmty.com\/index.php\/wp-json\/wp\/v2\/types\/product"}],"replies":[{"embeddable":true,"href":"https:\/\/tecsecmty.com\/index.php\/wp-json\/wp\/v2\/comments?post=6061"}],"version-history":[{"count":0,"href":"https:\/\/tecsecmty.com\/index.php\/wp-json\/wp\/v2\/product\/6061\/revisions"}],"wp:featuredmedia":[{"embeddable":true,"href":"https:\/\/tecsecmty.com\/index.php\/wp-json\/wp\/v2\/media\/6060"}],"wp:attachment":[{"href":"https:\/\/tecsecmty.com\/index.php\/wp-json\/wp\/v2\/media?parent=6061"}],"wp:term":[{"taxonomy":"product_brand","embeddable":true,"href":"https:\/\/tecsecmty.com\/index.php\/wp-json\/wp\/v2\/product_brand?post=6061"},{"taxonomy":"product_cat","embeddable":true,"href":"https:\/\/tecsecmty.com\/index.php\/wp-json\/wp\/v2\/product_cat?post=6061"},{"taxonomy":"product_tag","embeddable":true,"href":"https:\/\/tecsecmty.com\/index.php\/wp-json\/wp\/v2\/product_tag?post=6061"}],"curies":[{"name":"wp","href":"https:\/\/api.w.org\/{rel}","templated":true}]}}