{"id":6069,"date":"2023-02-23T11:46:17","date_gmt":"2023-02-23T17:46:17","guid":{"rendered":"https:\/\/tecsecmty.com\/index.php\/producto\/bosch-i_b926f-teclado-con-conexion-sdi2-compatible-incendio-alfanumerico\/"},"modified":"2023-03-22T23:21:20","modified_gmt":"2023-03-23T05:21:20","slug":"bosch-i_b926f-teclado-con-conexion-sdi2-compatible-incendio-alfanumerico","status":"publish","type":"product","link":"https:\/\/tecsecmty.com\/index.php\/producto\/bosch-i_b926f-teclado-con-conexion-sdi2-compatible-incendio-alfanumerico\/","title":{"rendered":"BOSCH I_B926F &#8211; Teclado con conexion SDI2 \/ Compatible incendio \/ Alfanumerico"},"content":{"rendered":"<div class=\"col-md-5\"><img decoding=\"async\" class=\"d-block m-auto img-thumbnail\" src=\"https:\/\/tvc.mx\/media\/75540\/B925Fconfig5.png\" alt=\" \" \/><\/div>\n<div class=\"col-md-7 text-md-left text-center\">\n<h2>Resumen del sistema<\/h2>\n<p class=\"ql-align-justify\">El teclado de incendio B926F es un dispositivo SDI2 totalmente supervisado para aplicaciones de incendio. Todos los teclados disponen de teclas retroiluminadas configurables por el usuario, una pantalla que muestra mensajes del sistema y un zumbador. El zumbador emite tonos distintos seg\u00fan condici\u00f3n para alertar de una alarma de incendio o un problema de incendio, o cuando se producen eventos de supervisi\u00f3n de incendios. El teclado incluye indicadores de estado de incendios y teclas de funci\u00f3n de incendios.<\/p>\n<\/div>\n<p>&nbsp;<\/p>\n<p>&nbsp;<\/p>\n<hr class=\"padding-bottom-2x\" \/>\n<div class=\"row align-items-center padding-bottom-2x\">\n<div class=\"col-md-7 order-md-1 text-md-left text-center\">\n<h2 style=\"text-align: left\"><img decoding=\"async\" class=\"d-block m-auto img-thumbnail alignright\" style=\"letter-spacing: -0.02em;line-height: 1.42857;font-size: 18px;font-weight: 300\" src=\"https:\/\/tvc.mx\/media\/75543\/B925Fconfig8.png\" alt=\" \" \/>Funciones b\u00e1sicas<\/h2>\n<p class=\"ql-align-justify\" style=\"text-align: left\"><strong>Pantalla LCD<\/strong><\/p>\n<p class=\"ql-align-justify\" style=\"text-align: left\">El teclado utiliza s\u00edmbolos, n\u00fameros y palabras para mostrar el estado del sistema de seguridad. Cuando se produce m\u00e1s de un evento, el teclado muestra cada evento por orden de prioridad.<\/p>\n<p class=\"ql-align-justify\" style=\"text-align: left\"><strong>Teclas<\/strong><\/p>\n<p class=\"ql-align-justify\" style=\"text-align: left\">Todos los teclados tienen 10 teclas num\u00e9ricas y 5 teclas de navegaci\u00f3n. Al pulsarlas, las teclas encienden la retroiluminaci\u00f3n del teclado y emiten el tono de pulsaci\u00f3n (pitido corto). El teclado tiene 4 teclas de funci\u00f3n de incendio:<\/p>\n<ul style=\"text-align: left\">\n<li class=\"ql-align-justify\">ACK. P\u00falsela para confirmar la condici\u00f3n de alarma o de problema del sistema.<\/li>\n<li class=\"ql-align-justify\">SILENCE. P\u00falsela para silenciar las alarmas o los problemas de incendio.<\/li>\n<li class=\"ql-align-justify\">RESET. P\u00falsela para restablecer dispositivos, como detectores de humo, y liberar puntos restaurados.<\/li>\n<li class=\"ql-align-justify\">DRILL. Mant\u00e9ngalo pulsado para iniciar un simulacro de incendio.<\/li>\n<\/ul>\n<p class=\"ql-align-justify\" style=\"text-align: left\"><strong>Tonos audibles<\/strong><\/p>\n<p class=\"ql-align-justify\" style=\"text-align: left\">El teclado tiene un zumbador incorporado que genera varios tonos de advertencia distintos. Los tonos son distintos para que el usuario pueda reconocer un evento con tan solo escuchar el tono asociado. Indicadores de estado Los indicadores de estado del teclado proporcionan una referencia visual r\u00e1pida del estado del sistema.<\/p>\n<\/div>\n<\/div>\n<p>&nbsp;<\/p>\n<p>&nbsp;<\/p>\n<h2>Caracter\u00edsticas y Especificaciones<\/h2>\n<p><strong>Nota: B926F Teclado de incendio, SDI2<\/strong><\/p>\n<p><strong>Teclado alfanum\u00e9rico de dos l\u00edneas para incendio.<\/strong><\/p>\n<p><strong>N\u00famero de pedido: B926F<\/strong><\/p>\n<p><strong>Piezas incluidas<\/strong><\/p>\n<p><strong>Cantidad Componente:<\/strong><\/p>\n<ul>\n<li>1 Teclado.<\/li>\n<li>1 Paquete de hardware.<\/li>\n<li>1 Manual de instalaci\u00f3n.<\/li>\n<li>1 Gu\u00eda de referencia r\u00e1pida del usuario<\/li>\n<\/ul>\n<p><strong>Especificaciones<\/strong><\/p>\n<p><strong>Requisitos de alimentaci\u00f3n<\/strong><\/p>\n<ul>\n<li>Corriente En reposo: 35 mA Alarma: 70 mA.<\/li>\n<li>Tensi\u00f3n (entrada): De 12 VCC nominales.<\/li>\n<li>Dimensiones: De 158 mm x 120 mm x 26 mm (6.2 in x 4.7 in x 1 in).<\/li>\n<li>Peso: De 0,32 kg (11,3 onzas).<\/li>\n<li>Material Acrilonitrilo butadieno estireno (ABS) Polimetilmetacrilato (PMMA).<\/li>\n<li>Ventana de visualizaci\u00f3n: Pantalla de 2 l\u00edneas 18 caracteres por l\u00ednea Indicadores.<img decoding=\"async\" class=\"alignright\" src=\"https:\/\/tvc.mx\/media\/75558\/B925Fconfig7.png\" alt=\" \" \/><\/li>\n<li>Teclas iluminadas: Indicadores de estado.<\/li>\n<li>Tonos de advertencia e indicaci\u00f3n.<\/li>\n<\/ul>\n<p><strong>Cableado<\/strong><\/p>\n<ul>\n<li>Tama\u00f1o del cable del terminal: De 1.02 mm (18 AWG) a 0.65 mm (22 AWG).<\/li>\n<li>Cableado SDI2.<\/li>\n<li>Distancia m\u00e1xima: tama\u00f1o del cable: 260 m (850 pies) &#8211; 0.65 mm (22 AWG) 305 m (1000 ft) &#8211; 1.02 mm (18 AWG).<\/li>\n<\/ul>\n<p><strong>Consideraciones ambientales<\/strong><\/p>\n<ul>\n<li>Humedad relativa: De 5% a 93% a +32\u00b0C (+90\u00b0F).<\/li>\n<li>Temperatura (en funcionamiento): De 0\u00b0C a +49\u00b0C (de +32\u00b0F a +120\u00b0F).<\/li>\n<\/ul>\n<p>&nbsp;<\/p>\n<p>&nbsp;<\/p>\n<p>&nbsp;<\/p>\n","protected":false},"excerpt":{"rendered":"<p>Resumen del sistema El teclado de incendio B926F es un dispositivo SDI2 totalmente supervisado para aplicaciones de incendio. Todos los teclados disponen de teclas retroiluminadas configurables por el usuario, una pantalla que muestra mensajes del sistema y un zumbador. El zumbador emite tonos distintos seg\u00fan&hellip;<\/p>\n","protected":false},"featured_media":6068,"comment_status":"open","ping_status":"closed","template":"","meta":{"om_disable_all_campaigns":false,"_monsterinsights_skip_tracking":false,"_monsterinsights_sitenote_active":false,"_monsterinsights_sitenote_note":"","_monsterinsights_sitenote_category":0},"product_brand":[],"product_cat":[507],"product_tag":[495,497,498,499,500,501,496,502],"class_list":{"0":"post-6069","1":"product","2":"type-product","3":"status-publish","4":"has-post-thumbnail","6":"product_cat-teclados-bosch-incendio-2","7":"product_tag-control-de-incendio","8":"product_tag-detectores","9":"product_tag-estacion-manual","10":"product_tag-estrobos-y-sirenas","11":"product_tag-modulos","12":"product_tag-paneles-de-control","13":"product_tag-sistemas-de-incendio","14":"product_tag-teclados","16":"first","17":"instock","18":"sale","19":"taxable","20":"shipping-taxable","21":"purchasable","22":"product-type-simple"},"aioseo_notices":[],"_links":{"self":[{"href":"https:\/\/tecsecmty.com\/index.php\/wp-json\/wp\/v2\/product\/6069","targetHints":{"allow":["GET"]}}],"collection":[{"href":"https:\/\/tecsecmty.com\/index.php\/wp-json\/wp\/v2\/product"}],"about":[{"href":"https:\/\/tecsecmty.com\/index.php\/wp-json\/wp\/v2\/types\/product"}],"replies":[{"embeddable":true,"href":"https:\/\/tecsecmty.com\/index.php\/wp-json\/wp\/v2\/comments?post=6069"}],"version-history":[{"count":0,"href":"https:\/\/tecsecmty.com\/index.php\/wp-json\/wp\/v2\/product\/6069\/revisions"}],"wp:featuredmedia":[{"embeddable":true,"href":"https:\/\/tecsecmty.com\/index.php\/wp-json\/wp\/v2\/media\/6068"}],"wp:attachment":[{"href":"https:\/\/tecsecmty.com\/index.php\/wp-json\/wp\/v2\/media?parent=6069"}],"wp:term":[{"taxonomy":"product_brand","embeddable":true,"href":"https:\/\/tecsecmty.com\/index.php\/wp-json\/wp\/v2\/product_brand?post=6069"},{"taxonomy":"product_cat","embeddable":true,"href":"https:\/\/tecsecmty.com\/index.php\/wp-json\/wp\/v2\/product_cat?post=6069"},{"taxonomy":"product_tag","embeddable":true,"href":"https:\/\/tecsecmty.com\/index.php\/wp-json\/wp\/v2\/product_tag?post=6069"}],"curies":[{"name":"wp","href":"https:\/\/api.w.org\/{rel}","templated":true}]}}