{"id":6094,"date":"2023-02-23T11:58:25","date_gmt":"2023-02-23T17:58:25","guid":{"rendered":"https:\/\/tecsecmty.com\/index.php\/producto\/bosch-m_evidc42-altavoz-de-techo-4-perfil-bajo-en-color-blanco-70-o-100-v-50w-selector-de-derivacion-watts-6-9-pulgadas-de-profundidad\/"},"modified":"2023-03-22T23:21:26","modified_gmt":"2023-03-23T05:21:26","slug":"bosch-m_evidc42-altavoz-de-techo-4-perfil-bajo-en-color-blanco-70-o-100-v-50w-selector-de-derivacion-watts-6-9-pulgadas-de-profundidad","status":"publish","type":"product","link":"https:\/\/tecsecmty.com\/index.php\/producto\/bosch-m_evidc42-altavoz-de-techo-4-perfil-bajo-en-color-blanco-70-o-100-v-50w-selector-de-derivacion-watts-6-9-pulgadas-de-profundidad\/","title":{"rendered":"BOSCH M_EVIDC42- Altavoz de techo 4&#8243; perfil bajo en color blanco\/ 70 o 100 V\/ 50W\/ Selector de derivaci\u00f3n Watts\/ 6.9 pulgadas de profundidad"},"content":{"rendered":"<h5 class=\"card-title text-center\">Altavoces Electro-Voice\u00ae EVID C4.2<\/h5>\n<p class=\"ql-align-justify\"><strong>El sistema de altavoces Electro-Voice\u00ae EVID C4.2 es un Paquete completo de altavoces de techo de dos v\u00edas.<\/strong>\u00a0El paquete consiste en un ensamblaje de bisel, rejilla, caja trasera, cable coaxial de 4 pulgadas, Altavoz bidireccional y transformador interno de alineaci\u00f3n de l\u00edneas.<\/p>\n<p class=\"ql-align-justify\">El altavoz tiene una c\u00fapula recubierta de titanio con gu\u00eda de onda tweeter, el altavoz EVID C4.2 utiliza un segundo orden Red de cruce a 3.3 kHz, con una protecci\u00f3n integral de circuito para proteger los controladores de red, woofer y tweeter de niveles excesivos de potencia. El C4.2 utiliza un transformador que ofrece una selecci\u00f3n de 1.88 (70-V solamente), 3.75, 7.5, 15 o 30 vatios entregado al sistema de altavoces usando l\u00edneas de 70-V o 100-V, o bypass de 8 ohmios. La selecci\u00f3n es a trav\u00e9s de un c\u00f3modo interruptor en<\/p>\n<p class=\"ql-align-justify\">El deflector delantero,es una rejilla perforada est\u00e1 acabada en semibrillante con esmalte blanco recubierto de polvo. El deflector y el bisel son construido a partir de UL 94V-0 ABS clasificado. El recinto trasero es construido a partir de acero galvanizado de gran espesor. Hay cajas, con material de amortiguaci\u00f3n de fibra de vidrio, proporciona un \u00f3ptimo volumen interno para un rendimiento extendido de baja frecuencia. Un trasero cubierta, con provisiones para una conexi\u00f3n de caja de empalme, proporciona acceso a un bloque de terminales de 4 pines que permite la conexi\u00f3n directa a la altavoz con cable de calibre 12 y proporciona pasar a trav\u00e9s de altavoces adicionales. Se incluye un puente de azulejos para una suspensi\u00f3n segura de los sistemas de techo C4.2 en un techo abatible, u otras tejas de techo a base de fibra. La l\u00ednea de techo EVID, estos altavoces han sido dise\u00f1ados para trabajar juntos como un completo sistema en una amplia gama de diferentes construcciones de techos. Ellos proporciona una amplia dispersi\u00f3n, alta eficiencia, alto rendimiento m\u00e1ximo, facilidad de instalaci\u00f3n y reproducci\u00f3n de m\u00fasica de gran alcance o voz.<\/p>\n<p class=\"ql-align-justify\"><strong>El sistema de altavoces EVID C4.2 debe estar compuesto por un UL 94V-0, ensamblaje de deflector \/ bisel ABS con clasificaci\u00f3n ign\u00edfuga<\/strong>, carcasa trasera de acero cincado, rejilla con recubrimiento de polvo con correa de seguridad, transformador con bypass de 8 ohmios y transductor de baja frecuencia de polipropileno de 4 pulgadas con recubierto de\u00a0 titanio recubierto con gu\u00eda de onda de montaje coaxial. El altavoz debe cumplir con los siguientes criterios:<\/p>\n<ul>\n<li class=\"ql-align-justify\">La potencia nominal debe ser 80 Vatios del ruido rosa EIA RS-426A (factor de cresta de 6 dB).<\/li>\n<li class=\"ql-align-justify\">Respuesta frecuente, Uniforme de 65 Hz a 20 Hz.<\/li>\n<li class=\"ql-align-justify\">Sensibilidad a la presi\u00f3n, 86 dB SPL a 1 metro o (3.3 pies) en el eje con un vatio de ruido rosa (ref. 20\u00b5Pa).<\/li>\n<li class=\"ql-align-justify\">M\u00ednimo impedancia, 6,0 ohmios.<\/li>\n<li class=\"ql-align-justify\">El altavoz debe ser de 181 mm (7.1 pulg.)<\/li>\n<li class=\"ql-align-justify\">En Di\u00e1metro y 176 mm (6.9 in.) de profundidad.<\/li>\n<li class=\"ql-align-justify\">El peso ser\u00e1 de 2,7 kg. (6.0 lb)<\/li>\n<li class=\"ql-align-justify\">El altavoz coaxial de techo ser\u00e1 el modelo EVID de Electro-Voice\u00ae C4.2.<\/li>\n<\/ul>\n<p class=\"ql-align-justify\"><strong>Nota: Electro-Voice\u00ae EVID C4.2<\/strong><\/p>\n<p class=\"ql-align-justify\"><strong>Es un Paquete completo de altavoces de techo de dos v\u00edas, este consiste en un ensamblaje de bisel, rejilla, caja trasera, cable coaxial de 4 pulgadas, Altavoz bidireccional y transformador interno de alineaci\u00f3n de l\u00edneas.<\/strong><\/p>\n<p class=\"ql-align-justify\"><strong>Numero de pedido: EVID C4.2<\/strong><\/p>\n<p class=\"ql-align-justify\"><strong>Principales caracter\u00edsticas<\/strong><\/p>\n<ul>\n<li class=\"ql-align-justify\">4 \u00abcoaxial bidireccional.<\/li>\n<li class=\"ql-align-justify\">Tweeter de Ti acoplado de gu\u00eda de onda.<\/li>\n<li class=\"ql-align-justify\">Protecci\u00f3n total contra sobrecarga de ancho de banda.<\/li>\n<li class=\"ql-align-justify\">Ajuste del grifo del vatiaje del deflector delantero.<\/li>\n<li class=\"ql-align-justify\">Transformador de baja p\u00e9rdida integrado permite tanto para 70v \/ 100v como para 8 ohmios operaci\u00f3n.<\/li>\n<li class=\"ql-align-justify\">Incluye puente de baldosas y anillo de montaje para f\u00e1cil instalaci\u00f3n.<\/li>\n<li class=\"ql-align-justify\">Gabinete con puerto integrado para extendido respuesta de bajos.<\/li>\n<\/ul>\n<p class=\"ql-align-justify\"><strong>Especificaciones<\/strong><\/p>\n<ul>\n<li class=\"ql-align-justify\">F z req. Rango (-10 dB): 65 Hz &#8211; 20 kH<\/li>\n<li class=\"ql-align-justify\">Sobre calentamiento (c\u00f3nico): 130 C\u00b0.<\/li>\n<li class=\"ql-align-justify\">Manipulaci\u00f3n de la manivela: 80 W Cont. \/ 320 W Pea.<\/li>\n<li class=\"ql-align-justify\">Entidad S B (SPL 1W \/ 1m): 86 d<\/li>\n<li class=\"ql-align-justify\">Hacha M B SPL calculada: 110 d<\/li>\n<li class=\"ql-align-justify\">Impedancia: 8 ohmios nominal (derivaci\u00f3n del transformador<\/li>\n<li class=\"ql-align-justify\">Network: Red y transductores protegidos de 12 dB \/ oct 3.3 kHz<\/li>\n<li class=\"ql-align-justify\">Transductor LF: 4 pulg. (100 mm) Polipropileno con<\/li>\n<li class=\"ql-align-justify\">Transductor HF: .75 in (19 mm) laminado Ti Mylar<\/li>\n<li class=\"ql-align-justify\">Transformer Taps: 70V: 1.88, 3.75, 7.5, 15 o 30 100V: 3.75, 7.5, 15 o 30W.<\/li>\n<li class=\"ql-align-justify\">Bypass: 8 ohmios<\/li>\n<li class=\"ql-align-justify\">Conectores: tipo Phoenix desmontables, con pantalla Terminales y \u00abloop-thru\u00bb, acepta cableado de Cal. 12.<\/li>\n<li class=\"ql-align-justify\">Enclosure Material: Deflector &#8211; Clasificaci\u00f3n UL 94V-O AB<\/li>\n<li class=\"ql-align-justify\">Backcan &#8211; Acero zincado<\/li>\n<li class=\"ql-align-justify\">Grille: acero perforado con recubrimiento de polvo perforado<\/li>\n<li class=\"ql-align-justify\">correa de seguridad<\/li>\n<li class=\"ql-align-justify\">Support Hardware: Puente de azulejo, soporte de placa de respaldo plantilla de recorte, escudo de pintura<\/li>\n<li class=\"ql-align-justify\">Dimenciones (H x Dia.): 6.9&#8243; x 7.1 (176mm x 181mm) tama\u00f1o de salida: 7.25 \u00ab(184 mm)\u00a0y peso (cada uno): 6.0 libras (2.7 kg).<\/li>\n<\/ul>\n<p><img fetchpriority=\"high\" decoding=\"async\" class=\"alignnone size-full wp-image-10184\" src=\"https:\/\/tecsecmty.com\/wp-content\/uploads\/2023\/02\/20.png\" alt=\"\" width=\"1920\" height=\"400\" \/><\/p>\n","protected":false},"excerpt":{"rendered":"<p>Altavoces Electro-Voice\u00ae EVID C4.2 El sistema de altavoces Electro-Voice\u00ae EVID C4.2 es un Paquete completo de altavoces de techo de dos v\u00edas.\u00a0El paquete consiste en un ensamblaje de bisel, rejilla, caja trasera, cable coaxial de 4 pulgadas, Altavoz bidireccional y transformador interno de alineaci\u00f3n de&hellip;<\/p>\n","protected":false},"featured_media":6093,"comment_status":"open","ping_status":"closed","template":"","meta":{"om_disable_all_campaigns":false,"_monsterinsights_skip_tracking":false,"_monsterinsights_sitenote_active":false,"_monsterinsights_sitenote_note":"","_monsterinsights_sitenote_category":0},"product_brand":[],"product_cat":[525],"product_tag":[513,514,511,516,519,517,520,515,181,518,512],"class_list":{"0":"post-6094","1":"product","2":"type-product","3":"status-publish","4":"has-post-thumbnail","6":"product_cat-altavoces","7":"product_tag-altavoces","8":"product_tag-amplificadores","9":"product_tag-audio-y-video","10":"product_tag-audioporteros","11":"product_tag-digital-signage","12":"product_tag-intercomunicadores","13":"product_tag-kits-videoporteros","14":"product_tag-mezcladoras","15":"product_tag-microfonos","16":"product_tag-sistemas-de-enfermeria","17":"product_tag-videoporteros","19":"first","20":"instock","21":"sale","22":"taxable","23":"shipping-taxable","24":"purchasable","25":"product-type-simple"},"aioseo_notices":[],"_links":{"self":[{"href":"https:\/\/tecsecmty.com\/index.php\/wp-json\/wp\/v2\/product\/6094","targetHints":{"allow":["GET"]}}],"collection":[{"href":"https:\/\/tecsecmty.com\/index.php\/wp-json\/wp\/v2\/product"}],"about":[{"href":"https:\/\/tecsecmty.com\/index.php\/wp-json\/wp\/v2\/types\/product"}],"replies":[{"embeddable":true,"href":"https:\/\/tecsecmty.com\/index.php\/wp-json\/wp\/v2\/comments?post=6094"}],"version-history":[{"count":0,"href":"https:\/\/tecsecmty.com\/index.php\/wp-json\/wp\/v2\/product\/6094\/revisions"}],"wp:featuredmedia":[{"embeddable":true,"href":"https:\/\/tecsecmty.com\/index.php\/wp-json\/wp\/v2\/media\/6093"}],"wp:attachment":[{"href":"https:\/\/tecsecmty.com\/index.php\/wp-json\/wp\/v2\/media?parent=6094"}],"wp:term":[{"taxonomy":"product_brand","embeddable":true,"href":"https:\/\/tecsecmty.com\/index.php\/wp-json\/wp\/v2\/product_brand?post=6094"},{"taxonomy":"product_cat","embeddable":true,"href":"https:\/\/tecsecmty.com\/index.php\/wp-json\/wp\/v2\/product_cat?post=6094"},{"taxonomy":"product_tag","embeddable":true,"href":"https:\/\/tecsecmty.com\/index.php\/wp-json\/wp\/v2\/product_tag?post=6094"}],"curies":[{"name":"wp","href":"https:\/\/api.w.org\/{rel}","templated":true}]}}