{"id":6098,"date":"2023-02-23T11:58:30","date_gmt":"2023-02-23T17:58:30","guid":{"rendered":"https:\/\/tecsecmty.com\/index.php\/producto\/bosch-m_evidc62-altavoces-de-techo-6-5-color-blanco-70-o-100v-75w-selector-de-derivacion-watts-7-pulgadas-de-profundidad\/"},"modified":"2023-03-22T23:21:27","modified_gmt":"2023-03-23T05:21:27","slug":"bosch-m_evidc62-altavoces-de-techo-6-5-color-blanco-70-o-100v-75w-selector-de-derivacion-watts-7-pulgadas-de-profundidad","status":"publish","type":"product","link":"https:\/\/tecsecmty.com\/index.php\/producto\/bosch-m_evidc62-altavoces-de-techo-6-5-color-blanco-70-o-100v-75w-selector-de-derivacion-watts-7-pulgadas-de-profundidad\/","title":{"rendered":"BOSCH M_EVIDC62- Altavoces de techo 6.5&#8243; color blanco\/70 o 100V\/ 75W\/ Selector de derivaci\u00f3n Watts\/ 7 pulgadas de profundidad"},"content":{"rendered":"<h5 class=\"card-title text-center\">Descripci\u00f3n inicial<\/h5>\n<p>Protecci\u00f3n de sobrecarga de ancho de banda completo<\/p>\n<p>\u25aa Ajuste del grifo del vataje del deflector frontal<\/p>\n<p>\u25aa Incluye puente de azulejos y anillo de montaje para facilitar instalaci\u00f3n<\/p>\n<p>\u25aa Certificaci\u00f3n UL1480A y CSA 22.2 205<\/p>\n<p>&nbsp;<\/p>\n<p><img fetchpriority=\"high\" decoding=\"async\" class=\"alignnone size-full wp-image-10184\" src=\"https:\/\/tecsecmty.com\/wp-content\/uploads\/2023\/02\/20.png\" alt=\"\" width=\"1920\" height=\"400\" \/><\/p>\n<p>&nbsp;<\/p>\n<h2>Caracter\u00edsticas y Especificaciones<\/h2>\n<p class=\"text-muted\">\n<p>El sistema de altavoces Electro-Voice EVID-C6.2 es un<\/p>\n<p>Altavoz de techo bidireccional completo. El paquete<\/p>\n<p>consta de un conjunto de bisel, rejilla, carcasa trasera,<\/p>\n<p>Altavoz coaxial de dos v\u00edas de 6.5 pulgadas y transformador interno de emparejamiento de l\u00ednea. El altavoz cuenta con un<\/p>\n<p>tweeter de c\u00fapula recubierto de titanio acoplado a gu\u00eda de ondas. La<\/p>\n<p>El altavoz EVID-C6.2 utiliza un crossover de segundo orden<\/p>\n<p>rojo a 2,5 kHz, con una protecci\u00f3n integral<\/p>\n<p>circuito para proteger la red, el woofer y el tweeter<\/p>\n<p>controladores de niveles de potencia excesivos. El EVID-C6.2<img decoding=\"async\" class=\"alignright\" src=\"https:\/\/tecsecmty.com\/wp-content\/uploads\/2023\/02\/EVIDC62-300x300.png\" \/><\/p>\n<p>utiliza un transformador que ofrece una selecci\u00f3n de 1,88<\/p>\n<p>(Solo 70 V), 3,75, 7,5, 15 W o 30 vatios entregados al<\/p>\n<p>sistema de altavoces que utiliza l\u00edneas de 70 V o 100 V, o<\/p>\n<p>Bypass de 8 ohmios. La selecci\u00f3n se realiza mediante un c\u00f3modo interruptor de encendido<\/p>\n<p>el deflector delantero. La rejilla perforada est\u00e1 acabada en<\/p>\n<p>Esmalte blanco semibrillante con recubrimiento de polvo. El deflector<\/p>\n<p>y el bisel est\u00e1n construidos con ABS con clasificaci\u00f3n UL 94V-0.<\/p>\n<p>La carcasa trasera est\u00e1 construida de zinc,<\/p>\n<p>acero de gran calibre. El gabinete de bajo perfil lo hace<\/p>\n<p>f\u00e1cil de montar en espacios muy reducidos. Una tapa trasera, con<\/p>\n<p>provisiones para una caja de conexiones, proporciona acceso a<\/p>\n<p>un bloque de terminales de 4 pines que permite la conexi\u00f3n directa a<\/p>\n<p>el altavoz con cable de calibre 12 y proporciona paso<\/p>\n<p>a trav\u00e9s de altavoces adicionales. Un puente de tejas es<\/p>\n<p>incluido para la suspensi\u00f3n segura del techo EVID-C6.2<\/p>\n<p>sistemas en un falso techo que utiliza lana mineral, o<\/p>\n<p>otras placas de techo a base de fibra. La l\u00ednea EVID de techo<\/p>\n<p>altavoces ha sido dise\u00f1ado para trabajar juntos como un<\/p>\n<p>sistema completo en una amplia gama de techos diferentes<\/p>\n<p>construcciones. Proporcionan una amplia dispersi\u00f3n, alta eficiencia, alto rendimiento m\u00e1ximo, facilidad de instalaci\u00f3n,<\/p>\n<p class=\"ql-align-justify\">y reproducci\u00f3n de m\u00fasica o voz de amplio espectro.<\/p>\n","protected":false},"excerpt":{"rendered":"<p>Descripci\u00f3n inicial Protecci\u00f3n de sobrecarga de ancho de banda completo \u25aa Ajuste del grifo del vataje del deflector frontal \u25aa Incluye puente de azulejos y anillo de montaje para facilitar instalaci\u00f3n \u25aa Certificaci\u00f3n UL1480A y CSA 22.2 205 &nbsp; &nbsp; Caracter\u00edsticas y Especificaciones El sistema&hellip;<\/p>\n","protected":false},"featured_media":6097,"comment_status":"open","ping_status":"closed","template":"","meta":{"om_disable_all_campaigns":false,"_monsterinsights_skip_tracking":false,"_monsterinsights_sitenote_active":false,"_monsterinsights_sitenote_note":"","_monsterinsights_sitenote_category":0},"product_brand":[],"product_cat":[525],"product_tag":[513,514,511,516,519,517,520,515,181,518,512],"class_list":{"0":"post-6098","1":"product","2":"type-product","3":"status-publish","4":"has-post-thumbnail","6":"product_cat-altavoces","7":"product_tag-altavoces","8":"product_tag-amplificadores","9":"product_tag-audio-y-video","10":"product_tag-audioporteros","11":"product_tag-digital-signage","12":"product_tag-intercomunicadores","13":"product_tag-kits-videoporteros","14":"product_tag-mezcladoras","15":"product_tag-microfonos","16":"product_tag-sistemas-de-enfermeria","17":"product_tag-videoporteros","19":"first","20":"instock","21":"sale","22":"taxable","23":"shipping-taxable","24":"purchasable","25":"product-type-simple"},"aioseo_notices":[],"_links":{"self":[{"href":"https:\/\/tecsecmty.com\/index.php\/wp-json\/wp\/v2\/product\/6098","targetHints":{"allow":["GET"]}}],"collection":[{"href":"https:\/\/tecsecmty.com\/index.php\/wp-json\/wp\/v2\/product"}],"about":[{"href":"https:\/\/tecsecmty.com\/index.php\/wp-json\/wp\/v2\/types\/product"}],"replies":[{"embeddable":true,"href":"https:\/\/tecsecmty.com\/index.php\/wp-json\/wp\/v2\/comments?post=6098"}],"version-history":[{"count":0,"href":"https:\/\/tecsecmty.com\/index.php\/wp-json\/wp\/v2\/product\/6098\/revisions"}],"wp:featuredmedia":[{"embeddable":true,"href":"https:\/\/tecsecmty.com\/index.php\/wp-json\/wp\/v2\/media\/6097"}],"wp:attachment":[{"href":"https:\/\/tecsecmty.com\/index.php\/wp-json\/wp\/v2\/media?parent=6098"}],"wp:term":[{"taxonomy":"product_brand","embeddable":true,"href":"https:\/\/tecsecmty.com\/index.php\/wp-json\/wp\/v2\/product_brand?post=6098"},{"taxonomy":"product_cat","embeddable":true,"href":"https:\/\/tecsecmty.com\/index.php\/wp-json\/wp\/v2\/product_cat?post=6098"},{"taxonomy":"product_tag","embeddable":true,"href":"https:\/\/tecsecmty.com\/index.php\/wp-json\/wp\/v2\/product_tag?post=6098"}],"curies":[{"name":"wp","href":"https:\/\/api.w.org\/{rel}","templated":true}]}}