{"id":6104,"date":"2023-02-23T11:58:36","date_gmt":"2023-02-23T17:58:36","guid":{"rendered":"https:\/\/tecsecmty.com\/index.php\/producto\/bosch-m_evids52t-par-de-altavoces-de-pared-30w-ip54-70-y-100v\/"},"modified":"2023-03-22T23:21:27","modified_gmt":"2023-03-23T05:21:27","slug":"bosch-m_evids52t-par-de-altavoces-de-pared-30w-ip54-70-y-100v","status":"publish","type":"product","link":"https:\/\/tecsecmty.com\/index.php\/producto\/bosch-m_evids52t-par-de-altavoces-de-pared-30w-ip54-70-y-100v\/","title":{"rendered":"BOSCH M_EVIDS52T- PAR DE ALTAVOCES DE PARED\/ 30W\/ IP54\/ 70 Y 100V"},"content":{"rendered":"<h5 class=\"card-title text-center\">EVID-S5.2TB Altavoz 5 \u00abgabinete 70 \/ 100V par negro<\/h5>\n<p class=\"ql-align-justify\"><strong>El EVID-S5.2T de Electro-Voice es un altavoz de montaje en superficie de 5.25 \u00ab(133 mm) de alto rendimiento, bidireccional y rango completo con excelente cobertura amplia y uniforme, y un rendimiento excepcional.<\/strong>\u00a0Est\u00e1 dise\u00f1ado para m\u00fasica de fondo y primer plano. , paginaci\u00f3n y refuerzo de sonido, y es ideal para una amplia variedad de aplicaciones interiores y exteriores, como restaurantes, bares, patios, tiendas, gimnasios, hosteler\u00eda, parques tem\u00e1ticos, lugares de ocio y otros.<\/p>\n<p class=\"ql-align-justify\"><strong>Con una facilidad de instalaci\u00f3n sin igual, resistencia a la intemperie resistente, aspecto moderno y delicado, y sus opciones de montaje flexibles,<\/strong>\u00a0el EVID-S5.2T es la soluci\u00f3n perfecta para una amplia variedad de aplicaciones de montaje en superficie.<\/p>\n<p class=\"ql-align-justify\">El EVID-S5.2T incluye el sistema de montaje \u00fanico e innovador, de Electro-Voice, que hace que cada instalaci\u00f3n sea r\u00e1pida, simple y confiable.\u00a0El sistema de montaje permite 90 grados de rotaci\u00f3n horizontal y 45 grados de rotaci\u00f3n vertical, y se puede instalar f\u00e1cilmente en paredes y techos.\u00a0El sistema de montaje ya viene ensamblado y listo para usarse, listo para facilitar cualquier trabajo.<\/p>\n<p class=\"ql-align-justify\"><strong>El EVID-S5.2T utiliza un transformador de 30 W, que ofrece una selecci\u00f3n de 3,7 W (solo 70 V), 7,5 W, 15 W o 30 W suministrados al sistema de altavoces utilizando l\u00edneas de 70 V o 100 V, u 8 \u03a9 bypass para l\u00edneas de baja impedancia.<\/strong>\u00a0La selecci\u00f3n se realiza con un interruptor conveniente en el panel de entrada ubicado en la parte posterior del altavoz.<\/p>\n<p class=\"ql-align-justify\">El EVID-S5.2T ha sido cuidadosamente dise\u00f1ado para resistir ambientes exteriores, sin comprometer el rendimiento para aplicaciones en interiores.\u00a0<strong>El altavoz de rango completo tiene una clasificaci\u00f3n IP54, y su protecci\u00f3n contra la intemperie se complementa con una excepcional resistencia del gabinete y la rejilla contra el sol, la sal y la humedad.<\/strong><\/p>\n<p class=\"ql-align-justify\">Todos los modelos EVID-S est\u00e1n disponibles en blanco o negro, y pueden pintarse f\u00e1cilmente para combinar con la decoraci\u00f3n.\u00a0Las versiones de transformador tambi\u00e9n est\u00e1n disponibles para sistemas de voltaje constante.<\/p>\n<p class=\"ql-align-justify\">La amplia gama de altavoces de montaje en superficie EVID ha sido dise\u00f1ada para funcionar en conjunto como un sistema completo en una variedad de construcciones de montaje en superficie diferentes, y para usarse en combinaci\u00f3n con otros altavoces de techo y pared EVID.<\/p>\n<p class=\"ql-align-justify\"><strong>Nota: EVID-S5.2TB Altavoz 5 \u00abgabinete 70 \/ 100V par negro<\/strong><\/p>\n<p class=\"ql-align-justify\"><strong>Altavoz bidireccional de montaje en superficie de 5 pulgadas con f\u00e1cil sistema de montaje en pared, l\u00ednea interna de 30 W 70\/100 voltios transformador con derivaci\u00f3n de 8 ohmios, resistente a la intemperie IP54 (empaquetado en pares), negro.<\/strong><\/p>\n<p class=\"ql-align-justify\"><strong>N\u00famero de pedido: EVID-S5.2TB.<\/strong><\/p>\n<p class=\"ql-align-justify\"><strong>Principales caracter\u00edsticas<\/strong><\/p>\n<ul>\n<li class=\"ql-align-justify\">Se incluye un innovador sistema de montaje para un r\u00e1pido, instalaciones simples y confiables.<\/li>\n<li class=\"ql-align-justify\">Dise\u00f1ado cuidadosamente para ambientes exteriores, (IP54), sin comprometer el rendimiento<\/li>\n<li class=\"ql-align-justify\">Woofer de largo alcance de 5.25 \u00ab(133 mm) alojado en un incendio caja de pl\u00e1stico ABS clasificada para LF extendido rendimiento hasta 60 Hz.<\/li>\n<li class=\"ql-align-justify\">El manejo de potencia de 75 W proporciona un m\u00e1ximo de 109 dB SPL (pico de 115 dB).<\/li>\n<\/ul>\n<p class=\"ql-align-justify\"><strong>Especificaciones<\/strong><\/p>\n<ul>\n<li class=\"ql-align-justify\">Respuesta de frecuencia (-3 dB): 85 Hz &#8211; 20 kHz1.<\/li>\n<li class=\"ql-align-justify\">Respuesta de frecuencia (-10 dB): 60 Hz &#8211; 20 kHz1.<\/li>\n<li class=\"ql-align-justify\">Sensibilidad: 90 dB2.<\/li>\n<li class=\"ql-align-justify\">SPL m\u00e1x. (Calculado): 109 dB (115 dB pico).<\/li>\n<li class=\"ql-align-justify\">\u00c1ngulo de cobertura: horizontal 90 \u00b0, vertical 90 \u00b0.<\/li>\n<li class=\"ql-align-justify\">Manejo de potencia: 75 W (300 W pico) continuo.<\/li>\n<li class=\"ql-align-justify\">Ruido rosa (100 horas).<\/li>\n<li class=\"ql-align-justify\">Z bajo: s\u00ed.<\/li>\n<li class=\"ql-align-justify\">Impedancia nominal: 8 \u03a9.<\/li>\n<li class=\"ql-align-justify\">Impedancia m\u00ednima: 6 \u03a9.<\/li>\n<li class=\"ql-align-justify\">Paso alto recomendado: 60 Hz (24 dB \/ octava).<\/li>\n<li class=\"ql-align-justify\">Transformador de entrada (70 V \/ 100 V): 30 W.<\/li>\n<li class=\"ql-align-justify\">Max. tama\u00f1o de cable 12AWG (2.5 mm).<\/li>\n<li class=\"ql-align-justify\">Ambiental: IP54 (seg\u00fan IEC-60529).<\/li>\n<li class=\"ql-align-justify\">Color: negro (RAL 9004) o blanco (RAL 9003).<\/li>\n<li class=\"ql-align-justify\">Dimensiones (H x W x D): 255 mm x 180 mm x 151 mm (10.0 in x 7.1 in x 6.0 in) 3.<\/li>\n<li class=\"ql-align-justify\">Peso neto: 3.2 kg (7.0 lb).<\/li>\n<li class=\"ql-align-justify\">Peso de env\u00edo (par): 7.9 kg (17.5 lb).<\/li>\n<li class=\"ql-align-justify\">Hardware incluido: soporte de montaje y llave Allen de 5 mm<\/li>\n<li class=\"ql-align-justify\">Cantidad empaquetada: 2.<\/li>\n<\/ul>\n<p class=\"ql-align-justify\"><strong>Grifos de transformador:<\/strong><\/p>\n<ul>\n<li class=\"ql-align-justify\">70 V: 3.7 W, 7.5 W, 15 W, 30 W, 8 \u03a9<\/li>\n<li class=\"ql-align-justify\">100 V: 7,5 W, 15 W, 30 W, 8 \u03a9.<\/li>\n<li class=\"ql-align-justify\">Transductor LF: 5.25 pulgadas (133 mm).<\/li>\n<li class=\"ql-align-justify\">Transductor de alta frecuencia: 0,75 pulgadas (20 mm).<\/li>\n<\/ul>\n<p class=\"ql-align-justify\"><strong>Conectores<\/strong>:<\/p>\n<ul>\n<li class=\"ql-align-justify\">Tornillos cautivos en el soporte de pared.<\/li>\n<li class=\"ql-align-justify\">Bloqueo extra\u00edble de 4 pines<\/li>\n<li class=\"ql-align-justify\">conector (Euroblock) &#8211; (2) para<\/li>\n<li class=\"ql-align-justify\">conexi\u00f3n a adicional.<\/li>\n<li class=\"ql-align-justify\">altavoces en una l\u00ednea distribuida.<\/li>\n<\/ul>\n<p>&nbsp;<\/p>\n<p><img fetchpriority=\"high\" decoding=\"async\" class=\"alignnone size-full wp-image-10122\" src=\"https:\/\/tecsecmty.com\/wp-content\/uploads\/2023\/02\/17.png\" alt=\"\" width=\"960\" height=\"540\" \/><\/p>\n","protected":false},"excerpt":{"rendered":"<p>EVID-S5.2TB Altavoz 5 \u00abgabinete 70 \/ 100V par negro El EVID-S5.2T de Electro-Voice es un altavoz de montaje en superficie de 5.25 \u00ab(133 mm) de alto rendimiento, bidireccional y rango completo con excelente cobertura amplia y uniforme, y un rendimiento excepcional.\u00a0Est\u00e1 dise\u00f1ado para m\u00fasica de&hellip;<\/p>\n","protected":false},"featured_media":6103,"comment_status":"open","ping_status":"closed","template":"","meta":{"om_disable_all_campaigns":false,"_monsterinsights_skip_tracking":false,"_monsterinsights_sitenote_active":false,"_monsterinsights_sitenote_note":"","_monsterinsights_sitenote_category":0},"product_brand":[],"product_cat":[525],"product_tag":[513,514,511,516,519,517,520,515,181,518,512],"class_list":{"0":"post-6104","1":"product","2":"type-product","3":"status-publish","4":"has-post-thumbnail","6":"product_cat-altavoces","7":"product_tag-altavoces","8":"product_tag-amplificadores","9":"product_tag-audio-y-video","10":"product_tag-audioporteros","11":"product_tag-digital-signage","12":"product_tag-intercomunicadores","13":"product_tag-kits-videoporteros","14":"product_tag-mezcladoras","15":"product_tag-microfonos","16":"product_tag-sistemas-de-enfermeria","17":"product_tag-videoporteros","19":"first","20":"instock","21":"sale","22":"taxable","23":"shipping-taxable","24":"purchasable","25":"product-type-simple"},"aioseo_notices":[],"_links":{"self":[{"href":"https:\/\/tecsecmty.com\/index.php\/wp-json\/wp\/v2\/product\/6104","targetHints":{"allow":["GET"]}}],"collection":[{"href":"https:\/\/tecsecmty.com\/index.php\/wp-json\/wp\/v2\/product"}],"about":[{"href":"https:\/\/tecsecmty.com\/index.php\/wp-json\/wp\/v2\/types\/product"}],"replies":[{"embeddable":true,"href":"https:\/\/tecsecmty.com\/index.php\/wp-json\/wp\/v2\/comments?post=6104"}],"version-history":[{"count":0,"href":"https:\/\/tecsecmty.com\/index.php\/wp-json\/wp\/v2\/product\/6104\/revisions"}],"wp:featuredmedia":[{"embeddable":true,"href":"https:\/\/tecsecmty.com\/index.php\/wp-json\/wp\/v2\/media\/6103"}],"wp:attachment":[{"href":"https:\/\/tecsecmty.com\/index.php\/wp-json\/wp\/v2\/media?parent=6104"}],"wp:term":[{"taxonomy":"product_brand","embeddable":true,"href":"https:\/\/tecsecmty.com\/index.php\/wp-json\/wp\/v2\/product_brand?post=6104"},{"taxonomy":"product_cat","embeddable":true,"href":"https:\/\/tecsecmty.com\/index.php\/wp-json\/wp\/v2\/product_cat?post=6104"},{"taxonomy":"product_tag","embeddable":true,"href":"https:\/\/tecsecmty.com\/index.php\/wp-json\/wp\/v2\/product_tag?post=6104"}],"curies":[{"name":"wp","href":"https:\/\/api.w.org\/{rel}","templated":true}]}}