{"id":6128,"date":"2023-02-23T11:59:09","date_gmt":"2023-02-23T17:59:09","guid":{"rendered":"https:\/\/tecsecmty.com\/index.php\/producto\/bosch-m_lbc142010-control-de-volumen-de-100w-10-intervalos-de-atenuacion-de-2-db\/"},"modified":"2023-03-22T23:21:30","modified_gmt":"2023-03-23T05:21:30","slug":"bosch-m_lbc142010-control-de-volumen-de-100w-10-intervalos-de-atenuacion-de-2-db","status":"publish","type":"product","link":"https:\/\/tecsecmty.com\/index.php\/producto\/bosch-m_lbc142010-control-de-volumen-de-100w-10-intervalos-de-atenuacion-de-2-db\/","title":{"rendered":"BOSCH M_LBC142010 &#8211; Control de volumen de 100W \/ 10 Intervalos de atenuacion de 2 dB"},"content":{"rendered":"<h5 class=\"card-title text-center\">LBC 1420\/10 Regulador de volumen<\/h5>\n<p class=\"ql-align-justify\">Bosch le presenta una completa gama de reguladores de volumen y selectores de canales para su sistema de megafon\u00eda.<\/p>\n<p class=\"ql-align-justify\"><strong>Funciones b\u00e1sicas<\/strong><\/p>\n<p class=\"ql-align-justify\"><strong>Funcionamiento<\/strong><\/p>\n<p class=\"ql-align-justify\">A menudo, los sistemas de megafon\u00eda se emplean para la distribuci\u00f3n de avisos y m\u00fasica ambiental. Los reguladores de volumen se pueden utilizar para ajustar el nivel de forma local. Adem\u00e1s de los reguladores de volumen, se pueden instalar selectores de canales para elegir hasta cinco programas distintos de forma local. En caso de aviso (de emergencia), el rel\u00e9 incorporado garantiza que el mensaje se emite a un nivel preestablecido, independientemente del ajuste de volumen local. Los reguladores de volumen se presentan en tres versiones, seg\u00fan su potencia: 12 W, 36 W y 100 W. La carga total de los altavoces conectados a un regulador de volumen no deber\u00e1 ser superior a la potencia nominal del regulador. Cada una de las tres versiones est\u00e1 disponible, a su vez, en otras dos. Una versi\u00f3n es una anulaci\u00f3n de volumen de 4 hilos con ahorro de energ\u00eda (modelos \/10) en la que el rel\u00e9 de anulaci\u00f3n se activa durante llamadas de emergencia. La otra es una anulaci\u00f3n de volumen de 4 hilos con autoprotecci\u00f3n (modelos \/20) en la que el rel\u00e9 de anulaci\u00f3n se desactiva durante llamadas de emergencia. Su dise\u00f1o y color se adaptan bien a la decoraci\u00f3n de cualquier espacio. Su dise\u00f1o tambi\u00e9n optimiza la facilidad de instalaci\u00f3n, funcionalidad y fiabilidad del dispositivo.<\/p>\n<p class=\"ql-align-justify\"><strong>Interconexiones<\/strong><\/p>\n<ul>\n<li class=\"ql-align-justify\">Conexiones de tornillo<\/li>\n<\/ul>\n<p><strong>Nota: Control de volumen de 100 W, tipo de instalaci\u00f3n MKD\/E2, rel\u00e9 de anulaci\u00f3n de 24 VCC incorporado, versi\u00f3n de ahorro de energ\u00eda, 10 intervalos de atenuaci\u00f3n de 2 dB y apagado, blanco RAL 9010, suministrado con caja de montaje en superficie.<\/strong><\/p>\n<p class=\"ql-align-justify\"><strong>N\u00famero de pedido: LBC1420\/10.<\/strong><\/p>\n<p class=\"ql-align-justify\"><strong>Principales Caracter\u00edsticas<\/strong><\/p>\n<ul>\n<li class=\"ql-align-justify\">Versiones de 12 W, 36 W y 100 W .<\/li>\n<li class=\"ql-align-justify\">Disponibles en versiones de ahorro de energ\u00eda o autoprotecci\u00f3n.<\/li>\n<li class=\"ql-align-justify\">Rel\u00e9 de anulaci\u00f3n de 24 VCC incorporado.<\/li>\n<li class=\"ql-align-justify\">Sistema de rotaci\u00f3n continua.<\/li>\n<li class=\"ql-align-justify\">Compatible con sistemas de 3 y 4 hilos.<\/li>\n<\/ul>\n<p class=\"ql-align-justify\"><strong>Especificaciones<\/strong><\/p>\n<p class=\"ql-align-justify\"><strong>El\u00e9ctricas<\/strong><\/p>\n<p class=\"ql-align-justify\"><strong>LBC 1420\/10 y \/20<\/strong><\/p>\n<ul>\n<li class=\"ql-align-justify\">Potencia nominal 100 W<\/li>\n<li class=\"ql-align-justify\">Tensi\u00f3n de entrada 100 V<\/li>\n<li class=\"ql-align-justify\">Bandas de atenuaci\u00f3n 10 x 2 dB + apagado<\/li>\n<li class=\"ql-align-justify\">Respuesta de frecuencia De 50 Hz a 20 kHz (-1 dB)<\/li>\n<li class=\"ql-align-justify\">THD: &lt;0,5%<\/li>\n<li class=\"ql-align-justify\">Consumo de corriente 20 mA a 24 VDC<\/li>\n<\/ul>\n<p class=\"ql-align-justify\"><strong>Mec\u00e1nicas<\/strong><\/p>\n<ul>\n<li class=\"ql-align-justify\">LBC 1420\/10 y \/20<\/li>\n<li class=\"ql-align-justify\">Dimensiones (An. x Al. x Pr) 87 x 147 x 61,5 mm<\/li>\n<li class=\"ql-align-justify\">Peso 512 g (incluida la caja de montaje en<\/li>\n<li class=\"ql-align-justify\">superficie)<\/li>\n<li class=\"ql-align-justify\">Color Blanco (RAL 9010).<\/li>\n<\/ul>\n<p class=\"ql-align-justify\"><strong>Medioambientales<\/strong><\/p>\n<ul>\n<li class=\"ql-align-justify\">Temperatura de funcionamiento De -10 \u00baC a +55 \u00baC (de +14 \u00baF a<\/li>\n<li class=\"ql-align-justify\">+131 \u00baF)<\/li>\n<li class=\"ql-align-justify\">Temperatura de almacenamiento: De -40 \u00b0C a +70 \u00b0C (de -40 \u00b0F a +158 \u00b0F)<\/li>\n<li class=\"ql-align-justify\">Humedad relativa: &lt;95%.<\/li>\n<\/ul>\n<p><img fetchpriority=\"high\" decoding=\"async\" class=\"alignnone size-full wp-image-10122\" src=\"https:\/\/tecsecmty.com\/wp-content\/uploads\/2023\/02\/17.png\" alt=\"\" width=\"960\" height=\"540\" \/><\/p>\n","protected":false},"excerpt":{"rendered":"<p>LBC 1420\/10 Regulador de volumen Bosch le presenta una completa gama de reguladores de volumen y selectores de canales para su sistema de megafon\u00eda. Funciones b\u00e1sicas Funcionamiento A menudo, los sistemas de megafon\u00eda se emplean para la distribuci\u00f3n de avisos y m\u00fasica ambiental. Los reguladores&hellip;<\/p>\n","protected":false},"featured_media":6127,"comment_status":"open","ping_status":"closed","template":"","meta":{"om_disable_all_campaigns":false,"_monsterinsights_skip_tracking":false,"_monsterinsights_sitenote_active":false,"_monsterinsights_sitenote_note":"","_monsterinsights_sitenote_category":0},"product_brand":[],"product_cat":[525],"product_tag":[513,514,511,516,519,517,520,515,181,518,512],"class_list":{"0":"post-6128","1":"product","2":"type-product","3":"status-publish","4":"has-post-thumbnail","6":"product_cat-altavoces","7":"product_tag-altavoces","8":"product_tag-amplificadores","9":"product_tag-audio-y-video","10":"product_tag-audioporteros","11":"product_tag-digital-signage","12":"product_tag-intercomunicadores","13":"product_tag-kits-videoporteros","14":"product_tag-mezcladoras","15":"product_tag-microfonos","16":"product_tag-sistemas-de-enfermeria","17":"product_tag-videoporteros","19":"first","20":"instock","21":"sale","22":"taxable","23":"shipping-taxable","24":"purchasable","25":"product-type-simple"},"aioseo_notices":[],"_links":{"self":[{"href":"https:\/\/tecsecmty.com\/index.php\/wp-json\/wp\/v2\/product\/6128","targetHints":{"allow":["GET"]}}],"collection":[{"href":"https:\/\/tecsecmty.com\/index.php\/wp-json\/wp\/v2\/product"}],"about":[{"href":"https:\/\/tecsecmty.com\/index.php\/wp-json\/wp\/v2\/types\/product"}],"replies":[{"embeddable":true,"href":"https:\/\/tecsecmty.com\/index.php\/wp-json\/wp\/v2\/comments?post=6128"}],"version-history":[{"count":0,"href":"https:\/\/tecsecmty.com\/index.php\/wp-json\/wp\/v2\/product\/6128\/revisions"}],"wp:featuredmedia":[{"embeddable":true,"href":"https:\/\/tecsecmty.com\/index.php\/wp-json\/wp\/v2\/media\/6127"}],"wp:attachment":[{"href":"https:\/\/tecsecmty.com\/index.php\/wp-json\/wp\/v2\/media?parent=6128"}],"wp:term":[{"taxonomy":"product_brand","embeddable":true,"href":"https:\/\/tecsecmty.com\/index.php\/wp-json\/wp\/v2\/product_brand?post=6128"},{"taxonomy":"product_cat","embeddable":true,"href":"https:\/\/tecsecmty.com\/index.php\/wp-json\/wp\/v2\/product_cat?post=6128"},{"taxonomy":"product_tag","embeddable":true,"href":"https:\/\/tecsecmty.com\/index.php\/wp-json\/wp\/v2\/product_tag?post=6128"}],"curies":[{"name":"wp","href":"https:\/\/api.w.org\/{rel}","templated":true}]}}