{"id":6136,"date":"2023-02-23T11:59:21","date_gmt":"2023-02-23T17:59:21","guid":{"rendered":"https:\/\/tecsecmty.com\/index.php\/producto\/bosch-m_lbc309415-proyector-de-sonido-10w\/"},"modified":"2023-03-22T23:21:30","modified_gmt":"2023-03-23T05:21:30","slug":"bosch-m_lbc309415-proyector-de-sonido-10w","status":"publish","type":"product","link":"https:\/\/tecsecmty.com\/index.php\/producto\/bosch-m_lbc309415-proyector-de-sonido-10w\/","title":{"rendered":"BOSCH M_LBC309415- PROYECTOR DE SONIDO 10W"},"content":{"rendered":"<h5 class=\"card-title text-center\">LBC 3094\/15 Proyector de sonido<\/h5>\n<p class=\"ql-align-justify\"><strong>El proyector de sonido LBC 3094\/15<\/strong>\u00a0reproduce m\u00fasica de fondo y voz en aplicaciones de interior y exterior, como por ejemplo en centros comerciales, f\u00e1bricas y zonas deportivas.<\/p>\n<p class=\"ql-align-justify\"><strong>Funciones b\u00e1sicas<\/strong><\/p>\n<p class=\"ql-align-justify\">Los proyectores de sonido est\u00e1n dise\u00f1ados para aplicaciones en las que se desea controlar la direcci\u00f3n del haz de sonido. De forma similar al concepto de un foco, un proyector de sonido se puede utilizar para proporcionar una reproducci\u00f3n de sonido localizada. Ejemplos t\u00edpicos son restaurantes, exposiciones, f\u00e1bricas y centros comerciales. Los proyectores de sonido son impermeables y adecuados para su uso en exteriores y en ambientes con niveles de gran humedad. Las carcasas est\u00e1n fabricadas en ABS resistente a golpes y biodegradable (conforme a la clase UL 94 V0). Las carcasas de los proyectores de sonido son de color blanco y cuentan con soportes de montaje de acero tambi\u00e9n de color blanco. Son adecuados para el montaje en paredes o techos.<\/p>\n<p class=\"ql-align-justify\"><strong>Certificados y homologaciones<\/strong><\/p>\n<p class=\"ql-align-justify\">Todos los altavoces de Bosch est\u00e1n dise\u00f1ados para resistir 100 horas de funcionamiento a potencia nominal seg\u00fan los est\u00e1ndares de capacidad de gesti\u00f3n de potencia (PHC) IEC 268-5. Bosch ha desarrollado tambi\u00e9n la prueba de realimentaci\u00f3n ac\u00fastica simulada (SAFE, del ingl\u00e9s Simulated Acoustical Feedback Exposure) para demostrar que pueden soportar el doble de su potencia nominal durante cortos per\u00edodos. De esta forma, se aumenta la fiabilidad en condiciones extremas y se consigue una mayor satisfacci\u00f3n del usuario final, mayor tiempo de duraci\u00f3n de los equipos y mucha menos probabilidad de fallo o deterioro. Todas las piezas de pl\u00e1stico est\u00e1n fabricadas con un material ABS biodegradable y resistente a golpes (conforme a la norma UL 94 V0). Todos los productos de Bosch est\u00e1n dise\u00f1ados y fabricados para su adecuaci\u00f3n a los m\u00e1s altos est\u00e1ndares de seguridad. Los proyectores de sonido cumplen todas las directivas de seguridad e instalaci\u00f3n pertinentes de la norma EN 60065.<\/p>\n<p class=\"ql-align-justify\"><strong>Planificaci\u00f3n<\/strong><\/p>\n<p class=\"ql-align-justify\">Todas las unidades incluyen un cable de conexi\u00f3n de cuatro hilos con codificaci\u00f3n de color. Cada conductor de color est\u00e1 conectado a una toma principal diferente del transformador correspondiente de 100 V. De este modo es posible seleccionar la potencia nominal m\u00e1xima, media potencia o un cuarto de potencia (en incrementos de 3 dB).<\/p>\n<p class=\"ql-align-justify\"><strong>Nota: LBC 3094\/15 Proyector de sonido<\/strong><\/p>\n<p class=\"ql-align-justify\"><strong>Proyector de sonido de 10 W, caja de ABS blanco, resistente al agua y al polvo de conformidad con IP63, cable de conexi\u00f3n fijo de 2 m.<\/strong><\/p>\n<p class=\"ql-align-justify\"><strong>N\u00famero de pedido: LBC3094\/15.<\/strong><\/p>\n<p class=\"ql-align-justify\"><strong>Principales b\u00e1sicas<\/strong><\/p>\n<ul>\n<li class=\"ql-align-justify\">Apto para la reproducci\u00f3n de voz y m\u00fasica.<\/li>\n<li class=\"ql-align-justify\">Ajuste de alimentaci\u00f3n sencillo.<\/li>\n<li class=\"ql-align-justify\">Cable de conexi\u00f3n fijo de 2 m.<\/li>\n<li class=\"ql-align-justify\">A prueba de salpicaduras y resistente al agua.<\/li>\n<li class=\"ql-align-justify\">S\u00f3lida carcasa de ABS biodegradable seg\u00fan la clase UL 94 V0.<\/li>\n<\/ul>\n<p class=\"ql-align-justify\"><strong>Especificaciones<\/strong><\/p>\n<p class=\"ql-align-justify\"><strong>El\u00e9ctricas<\/strong><\/p>\n<ul>\n<li class=\"ql-align-justify\">Potencia m\u00e1xima 15 W.<\/li>\n<li class=\"ql-align-justify\">Potencia nominal (PHC) 10 W.<\/li>\n<li class=\"ql-align-justify\">Derivaci\u00f3n de alimentaci\u00f3n 10\/5\/2,5 W.<\/li>\n<li class=\"ql-align-justify\">Nivel de presi\u00f3n sonora a 10 W \/ 1 W ( 1 kHz a 1 m) 104 dB\/94 dB (SPL).<\/li>\n<li class=\"ql-align-justify\">Rango de frecuencia efectiva (-10 dB) De 140 Hz a 10 kHz.<\/li>\n<li class=\"ql-align-justify\">\u00c1ngulo de apertura a 1 kHz\/4 kHz (-6 dB) 152\u00b0\/60\u00b0.<\/li>\n<li class=\"ql-align-justify\">Tensi\u00f3n de entrada nominal 100 V.<\/li>\n<li class=\"ql-align-justify\">Impedancia nominal 1000 ohmios.<\/li>\n<li class=\"ql-align-justify\">Conexi\u00f3n el\u00e9ctrica Cable fijo de 4 hilos de 2 m (78,74 pulg.<\/li>\n<\/ul>\n<p class=\"ql-align-justify\"><strong>Mec\u00e1nicas<\/strong><\/p>\n<ul>\n<li class=\"ql-align-justify\">Dimensiones (Pr. x Long.) 177 x 268 mm (6,97 x 10,55 pulg.).<\/li>\n<li class=\"ql-align-justify\">Peso 2,2 kg (4,8 libras).<\/li>\n<li class=\"ql-align-justify\">Color Blanco (RAL 9010).<\/li>\n<li class=\"ql-align-justify\">Material: Carcasa ABS Soporte Acero.<\/li>\n<\/ul>\n<p class=\"ql-align-justify\"><strong>Medioambientales<\/strong><\/p>\n<ul>\n<li class=\"ql-align-justify\">Temperatura de funcionamiento: De -25 \u00b0C a +55 \u00b0C (de -13 \u00b0F a +131 \u00b0F).<\/li>\n<li class=\"ql-align-justify\">Temperatura de almacenamiento: De -40 \u00b0C a +70 \u00b0C (de -40 \u00b0F a +158 \u00b0F).<\/li>\n<li class=\"ql-align-justify\">Humedad relativa &lt; 95%.<\/li>\n<\/ul>\n<p><img fetchpriority=\"high\" decoding=\"async\" class=\"alignnone size-full wp-image-10122\" src=\"https:\/\/tecsecmty.com\/wp-content\/uploads\/2023\/02\/17.png\" alt=\"\" width=\"960\" height=\"540\" \/><\/p>\n","protected":false},"excerpt":{"rendered":"<p>LBC 3094\/15 Proyector de sonido El proyector de sonido LBC 3094\/15\u00a0reproduce m\u00fasica de fondo y voz en aplicaciones de interior y exterior, como por ejemplo en centros comerciales, f\u00e1bricas y zonas deportivas. Funciones b\u00e1sicas Los proyectores de sonido est\u00e1n dise\u00f1ados para aplicaciones en las que&hellip;<\/p>\n","protected":false},"featured_media":6135,"comment_status":"open","ping_status":"closed","template":"","meta":{"om_disable_all_campaigns":false,"_monsterinsights_skip_tracking":false,"_monsterinsights_sitenote_active":false,"_monsterinsights_sitenote_note":"","_monsterinsights_sitenote_category":0},"product_brand":[],"product_cat":[525],"product_tag":[513,514,511,516,519,517,520,515,181,518,512],"class_list":{"0":"post-6136","1":"product","2":"type-product","3":"status-publish","4":"has-post-thumbnail","6":"product_cat-altavoces","7":"product_tag-altavoces","8":"product_tag-amplificadores","9":"product_tag-audio-y-video","10":"product_tag-audioporteros","11":"product_tag-digital-signage","12":"product_tag-intercomunicadores","13":"product_tag-kits-videoporteros","14":"product_tag-mezcladoras","15":"product_tag-microfonos","16":"product_tag-sistemas-de-enfermeria","17":"product_tag-videoporteros","19":"first","20":"instock","21":"sale","22":"taxable","23":"shipping-taxable","24":"purchasable","25":"product-type-simple"},"aioseo_notices":[],"_links":{"self":[{"href":"https:\/\/tecsecmty.com\/index.php\/wp-json\/wp\/v2\/product\/6136","targetHints":{"allow":["GET"]}}],"collection":[{"href":"https:\/\/tecsecmty.com\/index.php\/wp-json\/wp\/v2\/product"}],"about":[{"href":"https:\/\/tecsecmty.com\/index.php\/wp-json\/wp\/v2\/types\/product"}],"replies":[{"embeddable":true,"href":"https:\/\/tecsecmty.com\/index.php\/wp-json\/wp\/v2\/comments?post=6136"}],"version-history":[{"count":0,"href":"https:\/\/tecsecmty.com\/index.php\/wp-json\/wp\/v2\/product\/6136\/revisions"}],"wp:featuredmedia":[{"embeddable":true,"href":"https:\/\/tecsecmty.com\/index.php\/wp-json\/wp\/v2\/media\/6135"}],"wp:attachment":[{"href":"https:\/\/tecsecmty.com\/index.php\/wp-json\/wp\/v2\/media?parent=6136"}],"wp:term":[{"taxonomy":"product_brand","embeddable":true,"href":"https:\/\/tecsecmty.com\/index.php\/wp-json\/wp\/v2\/product_brand?post=6136"},{"taxonomy":"product_cat","embeddable":true,"href":"https:\/\/tecsecmty.com\/index.php\/wp-json\/wp\/v2\/product_cat?post=6136"},{"taxonomy":"product_tag","embeddable":true,"href":"https:\/\/tecsecmty.com\/index.php\/wp-json\/wp\/v2\/product_tag?post=6136"}],"curies":[{"name":"wp","href":"https:\/\/api.w.org\/{rel}","templated":true}]}}