{"id":6144,"date":"2023-02-23T11:59:32","date_gmt":"2023-02-23T17:59:32","guid":{"rendered":"https:\/\/tecsecmty.com\/index.php\/producto\/bosch-m_lbc349112-altavoz-de-trompeta-10w-ip65\/"},"modified":"2023-03-22T23:21:30","modified_gmt":"2023-03-23T05:21:30","slug":"bosch-m_lbc349112-altavoz-de-trompeta-10w-ip65","status":"publish","type":"product","link":"https:\/\/tecsecmty.com\/index.php\/producto\/bosch-m_lbc349112-altavoz-de-trompeta-10w-ip65\/","title":{"rendered":"BOSCH M_LBC349112- ALTAVOZ DE TROMPETA\/ 10W\/ IP65"},"content":{"rendered":"<h5 class=\"card-title text-center\">LBC 3491\/12 Altavoz de bocina, rectangular, 10 W<\/h5>\n<p class=\"ql-align-justify\"><strong>Los altavoces de bocina de gran eficacia de Bosch<\/strong>\u00a0ofrecen una excelente reproducci\u00f3n de voz y distribuci\u00f3n de sonido para una amplia gama de aplicaciones de exterior. Son ideales para zonas deportivas, parques, exposiciones, f\u00e1bricas y piscinas.<\/p>\n<p class=\"ql-align-justify\"><strong>Resumen del sistema<\/strong><\/p>\n<p class=\"ql-align-justify\">El modelo LBC 3481\/12 es una bocina redonda y el modelo<strong>\u00a0LBC 3491\/12<\/strong>\u00a0corresponde a una rectangular.\u00a0<strong>Ambos tienen 10 W y est\u00e1n fabricados en ABS.\u00a0<\/strong>El modelo LBC 3492\/12 es una bocina circular de 20 W con una gran bocina de 354 mm de di\u00e1metro. Est\u00e1 fabricado a partir de una combinaci\u00f3n de aluminio y ABS que proporciona una resistencia m\u00e1xima con bajo peso. El borde de la bocina est\u00e1 cubierto con un perfil de PVC para protegerlo de da\u00f1os causados por golpes. El modelo LBC 3493\/12 es una bocina circular de 30 W con una gran bocina de 400 mm de di\u00e1metro. Est\u00e1 fabricado a partir de una combinaci\u00f3n de aluminio y ABS que proporciona una resistencia m\u00e1xima con bajo peso. El borde de la bocina est\u00e1 cubierto de PVC para protegerlo de da\u00f1os causados por golpes.<\/p>\n<p class=\"ql-align-justify\"><strong>Funciones b\u00e1sicas<\/strong><\/p>\n<p class=\"ql-align-justify\"><strong>Los cuatro modelos pueden conectarse de forma directa a una salida de l\u00ednea de 100 V y tienen un acabado en gris claro (RAL 7035).\u00a0<\/strong>Las bocinas son resistentes al agua y al polvo. Las bocinas cuentan con un transformador de 100 V con derivaciones en el devanado primario que permite utilizar diferentes ajustes de alimentaci\u00f3n. Se puede seleccionar f\u00e1cilmente la potencia (completa, media o un cuarto, en bandas de 3 dB) mediante la conexi\u00f3n de la salida de amplificador a la derivaci\u00f3n adecuada. En las bocinas se conecta un cable de 4 hilos y 2 m. Cada hilo es de un color diferente y se conecta a una de las derivaciones principales del transformador. Las bocinas se suministran con soportes de montaje ajustables resistentes, que permiten dirigir con precisi\u00f3n el flujo de sonido.<\/p>\n<p class=\"ql-align-justify\"><strong>Certificados y homologaciones<\/strong><\/p>\n<p class=\"ql-align-justify\">Todos los altavoces de Bosch est\u00e1n dise\u00f1ados para resistir 100 horas de funcionamiento a potencia nominal seg\u00fan los est\u00e1ndares de capacidad de gesti\u00f3n de potencia (PHC) IEC 268-5. Bosch ha desarrollado tambi\u00e9n la prueba de realimentaci\u00f3n ac\u00fastica simulada (SAFE, del ingl\u00e9s Simulated Acoustical Feedback Exposure) para demostrar que pueden soportar el doble de su potencia nominal durante cortos per\u00edodos. De esta forma, se aumenta la fiabilidad en condiciones extremas y se consigue una mayor satisfacci\u00f3n del usuario final, mayor tiempo de duraci\u00f3n de los equipos y mucha menos probabilidad de fallo o deterioro.<\/p>\n<p class=\"ql-align-justify\"><strong>Nota: LBC 3491\/12 Altavoz de bocina, rectangular, 10 W<\/strong><\/p>\n<p class=\"ql-align-justify\"><strong>Altavoz de bocina rectangular de 10 W, fabricado en ABS, resistente al agua y al polvo conforme a IP65, cable de conexi\u00f3n fijo de 2 m de 4 hilos, color gris claro RAL 7035.<\/strong><\/p>\n<p class=\"ql-align-justify\"><strong>N\u00famero de pedido: LBC3491\/12.<\/strong><\/p>\n<p class=\"ql-align-justify\"><strong>Principales Caracter\u00edsticas<\/strong><\/p>\n<ul>\n<li class=\"ql-align-justify\">Drivers de gran eficacia.<\/li>\n<li class=\"ql-align-justify\">Hasta 45 W (potencia m\u00e1x.).<\/li>\n<li class=\"ql-align-justify\">\u00c1ngulo de apertura amplio.<\/li>\n<li class=\"ql-align-justify\">Optimizado para palabra.<\/li>\n<li class=\"ql-align-justify\">Ajuste de alimentaci\u00f3n sencillo.<\/li>\n<\/ul>\n<p class=\"ql-align-justify\"><strong>Especificaciones<\/strong><\/p>\n<p class=\"ql-align-justify\"><strong>El\u00e9ctricas<\/strong><\/p>\n<ul>\n<li class=\"ql-align-justify\">Potencia m\u00e1xima: 15 W.<\/li>\n<li class=\"ql-align-justify\">Potencia nominal (PHC): 10\/5\/2,5 W.<\/li>\n<li class=\"ql-align-justify\">Nivel de presi\u00f3n ac\u00fastica a potencia nominal \/ 1 W (1 kHz, 1 m): 118 dB\/108 dB (NPA).<\/li>\n<li class=\"ql-align-justify\">Nivel de presi\u00f3n ac\u00fastica a potencia nominal \/ 1 W (2 kHz, 1 m): 121 dB\/111 dB (NPA).<\/li>\n<li class=\"ql-align-justify\">Rango de frecuencia efectiva (-10 dB): De 480 Hz a 5,5 kHz.<\/li>\n<li class=\"ql-align-justify\">\u00c1ngulo de apertura horizontal vertical : 1 kHz\/4 kHz (-6 dB) 90 \u00b0\/40 \u00b0 y 130 \u00b0\/45 \u00b0.<\/li>\n<li class=\"ql-align-justify\">Tensi\u00f3n nominal: 100 V.<\/li>\n<li class=\"ql-align-justify\">Impedancia nominal: 1.000 ohmios.<\/li>\n<li class=\"ql-align-justify\">Conexi\u00f3n: Cable de 4 hilos y 2 m de largo.<\/li>\n<\/ul>\n<p class=\"ql-align-justify\"><strong>Mec\u00e1nicas<\/strong><\/p>\n<ul>\n<li class=\"ql-align-justify\">Dimensiones (Long. x An.):267 x 171 mm 10,51 x 6,73 pulg.<\/li>\n<li class=\"ql-align-justify\">Di\u00e1metro de apertura: 171 x 267 mm (6,73 x 10,51 pulg.)<\/li>\n<li class=\"ql-align-justify\">Longitud total: 276 mm (10,87 pulg.).<\/li>\n<li class=\"ql-align-justify\">Color: Gris claro (RAL 7035).<\/li>\n<li class=\"ql-align-justify\">Peso: 1,4 kg (3,08 libras).<\/li>\n<\/ul>\n<p class=\"ql-align-justify\"><strong>Medioambientales<\/strong><\/p>\n<ul>\n<li class=\"ql-align-justify\">Temperatura de funcionamiento: De -25 \u00b0C a +55 \u00b0C(de -13 \u00b0F a +131 \u00b0F).<\/li>\n<li class=\"ql-align-justify\">Temperatura de almacenamiento: De -40 \u00b0C a +70 \u00b0C(de -40 \u00b0F a +158 \u00b0F).<\/li>\n<li class=\"ql-align-justify\">Humedad relativa: &lt; 95%.<\/li>\n<\/ul>\n<p><img fetchpriority=\"high\" decoding=\"async\" class=\"alignnone size-full wp-image-10122\" src=\"https:\/\/tecsecmty.com\/wp-content\/uploads\/2023\/02\/17.png\" alt=\"\" width=\"960\" height=\"540\" \/><\/p>\n","protected":false},"excerpt":{"rendered":"<p>LBC 3491\/12 Altavoz de bocina, rectangular, 10 W Los altavoces de bocina de gran eficacia de Bosch\u00a0ofrecen una excelente reproducci\u00f3n de voz y distribuci\u00f3n de sonido para una amplia gama de aplicaciones de exterior. Son ideales para zonas deportivas, parques, exposiciones, f\u00e1bricas y piscinas. Resumen&hellip;<\/p>\n","protected":false},"featured_media":6143,"comment_status":"open","ping_status":"closed","template":"","meta":{"om_disable_all_campaigns":false,"_monsterinsights_skip_tracking":false,"_monsterinsights_sitenote_active":false,"_monsterinsights_sitenote_note":"","_monsterinsights_sitenote_category":0},"product_brand":[],"product_cat":[525],"product_tag":[513,514,511,516,519,517,520,515,181,518,512],"class_list":{"0":"post-6144","1":"product","2":"type-product","3":"status-publish","4":"has-post-thumbnail","6":"product_cat-altavoces","7":"product_tag-altavoces","8":"product_tag-amplificadores","9":"product_tag-audio-y-video","10":"product_tag-audioporteros","11":"product_tag-digital-signage","12":"product_tag-intercomunicadores","13":"product_tag-kits-videoporteros","14":"product_tag-mezcladoras","15":"product_tag-microfonos","16":"product_tag-sistemas-de-enfermeria","17":"product_tag-videoporteros","19":"first","20":"instock","21":"sale","22":"taxable","23":"shipping-taxable","24":"purchasable","25":"product-type-simple"},"aioseo_notices":[],"_links":{"self":[{"href":"https:\/\/tecsecmty.com\/index.php\/wp-json\/wp\/v2\/product\/6144","targetHints":{"allow":["GET"]}}],"collection":[{"href":"https:\/\/tecsecmty.com\/index.php\/wp-json\/wp\/v2\/product"}],"about":[{"href":"https:\/\/tecsecmty.com\/index.php\/wp-json\/wp\/v2\/types\/product"}],"replies":[{"embeddable":true,"href":"https:\/\/tecsecmty.com\/index.php\/wp-json\/wp\/v2\/comments?post=6144"}],"version-history":[{"count":0,"href":"https:\/\/tecsecmty.com\/index.php\/wp-json\/wp\/v2\/product\/6144\/revisions"}],"wp:featuredmedia":[{"embeddable":true,"href":"https:\/\/tecsecmty.com\/index.php\/wp-json\/wp\/v2\/media\/6143"}],"wp:attachment":[{"href":"https:\/\/tecsecmty.com\/index.php\/wp-json\/wp\/v2\/media?parent=6144"}],"wp:term":[{"taxonomy":"product_brand","embeddable":true,"href":"https:\/\/tecsecmty.com\/index.php\/wp-json\/wp\/v2\/product_brand?post=6144"},{"taxonomy":"product_cat","embeddable":true,"href":"https:\/\/tecsecmty.com\/index.php\/wp-json\/wp\/v2\/product_cat?post=6144"},{"taxonomy":"product_tag","embeddable":true,"href":"https:\/\/tecsecmty.com\/index.php\/wp-json\/wp\/v2\/product_tag?post=6144"}],"curies":[{"name":"wp","href":"https:\/\/api.w.org\/{rel}","templated":true}]}}