{"id":6152,"date":"2023-02-23T11:59:44","date_gmt":"2023-02-23T17:59:44","guid":{"rendered":"https:\/\/tecsecmty.com\/index.php\/producto\/bosch-m_lbc395111us-altavoz-para-montaje-en-techo-6-w-70v-100v\/"},"modified":"2023-03-22T23:21:30","modified_gmt":"2023-03-23T05:21:30","slug":"bosch-m_lbc395111us-altavoz-para-montaje-en-techo-6-w-70v-100v","status":"publish","type":"product","link":"https:\/\/tecsecmty.com\/index.php\/producto\/bosch-m_lbc395111us-altavoz-para-montaje-en-techo-6-w-70v-100v\/","title":{"rendered":"BOSCH M_LBC395111US &#8211; Altavoz para montaje en techo 6 w 70V \/ 100V"},"content":{"rendered":"<h5 class=\"card-title text-center\">LBC 3951\/11 Altavoz para montaje en techo<\/h5>\n<p class=\"ql-align-justify\"><strong>El modelo LBC 3951\/11 es un altavoz compacto de 6 W<\/strong>\u00a0con una rejilla met\u00e1lica. Ofrece un magn\u00edfico rendimiento de audio y es f\u00e1cil de instalar gracias a sus clips de montaje integrales. El altavoz dispone de protecci\u00f3n contra el agua IPx4 en la parte frontal, lo que permite instalarlo en entornos h\u00famedos.<\/p>\n<p class=\"ql-align-justify\"><strong>Funciones b\u00e1sicas<\/strong><\/p>\n<p class=\"ql-align-justify\"><strong>El LBC 3951\/11\u00a0<\/strong>dispone de una rejilla met\u00e1lica perforada con un marco de pl\u00e1stico y un atractivo acabado en color blanco RAL. El discreto dise\u00f1o de este altavoz complementa la iluminaci\u00f3n interior actual. El altavoz cuenta con un gran \u00e1ngulo de apertura, lo que significa que se requieren menos unidades para cubrir un \u00e1rea determinada. El amplio intervalo de frecuencia proporciona una mejor reproducci\u00f3n de voz y m\u00fasica.<strong>\u00a0La unidad se suministra con un transformador de adaptaci\u00f3n a 100 V\u00a0<\/strong>con derivaciones en los devanados primarios para ofrecer una potencia nominal m\u00e1xima, media potencia, un cuarto de potencia o un octavo de potencia. El altavoz (con un cono de papel tratado especial) dispone de protecci\u00f3n contra el agua\u00a0<strong>IP4\u00a0<\/strong>en la parte frontal y se puede aplicar en entornos h\u00famedos, por ejemplo, ba\u00f1os, saunas, atrios y piscinas.<\/p>\n<p class=\"ql-align-justify\"><strong>Certificados y homologaciones<\/strong><\/p>\n<p class=\"ql-align-justify\">Todas las piezas de pl\u00e1stico est\u00e1n fabricadas con un material ABS biodegradable y resistente a golpes (seg\u00fan UL 94V0). Todos los altavoces Bosch est\u00e1n dise\u00f1ados para resistir el funcionamiento a potencia nominal durante 100 horas de acuerdo con las normas de capacidad de gesti\u00f3n de la alimentaci\u00f3n (PHC) IEC 268-5. Bosch ha desarrollado tambi\u00e9n la prueba de Regeneraci\u00f3n Ac\u00fastica Simulada (SAFE) para mostrar que pueden soportar el doble de su potencia nominal durante cortos per\u00edodos. De esta forma, se a\u00f1ade fiabilidad en condiciones extremas, lo que aumenta la satisfacci\u00f3n del cliente, prolonga la vida \u00fatil y reduce los fallos y el deterioro del rendimiento.<\/p>\n<p class=\"ql-align-justify\"><strong>Planificaci\u00f3n<\/strong><\/p>\n<p class=\"ql-align-justify\">La instalaci\u00f3n resulta muy sencilla gracias a las sujeciones integrales que fijan el altavoz en la muesca del techo de forma segura. Se puede instalar en techos con un grosor de 9 a 25 mm. Tambi\u00e9n se proporciona una plantilla para marcar de forma precisa la muesca en los paneles del techo. El cableado se realiza mediante un bloque de conexi\u00f3n con terminales tipo Push, lo que hace posible la instalaci\u00f3n sin necesidad de utilizar ninguna herramienta especial. Los bloques terminales est\u00e1n preparados para el cableado en bucle. El transformador se facilita con cables para una potencia nominal de salida de 6 W, pero se puede cambiar f\u00e1cilmente para otras conexiones mediante los cables con c\u00f3digos de color y el bloque terminal.<\/p>\n<p class=\"ql-align-justify\"><strong>Nota: LBC 3951\/11 Altavoz para montaje en techo Altavoz de techo de 6 W, rejilla met\u00e1lica circular con marco en ABS, sujeciones integrales para montaje de forma sencilla, bloque de terminales tipo Push, blanco RAL 9010.<\/strong><\/p>\n<p class=\"ql-align-justify\"><strong>N\u00famero de pedido: LBC3951\/11.<\/strong><\/p>\n<p class=\"ql-align-justify\"><strong>Principales Caracter\u00edsticas<\/strong><\/p>\n<ul>\n<li class=\"ql-align-justify\">Compacto y potente.<\/li>\n<li class=\"ql-align-justify\">\u00c1ngulo de apertura muy amplio.<\/li>\n<li class=\"ql-align-justify\">Estilo moderno f\u00e1cilmente adaptable.<\/li>\n<li class=\"ql-align-justify\">F\u00e1cil instalaci\u00f3n.<\/li>\n<li class=\"ql-align-justify\">A prueba de salpicaduras y resistente al agua.<\/li>\n<\/ul>\n<p class=\"ql-align-justify\"><strong>Especificaciones<\/strong><\/p>\n<p class=\"ql-align-justify\">\u00a0<strong>El\u00e9ctricas<\/strong><\/p>\n<ul>\n<li class=\"ql-align-justify\">Potencia m\u00e1xima: 9 W.<\/li>\n<li class=\"ql-align-justify\">Potencia nominal: 6 \/ 3 \/ 1,5 \/ 0,75 W.<\/li>\n<li class=\"ql-align-justify\">Nivel de presi\u00f3n sonora: a 6 W \/ 1 W ( 1 kHz a 1 m) 96 dB \/ 88 dB (SPL).<\/li>\n<li class=\"ql-align-justify\">Nivel de presi\u00f3n sonora: a 6 W \/ 1 W (4 kHz a 1 m) 99 dB \/ 91 dB (SPL).<\/li>\n<li class=\"ql-align-justify\">Rango de frecuencia efectiva (-10 dB) De 60 Hz a 18 kHz.<\/li>\n<li class=\"ql-align-justify\">\u00c1ngulo de apertura: a 1 kHz\/4 kHz (-6 dB) 170\u00b0 \/ 80\u00b0.<\/li>\n<li class=\"ql-align-justify\">Tensi\u00f3n nominal: 100 V.<\/li>\n<li class=\"ql-align-justify\">Impedancia nominal: 1.667 ohmios.<\/li>\n<li class=\"ql-align-justify\">Conecto: Bloque de terminales tipo Push de 2 polos.<\/li>\n<\/ul>\n<p class=\"ql-align-justify\"><strong>Mec\u00e1nicas<\/strong><\/p>\n<ul>\n<li class=\"ql-align-justify\">Di\u00e1metro: 160 mm (6,3 pulg.).<\/li>\n<li class=\"ql-align-justify\">Profundidad m\u00e1xima 95 mm (3,74 pulg.).<\/li>\n<li class=\"ql-align-justify\">Grosor del techo: De 9 a 25 mm (de 0,35 a 0,98 pulg.)<\/li>\n<li class=\"ql-align-justify\">Muesca de montaje: 145 mm (5,71 pulg.).<\/li>\n<li class=\"ql-align-justify\">Di\u00e1metro del altavoz: 101,6 mm (4 pulg.)<\/li>\n<li class=\"ql-align-justify\">Peso: 690 g (1,52 libras).<\/li>\n<li class=\"ql-align-justify\">Color: Blanco (RAL 9010).<\/li>\n<li class=\"ql-align-justify\">Peso del im\u00e1n: 101 g (3,57 oz).<\/li>\n<\/ul>\n<p class=\"ql-align-justify\">\u00a0<strong>Medioambientales<\/strong><\/p>\n<ul>\n<li class=\"ql-align-justify\">Temperatura de funcionamiento: De -25 \u00b0C a +55 \u00b0C (de -13 \u00b0F a +131 \u00b0F).<\/li>\n<li class=\"ql-align-justify\">Temperatura de almacenamiento De -40 \u00b0C a +70 \u00b0C (de -40 \u00b0F a +158 \u00b0F).<\/li>\n<li class=\"ql-align-justify\">Humedad relativa &lt; 95%.<\/li>\n<\/ul>\n<p><img fetchpriority=\"high\" decoding=\"async\" class=\"alignnone size-full wp-image-10122\" src=\"https:\/\/tecsecmty.com\/wp-content\/uploads\/2023\/02\/17.png\" alt=\"\" width=\"960\" height=\"540\" \/><\/p>\n","protected":false},"excerpt":{"rendered":"<p>LBC 3951\/11 Altavoz para montaje en techo El modelo LBC 3951\/11 es un altavoz compacto de 6 W\u00a0con una rejilla met\u00e1lica. Ofrece un magn\u00edfico rendimiento de audio y es f\u00e1cil de instalar gracias a sus clips de montaje integrales. El altavoz dispone de protecci\u00f3n contra&hellip;<\/p>\n","protected":false},"featured_media":6151,"comment_status":"open","ping_status":"closed","template":"","meta":{"om_disable_all_campaigns":false,"_monsterinsights_skip_tracking":false,"_monsterinsights_sitenote_active":false,"_monsterinsights_sitenote_note":"","_monsterinsights_sitenote_category":0},"product_brand":[],"product_cat":[525],"product_tag":[513,514,511,516,519,517,520,515,181,518,512],"class_list":{"0":"post-6152","1":"product","2":"type-product","3":"status-publish","4":"has-post-thumbnail","6":"product_cat-altavoces","7":"product_tag-altavoces","8":"product_tag-amplificadores","9":"product_tag-audio-y-video","10":"product_tag-audioporteros","11":"product_tag-digital-signage","12":"product_tag-intercomunicadores","13":"product_tag-kits-videoporteros","14":"product_tag-mezcladoras","15":"product_tag-microfonos","16":"product_tag-sistemas-de-enfermeria","17":"product_tag-videoporteros","19":"first","20":"instock","21":"sale","22":"taxable","23":"shipping-taxable","24":"purchasable","25":"product-type-simple"},"aioseo_notices":[],"_links":{"self":[{"href":"https:\/\/tecsecmty.com\/index.php\/wp-json\/wp\/v2\/product\/6152","targetHints":{"allow":["GET"]}}],"collection":[{"href":"https:\/\/tecsecmty.com\/index.php\/wp-json\/wp\/v2\/product"}],"about":[{"href":"https:\/\/tecsecmty.com\/index.php\/wp-json\/wp\/v2\/types\/product"}],"replies":[{"embeddable":true,"href":"https:\/\/tecsecmty.com\/index.php\/wp-json\/wp\/v2\/comments?post=6152"}],"version-history":[{"count":0,"href":"https:\/\/tecsecmty.com\/index.php\/wp-json\/wp\/v2\/product\/6152\/revisions"}],"wp:featuredmedia":[{"embeddable":true,"href":"https:\/\/tecsecmty.com\/index.php\/wp-json\/wp\/v2\/media\/6151"}],"wp:attachment":[{"href":"https:\/\/tecsecmty.com\/index.php\/wp-json\/wp\/v2\/media?parent=6152"}],"wp:term":[{"taxonomy":"product_brand","embeddable":true,"href":"https:\/\/tecsecmty.com\/index.php\/wp-json\/wp\/v2\/product_brand?post=6152"},{"taxonomy":"product_cat","embeddable":true,"href":"https:\/\/tecsecmty.com\/index.php\/wp-json\/wp\/v2\/product_cat?post=6152"},{"taxonomy":"product_tag","embeddable":true,"href":"https:\/\/tecsecmty.com\/index.php\/wp-json\/wp\/v2\/product_tag?post=6152"}],"curies":[{"name":"wp","href":"https:\/\/api.w.org\/{rel}","templated":true}]}}