{"id":6162,"date":"2023-02-23T12:00:00","date_gmt":"2023-02-23T18:00:00","guid":{"rendered":"https:\/\/tecsecmty.com\/index.php\/producto\/bosch-m_lc1msk-kit-de-suspension-metalico\/"},"modified":"2023-03-22T23:21:31","modified_gmt":"2023-03-23T05:21:31","slug":"bosch-m_lc1msk-kit-de-suspension-metalico","status":"publish","type":"product","link":"https:\/\/tecsecmty.com\/index.php\/producto\/bosch-m_lc1msk-kit-de-suspension-metalico\/","title":{"rendered":"BOSCH M_LC1MSK- KIT DE SUSPENSION METALICO"},"content":{"rendered":"<h5 class=\"card-title text-center\">Kit de suspensi\u00f3n met\u00e1lico LC1-MSK<\/h5>\n<p class=\"ql-align-justify\"><strong>Kit de suspensi\u00f3n met\u00e1lico LC1-MSK<\/strong><\/p>\n<p class=\"ql-align-justify\">Este kit contiene una placa met\u00e1lica triangular que se acopla mediante tres tornillos (suministrados) a la parte posterior de la caja de montaje en superficie e incluye tres cadenas de suspensi\u00f3n que convergen en un enganche.<\/p>\n<p class=\"ql-align-justify\"><strong>Nota: Kit de Suspensi\u00f3n Met\u00e1lico LC1-MSK Kit de suspensi\u00f3n met\u00e1lico para suspensi\u00f3n de un \u00fanico punto del altavoz de techo LC1 y de la caja de montaje en superficie LC1-CSMB.<\/strong><\/p>\n<p class=\"ql-align-justify\"><strong>N\u00famero de pedido: LC1-MSK.<\/strong><\/p>\n<p class=\"ql-align-justify\"><strong>Especificaciones<\/strong><\/p>\n<ul>\n<li class=\"ql-align-justify\">Descripci\u00f3n Soporte interior\/ anillo en C Kit de suspensi\u00f3n met\u00e1lico LC1-MSK.<\/li>\n<li class=\"ql-align-justify\">Dimensiones Longitud de la cadena N\/A 320 mm (12,59 pulg.).<\/li>\n<li class=\"ql-align-justify\">Gu\u00edas de placas : N\/A<\/li>\n<li class=\"ql-align-justify\">Anillo en C : N\/A.<\/li>\n<li class=\"ql-align-justify\">Material: Acero.<\/li>\n<li class=\"ql-align-justify\">Color Con ba\u00f1o de zinC.<\/li>\n<li class=\"ql-align-justify\">Peso: 174 g (0,38 libras).<\/li>\n<\/ul>\n<p>&nbsp;<\/p>\n<p><img fetchpriority=\"high\" decoding=\"async\" class=\"alignnone size-full wp-image-10122\" src=\"https:\/\/tecsecmty.com\/wp-content\/uploads\/2023\/02\/17.png\" alt=\"\" width=\"960\" height=\"540\" \/><\/p>\n","protected":false},"excerpt":{"rendered":"<p>Kit de suspensi\u00f3n met\u00e1lico LC1-MSK Kit de suspensi\u00f3n met\u00e1lico LC1-MSK Este kit contiene una placa met\u00e1lica triangular que se acopla mediante tres tornillos (suministrados) a la parte posterior de la caja de montaje en superficie e incluye tres cadenas de suspensi\u00f3n que convergen en un&hellip;<\/p>\n","protected":false},"featured_media":6161,"comment_status":"open","ping_status":"closed","template":"","meta":{"om_disable_all_campaigns":false,"_monsterinsights_skip_tracking":false,"_monsterinsights_sitenote_active":false,"_monsterinsights_sitenote_note":"","_monsterinsights_sitenote_category":0},"product_brand":[],"product_cat":[525],"product_tag":[513,514,511,516,519,517,520,515,181,518,512],"class_list":{"0":"post-6162","1":"product","2":"type-product","3":"status-publish","4":"has-post-thumbnail","6":"product_cat-altavoces","7":"product_tag-altavoces","8":"product_tag-amplificadores","9":"product_tag-audio-y-video","10":"product_tag-audioporteros","11":"product_tag-digital-signage","12":"product_tag-intercomunicadores","13":"product_tag-kits-videoporteros","14":"product_tag-mezcladoras","15":"product_tag-microfonos","16":"product_tag-sistemas-de-enfermeria","17":"product_tag-videoporteros","19":"first","20":"instock","21":"sale","22":"taxable","23":"shipping-taxable","24":"purchasable","25":"product-type-simple"},"aioseo_notices":[],"_links":{"self":[{"href":"https:\/\/tecsecmty.com\/index.php\/wp-json\/wp\/v2\/product\/6162","targetHints":{"allow":["GET"]}}],"collection":[{"href":"https:\/\/tecsecmty.com\/index.php\/wp-json\/wp\/v2\/product"}],"about":[{"href":"https:\/\/tecsecmty.com\/index.php\/wp-json\/wp\/v2\/types\/product"}],"replies":[{"embeddable":true,"href":"https:\/\/tecsecmty.com\/index.php\/wp-json\/wp\/v2\/comments?post=6162"}],"version-history":[{"count":0,"href":"https:\/\/tecsecmty.com\/index.php\/wp-json\/wp\/v2\/product\/6162\/revisions"}],"wp:featuredmedia":[{"embeddable":true,"href":"https:\/\/tecsecmty.com\/index.php\/wp-json\/wp\/v2\/media\/6161"}],"wp:attachment":[{"href":"https:\/\/tecsecmty.com\/index.php\/wp-json\/wp\/v2\/media?parent=6162"}],"wp:term":[{"taxonomy":"product_brand","embeddable":true,"href":"https:\/\/tecsecmty.com\/index.php\/wp-json\/wp\/v2\/product_brand?post=6162"},{"taxonomy":"product_cat","embeddable":true,"href":"https:\/\/tecsecmty.com\/index.php\/wp-json\/wp\/v2\/product_cat?post=6162"},{"taxonomy":"product_tag","embeddable":true,"href":"https:\/\/tecsecmty.com\/index.php\/wp-json\/wp\/v2\/product_tag?post=6162"}],"curies":[{"name":"wp","href":"https:\/\/api.w.org\/{rel}","templated":true}]}}