{"id":6184,"date":"2023-02-23T12:00:29","date_gmt":"2023-02-23T18:00:29","guid":{"rendered":"https:\/\/tecsecmty.com\/index.php\/producto\/bosch-m_lm1smbmk-caja-de-montaje-en-superficie-para-control-de-volumen\/"},"modified":"2023-03-22T23:21:32","modified_gmt":"2023-03-23T05:21:32","slug":"bosch-m_lm1smbmk-caja-de-montaje-en-superficie-para-control-de-volumen","status":"publish","type":"product","link":"https:\/\/tecsecmty.com\/index.php\/producto\/bosch-m_lm1smbmk-caja-de-montaje-en-superficie-para-control-de-volumen\/","title":{"rendered":"BOSCH M_LM1SMBMK &#8211; Caja de montaje en superficie para control de volumen"},"content":{"rendered":"<h5 class=\"card-title text-center\">Caja de montaje en superficie para los controles de volumen LM1-SMB-MK<\/h5>\n<p class=\"ql-align-justify\">Bosch le presenta una completa gama de reguladores de volumen y selectores de canales para su sistema de megafon\u00eda.<\/p>\n<p class=\"ql-align-justify\"><strong>Funciones b\u00e1sicas<\/strong><\/p>\n<p class=\"ql-align-justify\"><strong>Funcionamiento<\/strong><\/p>\n<p class=\"ql-align-justify\">A menudo, los sistemas de megafon\u00eda se emplean para la distribuci\u00f3n de avisos y m\u00fasica ambiental. Los reguladores de volumen se pueden utilizar para ajustar el nivel de forma local. Adem\u00e1s de los reguladores de volumen, se pueden instalar selectores de canales para elegir hasta cinco programas distintos de forma local. En caso de aviso (de emergencia), el rel\u00e9 incorporado garantiza que el mensaje se emite a un nivel preestablecido, independientemente del ajuste de volumen local.<\/p>\n<p class=\"ql-align-justify\"><strong>Nota: LM1\u2011SMB\u2011MK Caja de montaje en superficie para los controles de volumen LBC1400\/10, LBC1400\/20, LBC1410\/10, LBC1410\/20 y el selector de canales LBC1430\/10, blanco RAL 9010.<\/strong><\/p>\n<p class=\"ql-align-justify\"><strong>N\u00famero de pedido: LM1-SMB-MK.<\/strong><\/p>\n<p class=\"ql-align-justify\"><strong>Principales Caracter\u00edsticas<\/strong><\/p>\n<ul>\n<li class=\"ql-align-justify\">F\u00e1cil\u00a0instalaci\u00f3n.<\/li>\n<li class=\"ql-align-justify\">Construcci\u00f3n robusta.<\/li>\n<\/ul>\n<p class=\"ql-align-justify\"><strong>Especificaciones<\/strong><\/p>\n<p class=\"ql-align-justify\"><strong>LM1-SMB-MK<\/strong><\/p>\n<p class=\"ql-align-justify\"><strong>Mec\u00e1nicas<\/strong><\/p>\n<ul>\n<li class=\"ql-align-justify\">Dimensiones (An. x Al. x Pr) 87,3 x 87,3 x 50 mm.<\/li>\n<li class=\"ql-align-justify\">Peso 73 g.<\/li>\n<li class=\"ql-align-justify\">Color Blanco (RAL 9010)<\/li>\n<\/ul>\n<p class=\"ql-align-justify\"><strong>Medioambientales<\/strong><\/p>\n<ul>\n<li class=\"ql-align-justify\">Temperatura de funcionamiento: De -10 \u00baC a +55 \u00baC (de +14 \u00baF a +131 \u00baF).<\/li>\n<li class=\"ql-align-justify\">Temperatura de almacenamiento: De -40 \u00b0C a +70 \u00b0C (de -40 \u00b0F a +158 \u00b0F).<\/li>\n<li class=\"ql-align-justify\">Humedad relativa &lt;95%.<\/li>\n<\/ul>\n<p><img fetchpriority=\"high\" decoding=\"async\" class=\"alignnone size-full wp-image-10122\" src=\"https:\/\/tecsecmty.com\/wp-content\/uploads\/2023\/02\/17.png\" alt=\"\" width=\"960\" height=\"540\" \/><\/p>\n","protected":false},"excerpt":{"rendered":"<p>Caja de montaje en superficie para los controles de volumen LM1-SMB-MK Bosch le presenta una completa gama de reguladores de volumen y selectores de canales para su sistema de megafon\u00eda. Funciones b\u00e1sicas Funcionamiento A menudo, los sistemas de megafon\u00eda se emplean para la distribuci\u00f3n de&hellip;<\/p>\n","protected":false},"featured_media":6183,"comment_status":"open","ping_status":"closed","template":"","meta":{"om_disable_all_campaigns":false,"_monsterinsights_skip_tracking":false,"_monsterinsights_sitenote_active":false,"_monsterinsights_sitenote_note":"","_monsterinsights_sitenote_category":0},"product_brand":[],"product_cat":[525],"product_tag":[513,514,511,516,519,517,520,515,181,518,512],"class_list":{"0":"post-6184","1":"product","2":"type-product","3":"status-publish","4":"has-post-thumbnail","6":"product_cat-altavoces","7":"product_tag-altavoces","8":"product_tag-amplificadores","9":"product_tag-audio-y-video","10":"product_tag-audioporteros","11":"product_tag-digital-signage","12":"product_tag-intercomunicadores","13":"product_tag-kits-videoporteros","14":"product_tag-mezcladoras","15":"product_tag-microfonos","16":"product_tag-sistemas-de-enfermeria","17":"product_tag-videoporteros","19":"first","20":"instock","21":"sale","22":"taxable","23":"shipping-taxable","24":"purchasable","25":"product-type-simple"},"aioseo_notices":[],"_links":{"self":[{"href":"https:\/\/tecsecmty.com\/index.php\/wp-json\/wp\/v2\/product\/6184","targetHints":{"allow":["GET"]}}],"collection":[{"href":"https:\/\/tecsecmty.com\/index.php\/wp-json\/wp\/v2\/product"}],"about":[{"href":"https:\/\/tecsecmty.com\/index.php\/wp-json\/wp\/v2\/types\/product"}],"replies":[{"embeddable":true,"href":"https:\/\/tecsecmty.com\/index.php\/wp-json\/wp\/v2\/comments?post=6184"}],"version-history":[{"count":0,"href":"https:\/\/tecsecmty.com\/index.php\/wp-json\/wp\/v2\/product\/6184\/revisions"}],"wp:featuredmedia":[{"embeddable":true,"href":"https:\/\/tecsecmty.com\/index.php\/wp-json\/wp\/v2\/media\/6183"}],"wp:attachment":[{"href":"https:\/\/tecsecmty.com\/index.php\/wp-json\/wp\/v2\/media?parent=6184"}],"wp:term":[{"taxonomy":"product_brand","embeddable":true,"href":"https:\/\/tecsecmty.com\/index.php\/wp-json\/wp\/v2\/product_brand?post=6184"},{"taxonomy":"product_cat","embeddable":true,"href":"https:\/\/tecsecmty.com\/index.php\/wp-json\/wp\/v2\/product_cat?post=6184"},{"taxonomy":"product_tag","embeddable":true,"href":"https:\/\/tecsecmty.com\/index.php\/wp-json\/wp\/v2\/product_tag?post=6184"}],"curies":[{"name":"wp","href":"https:\/\/api.w.org\/{rel}","templated":true}]}}