{"id":6194,"date":"2023-02-23T12:00:40","date_gmt":"2023-02-23T18:00:40","guid":{"rendered":"https:\/\/tecsecmty.com\/index.php\/producto\/boshc-m_lh2uc06-trompeta-6w-compacta-ip67\/"},"modified":"2023-03-22T23:22:11","modified_gmt":"2023-03-23T05:22:11","slug":"boshc-m_lh2uc06-trompeta-6w-compacta-ip67","status":"publish","type":"product","link":"https:\/\/tecsecmty.com\/index.php\/producto\/boshc-m_lh2uc06-trompeta-6w-compacta-ip67\/","title":{"rendered":"BOSHC M_LH2UC06- TROMPETA 6W COMPACTA IP67"},"content":{"rendered":"<h5 class=\"card-title text-center\">Resumen<\/h5>\n<p>El compacto altavoz de bocina LH2-UC06 est\u00e1 dise\u00f1ado espec\u00edficamente para obtener una reproducci\u00f3n excelente de los sonidos en aplicaciones marinas y otros entornos industriales.<\/p>\n<p>Las unidades son robustas, est\u00e1n protegidas contra el polvo y el agua y son resistentes a los efectos corrosivos del agua de mar y de la mayor\u00eda de los entornos industriales.<\/p>\n<p>El altavoz de bocina est\u00e1 fabricado en un material ABS de alto impacto. Este material robusto, ign\u00edfugo y resistente a la corrosi\u00f3n tambi\u00e9n es resistente a productos qu\u00edmicos y t\u00e9rmicamente estable, por lo que resulta ideal incluso en las condiciones ambientales m\u00e1s extremas. La bocina se suministra de serie con un soporte de montaje ABS resistente a la corrosi\u00f3n.<\/p>\n<p>&nbsp;<\/p>\n<p><img decoding=\"async\" src=\"https:\/\/tecsecmty.com\/wp-content\/uploads\/2023\/02\/768x1024-logo-a-76-300x300.png\" \/><\/p>\n<h2>Caracter\u00edsticas<\/h2>\n<ul>\n<li>Apto para su uso en aplicaciones marinas e industriales con un alto nivel de humedad, cloro o sal<\/li>\n<li>Robusto material ABS de alto impacto con propiedades ign\u00edfugas conforme al est\u00e1ndar UL94 V0.<\/li>\n<li>Protegido contra el agua y el polvo seg\u00fan la clase IP67<\/li>\n<li>Homologaci\u00f3n de tipo con certificaci\u00f3n seg\u00fan EN 60945<\/li>\n<\/ul>\n<h5 class=\"card-title text-center\">Funciones b\u00e1sicas<\/h5>\n<p>El altavoz de bocina se suministra de serie con un robusto soporte de montaje ABS, que permite dirigir con precisi\u00f3n el haz de emisi\u00f3n de sonido.<\/p>\n<p>El altavoz de bocina se suministra con un cable de 1 m de longitud y seis conductores codificados por colores, donde cada conductor de color est\u00e1 conectado a una derivaci\u00f3n primaria diferente del transformador de adaptaci\u00f3n, lo que facilita la selecci\u00f3n de radiaci\u00f3n nominal a m\u00e1xima potencia, a potencia media, a un cuarto de potencia o a un octavode potencia (es decir, en pasos de 3 dB) sin abrir la unidad durante la instalaci\u00f3n. Opcionalmente, el altavoz de bocina puede montarse empotrado en la pared o en el techo, en un orificio de 110 mm (4,33 pulgadas) de di\u00e1metro, mediante el uso de cuatro tornillos (no incluidos de serie). En este caso, el soporte se retira y es preciso perforar cuatro orificios marcados en la parte posterior del borde de la bocina.<\/p>\n<p>&nbsp;<\/p>\n<h2>Dimensiones<\/h2>\n<p>Dimensiones en mil\u00edmetros y pulgadas <img fetchpriority=\"high\" decoding=\"async\" class=\"alignnone size-full wp-image-9949\" src=\"https:\/\/tecsecmty.com\/wp-content\/uploads\/2023\/02\/13.png\" alt=\"\" width=\"400\" height=\"300\" \/><\/p>\n<p>&nbsp;<\/p>\n<p><img decoding=\"async\" class=\"alignnone size-full wp-image-9952\" src=\"https:\/\/tecsecmty.com\/wp-content\/uploads\/2023\/02\/14.png\" alt=\"\" width=\"400\" height=\"300\" \/><\/p>\n<h2>Certificados y homologaciones<\/h2>\n<p><strong>Garant\u00eda de calidad<\/strong><\/p>\n<p>Todos los altavoces de Bosch est\u00e1n dise\u00f1ados para resistir 100 horas de funcionamiento a potencia nominal seg\u00fan los est\u00e1ndares de capacidad de gesti\u00f3n de potencia (PHC) IEC 268-5. Bosch ha desarrollado tambi\u00e9n la prueba de realimentaci\u00f3n ac\u00fastica simulada (SAFE, del ingl\u00e9s Simulated Acoustical Feedback Exposure) para demostrar que pueden soportar el doble de su potencia nominal durante cortos per\u00edodos.<\/p>\n<p>De esta forma, se mejora la fiabilidad en condiciones extremas, lo que aumenta la satisfacci\u00f3n del cliente, prolonga la vida \u00fatil y reduce los fallos o el deterioro en el rendimiento.<\/p>\n<p>&nbsp;<\/p>\n<h5 class=\"card-title text-center\">Especificaciones clave<\/h5>\n<p><strong>Color:<\/strong>\u00a0Gris<\/p>\n<p><strong>Dimensiones (Alto x Ancho x Fondo) (mm):<\/strong>\u00a0159 x 143 x 136 mm<\/p>\n<p><strong>Humedad relativa de funcionamiento, sin condensaci\u00f3n (%):<\/strong>\u00a00 \u2013 95 %<\/p>\n<p><strong>Intervalo de frecuencias (-10 dB) (Hz):<\/strong>\u00a0600 \u2013 5000 Hz<\/p>\n<p><strong>Material:<\/strong>\u00a0Pl\u00e1stico (ABS)<\/p>\n<p><strong>Peso (kg):<\/strong>\u00a01.18 kg<\/p>\n<p><strong>Potencia nominal (W):<\/strong>\u00a06 W<\/p>\n<p><strong>Sensibilidad (1\u00a0W, 1\u00a0m, 1\u00a0kHz octava) (dB):<\/strong>\u00a097 dB<\/p>\n<p><strong>Temperatura de almacenamiento (\u00b0C):<\/strong>\u00a0-40 \u2013 70 \u00b0C<\/p>\n<p><strong>Temperatura de funcionamiento (\u00b0C):<\/strong>\u00a0-30 \u2013 70 \u00b0C<\/p>\n<p><strong>Tensi\u00f3n de entrada nominal (V):\u00a0<\/strong>70 V; 100 V<\/p>\n<p><strong>\u00c1ngulo de cobertura HxV (-6 dB, 1 kHz) (\u00b0):\u00a0<\/strong>360 x 360 \u00b0<\/p>\n<p><strong>\u00c1ngulo de cobertura HxV (-6 dB, 4 kHz) (\u00b0):<\/strong>\u00a060 x 60 \u00b0<\/p>\n<p>&nbsp;<\/p>\n<p>&nbsp;<\/p>\n","protected":false},"excerpt":{"rendered":"<p>Resumen El compacto altavoz de bocina LH2-UC06 est\u00e1 dise\u00f1ado espec\u00edficamente para obtener una reproducci\u00f3n excelente de los sonidos en aplicaciones marinas y otros entornos industriales. Las unidades son robustas, est\u00e1n protegidas contra el polvo y el agua y son resistentes a los efectos corrosivos del&hellip;<\/p>\n","protected":false},"featured_media":6193,"comment_status":"open","ping_status":"closed","template":"","meta":{"om_disable_all_campaigns":false,"_monsterinsights_skip_tracking":false,"_monsterinsights_sitenote_active":false,"_monsterinsights_sitenote_note":"","_monsterinsights_sitenote_category":0},"product_brand":[],"product_cat":[525],"product_tag":[513,514,511,516,519,517,520,515,181,518,512],"class_list":{"0":"post-6194","1":"product","2":"type-product","3":"status-publish","4":"has-post-thumbnail","6":"product_cat-altavoces","7":"product_tag-altavoces","8":"product_tag-amplificadores","9":"product_tag-audio-y-video","10":"product_tag-audioporteros","11":"product_tag-digital-signage","12":"product_tag-intercomunicadores","13":"product_tag-kits-videoporteros","14":"product_tag-mezcladoras","15":"product_tag-microfonos","16":"product_tag-sistemas-de-enfermeria","17":"product_tag-videoporteros","19":"first","20":"instock","21":"sale","22":"taxable","23":"shipping-taxable","24":"purchasable","25":"product-type-simple"},"aioseo_notices":[],"_links":{"self":[{"href":"https:\/\/tecsecmty.com\/index.php\/wp-json\/wp\/v2\/product\/6194","targetHints":{"allow":["GET"]}}],"collection":[{"href":"https:\/\/tecsecmty.com\/index.php\/wp-json\/wp\/v2\/product"}],"about":[{"href":"https:\/\/tecsecmty.com\/index.php\/wp-json\/wp\/v2\/types\/product"}],"replies":[{"embeddable":true,"href":"https:\/\/tecsecmty.com\/index.php\/wp-json\/wp\/v2\/comments?post=6194"}],"version-history":[{"count":0,"href":"https:\/\/tecsecmty.com\/index.php\/wp-json\/wp\/v2\/product\/6194\/revisions"}],"wp:featuredmedia":[{"embeddable":true,"href":"https:\/\/tecsecmty.com\/index.php\/wp-json\/wp\/v2\/media\/6193"}],"wp:attachment":[{"href":"https:\/\/tecsecmty.com\/index.php\/wp-json\/wp\/v2\/media?parent=6194"}],"wp:term":[{"taxonomy":"product_brand","embeddable":true,"href":"https:\/\/tecsecmty.com\/index.php\/wp-json\/wp\/v2\/product_brand?post=6194"},{"taxonomy":"product_cat","embeddable":true,"href":"https:\/\/tecsecmty.com\/index.php\/wp-json\/wp\/v2\/product_cat?post=6194"},{"taxonomy":"product_tag","embeddable":true,"href":"https:\/\/tecsecmty.com\/index.php\/wp-json\/wp\/v2\/product_tag?post=6194"}],"curies":[{"name":"wp","href":"https:\/\/api.w.org\/{rel}","templated":true}]}}