{"id":6202,"date":"2023-02-23T12:00:49","date_gmt":"2023-02-23T18:00:49","guid":{"rendered":"https:\/\/tecsecmty.com\/index.php\/producto\/bosch-m_c2800fdius-amplificador-dsp-de-2x-1400w-baja-impedancia-70-o-100v\/"},"modified":"2023-03-22T23:21:25","modified_gmt":"2023-03-23T05:21:25","slug":"bosch-m_c2800fdius-amplificador-dsp-de-2x-1400w-baja-impedancia-70-o-100v","status":"publish","type":"product","link":"https:\/\/tecsecmty.com\/index.php\/producto\/bosch-m_c2800fdius-amplificador-dsp-de-2x-1400w-baja-impedancia-70-o-100v\/","title":{"rendered":"BOSCH M_C2800FDiUS-Amplificador DSP de 2X 1400W\/ Baja impedancia 70 O 100V"},"content":{"rendered":"<h5 class=\"card-title text-center\">Amplificador de potencia DSP C2800FDI-US<\/h5>\n<p class=\"ql-align-justify\"><strong>Capacidad de carga de accionamiento directo<\/strong><\/p>\n<p class=\"ql-align-justify\">La capacidad de carga de accionamiento directo es una medida para potencia total que puede manejarse en 70 V \/ 100 V modo de operaci\u00f3n. Un valor de capacidad de carga de 1250 vatios significa que este amplificador puede impulsar, a 50 altavoces en una pesta\u00f1a de voltaje de 25 vatios.<\/p>\n<p class=\"ql-align-justify\">El dB el valor entre par\u00e9ntesis indica el delta al m\u00e1ximo modulaci\u00f3n. En los casos donde la modulaci\u00f3n m\u00e1xima no es necesario, puedes usar el amplificador m\u00e1s peque\u00f1o modelo.<\/p>\n<p class=\"ql-align-justify\">Este modo de operaci\u00f3n no se recomienda debido a la razones de eficiencia. Por favor utiliza el siguiente m\u00e1s peque\u00f1o amplificador para este modo.<\/p>\n<p class=\"ql-align-justify\">El modo de disco bidireccional no est\u00e1 disponible para esta configuraci\u00f3n. C2800FDi es el amplificador recomendado para Direct 70V Manejar. Amplificador operado en modo de doble canal.<\/p>\n<p class=\"ql-align-justify\"><strong>\u00a0<\/strong><\/p>\n<p class=\"ql-align-justify\"><strong>Nota:<\/strong>\u00a0Amplificador de potencia\u00a0<strong>DSP C2800FDI-US<\/strong>\u00a02x1400W, inst\u00e1lelo Amplificador de potencia DSP 2 x 1400W @ 4 ohmios con FIR Unidad, salida 70V \/ 100V, alimentaci\u00f3n remota GPI, negro, Regi\u00f3n de Am\u00e9rica del Norte.\u00a0<strong>N\u00famero de pedido C2800FDI-US.<\/strong><\/p>\n<p>&nbsp;<\/p>\n<p><img fetchpriority=\"high\" decoding=\"async\" class=\"alignnone size-full wp-image-9903\" src=\"https:\/\/tecsecmty.com\/wp-content\/uploads\/2023\/02\/7-2.png\" alt=\"\" width=\"1920\" height=\"400\" \/><\/p>\n<h2>Caracter\u00edsticas y Especificaciones<\/h2>\n<p class=\"text-muted\">\n<p class=\"ql-align-justify\"><strong>Principales Caracter\u00edsticas:<\/strong><\/p>\n<ul>\n<li class=\"ql-align-justify\">Instalaci\u00f3n DSP amplificador, conectores Euroblock.<\/li>\n<li class=\"ql-align-justify\">Procesamiento de altavoz profesional completamente integrado con tecnolog\u00eda FIR Drive.<\/li>\n<li class=\"ql-align-justify\">Desempe\u00f1o ac\u00fastico l\u00edder en el mercado y s\u00f3lida como una roca confiabilidad.<\/li>\n<li class=\"ql-align-justify\">Operaci\u00f3n baja en Z y 70 \/ 100V y ahorro de energ\u00eda modo de espera.<\/li>\n<li class=\"ql-align-justify\">El software de control intuitivo del sistema, hace la configuraci\u00f3n y control f\u00e1cil.<\/li>\n<\/ul>\n<p class=\"ql-align-justify\"><strong>Especificaciones:<\/strong><\/p>\n<ul>\n<li class=\"ql-align-justify\">Impedancia de carga:\u00a0\u00a0\u00a0\u00a0\u00a0\u00a0\u00a0\u00a0\u00a0\u00a0\u00a02 \u03a9\u00a0\u00a0\u00a0\u00a02.7 \u03a9\u00a0\u00a0\u00a0\u00a04 \u03a9\u00a0\u00a0\u00a08 \u03a9.<\/li>\n<li class=\"ql-align-justify\">M\u00e1xima salida Poder, solo canal: 2300 W 2000 W 1400 W 700 W.<\/li>\n<li class=\"ql-align-justify\">M\u00e1xima salida Poder, Dual canal: 2200 W 1800 W 1300 W 650 W.<\/li>\n<li class=\"ql-align-justify\">M\u00e1xima salida Poder, puenteado:- &#8211; 4400 W 2600 W.<\/li>\n<li class=\"ql-align-justify\">Carga de conductor directo Capacidad Doble canal:<\/li>\n<li class=\"ql-align-justify\">Puenteado Operaci\u00f3n de 70 V 2 x 1250 W (0.0 dB).<\/li>\n<li class=\"ql-align-justify\">No recomendado1 Operaci\u00f3n de 100 V 2 x 1250 W (-3.0 dB) 1 x 1250 W (0.0 dB)<\/li>\n<li class=\"ql-align-justify\">RMS m\u00e1ximo Oscilaci\u00f3n de voltaje THD = 1%, 1 kHz: 78.8 V.<\/li>\n<li class=\"ql-align-justify\">Ganancia de voltaje Ref.1 kHz: 32.0 dB.<\/li>\n<li class=\"ql-align-justify\">THD a 900 W \/ 4 \u03a9 MBW = 80 kHz, 1 9kHz: 0.05%.<\/li>\n<li class=\"ql-align-justify\">Poder Requerido: 240 V, 230 V, 120 V o 100 V; 50 Hz a 60 Hz (configurado de f\u00e1brica).<\/li>\n<li class=\"ql-align-justify\">El consumo de energ\u00eda 1\/8 M\u00e1ximo Potencia de salida a 4 \u03a9: 700 W.<\/li>\n<li class=\"ql-align-justify\">Fusible de red: 240 V \/ 230 V: T15AH; 120 V \/ 100 V: T25AH..<\/li>\n<li class=\"ql-align-justify\">Enfriamiento de adelante hacia atr\u00e1s, ventiladores de 3 etapas.<\/li>\n<li class=\"ql-align-justify\">L\u00edmites de temperatura: + 5 \u00b0 C a + 40 \u00b0 C (40 \u00b0 F a + 105 \u00b0 F).<\/li>\n<li class=\"ql-align-justify\">Clase de seguridad: De color negro.<\/li>\n<li class=\"ql-align-justify\">Dimensiones (Ancho x alto x profundidad): mm 483 x 88 x 462.4.<\/li>\n<li class=\"ql-align-justify\">Peso: 16.2 kg (35.7 lb).<\/li>\n<li class=\"ql-align-justify\">Potencia remota ON \/ GPIO:<\/li>\n<\/ul>\n<ol>\n<li class=\"ql-align-justify ql-indent-1\">-Potencia remota a trav\u00e9s del interruptor, tiempo de retardo seleccionable.<\/li>\n<li class=\"ql-align-justify ql-indent-1\">-Contactos de rel\u00e9 flotantes (modo de protecci\u00f3n de pantalla).<\/li>\n<li class=\"ql-align-justify ql-indent-1\">-Entradas para selecci\u00f3n preestablecida.<\/li>\n<li class=\"ql-align-justify ql-indent-1\">-Procesamiento de se\u00f1al FIR filtros, limitadores de audio.<\/li>\n<\/ol>\n<ul>\n<li class=\"ql-align-justify\">Retardo de salida por canal.<\/li>\n<\/ul>\n","protected":false},"excerpt":{"rendered":"<p>Amplificador de potencia DSP C2800FDI-US Capacidad de carga de accionamiento directo La capacidad de carga de accionamiento directo es una medida para potencia total que puede manejarse en 70 V \/ 100 V modo de operaci\u00f3n. Un valor de capacidad de carga de 1250 vatios&hellip;<\/p>\n","protected":false},"featured_media":6201,"comment_status":"open","ping_status":"closed","template":"","meta":{"om_disable_all_campaigns":false,"_monsterinsights_skip_tracking":false,"_monsterinsights_sitenote_active":false,"_monsterinsights_sitenote_note":"","_monsterinsights_sitenote_category":0},"product_brand":[],"product_cat":[529],"product_tag":[513,514,511,516,519,517,520,515,181,518,512],"class_list":{"0":"post-6202","1":"product","2":"type-product","3":"status-publish","4":"has-post-thumbnail","6":"product_cat-amplificadores","7":"product_tag-altavoces","8":"product_tag-amplificadores","9":"product_tag-audio-y-video","10":"product_tag-audioporteros","11":"product_tag-digital-signage","12":"product_tag-intercomunicadores","13":"product_tag-kits-videoporteros","14":"product_tag-mezcladoras","15":"product_tag-microfonos","16":"product_tag-sistemas-de-enfermeria","17":"product_tag-videoporteros","19":"first","20":"instock","21":"sale","22":"taxable","23":"shipping-taxable","24":"purchasable","25":"product-type-simple"},"aioseo_notices":[],"_links":{"self":[{"href":"https:\/\/tecsecmty.com\/index.php\/wp-json\/wp\/v2\/product\/6202","targetHints":{"allow":["GET"]}}],"collection":[{"href":"https:\/\/tecsecmty.com\/index.php\/wp-json\/wp\/v2\/product"}],"about":[{"href":"https:\/\/tecsecmty.com\/index.php\/wp-json\/wp\/v2\/types\/product"}],"replies":[{"embeddable":true,"href":"https:\/\/tecsecmty.com\/index.php\/wp-json\/wp\/v2\/comments?post=6202"}],"version-history":[{"count":0,"href":"https:\/\/tecsecmty.com\/index.php\/wp-json\/wp\/v2\/product\/6202\/revisions"}],"wp:featuredmedia":[{"embeddable":true,"href":"https:\/\/tecsecmty.com\/index.php\/wp-json\/wp\/v2\/media\/6201"}],"wp:attachment":[{"href":"https:\/\/tecsecmty.com\/index.php\/wp-json\/wp\/v2\/media?parent=6202"}],"wp:term":[{"taxonomy":"product_brand","embeddable":true,"href":"https:\/\/tecsecmty.com\/index.php\/wp-json\/wp\/v2\/product_brand?post=6202"},{"taxonomy":"product_cat","embeddable":true,"href":"https:\/\/tecsecmty.com\/index.php\/wp-json\/wp\/v2\/product_cat?post=6202"},{"taxonomy":"product_tag","embeddable":true,"href":"https:\/\/tecsecmty.com\/index.php\/wp-json\/wp\/v2\/product_tag?post=6202"}],"curies":[{"name":"wp","href":"https:\/\/api.w.org\/{rel}","templated":true}]}}