{"id":6236,"date":"2023-02-23T12:01:27","date_gmt":"2023-02-23T18:01:27","guid":{"rendered":"https:\/\/tecsecmty.com\/index.php\/producto\/bosch-m_plm4p220-plena-matrix-amplificador-de-4-canales-220w-ultimaspiezas-ofertasaaa\/"},"modified":"2023-03-22T23:21:32","modified_gmt":"2023-03-23T05:21:32","slug":"bosch-m_plm4p220-plena-matrix-amplificador-de-4-canales-220w-ultimaspiezas-ofertasaaa","status":"publish","type":"product","link":"https:\/\/tecsecmty.com\/index.php\/producto\/bosch-m_plm4p220-plena-matrix-amplificador-de-4-canales-220w-ultimaspiezas-ofertasaaa\/","title":{"rendered":"BOSCH M_PLM4P220 &#8211; Plena MATRIX amplificador de 4 canales 220W #ultimaspiezas #OfertasAAA"},"content":{"rendered":"<h5 class=\"card-title text-center\">Amplificador de 220 W DSP de 4 canales PLM-4P220 PLENA matrix<\/h5>\n<p class=\"ql-align-justify\"><strong>Los amplificadores PLM\u20114P220 PLENA matrix<\/strong>\u00a0est\u00e1n dise\u00f1ados para ofrecer un alto rendimiento. Se han dise\u00f1ado como amplificadores multicanal asequibles y fiables que son adecuados para pr\u00e1cticamente cualquier aplicaci\u00f3n que requiera audio de calidad y control flexible. El procesador\u00a0<strong>DSP\u00a0<\/strong>integrado cuenta con caracter\u00edsticas potentes. La biblioteca de altavoces permite ajustar de forma sencilla los productos<strong>\u00a0Bosch\/EV\/Dynacord<\/strong>. El modo de ahorro de energ\u00eda del amplificador permite al amplificador ahorrar m\u00e1s del 80% de los costes de funcionamiento en zonas donde no se utiliza. Equipado con \u00abAmp Link\u00bb, la combinaci\u00f3n de los amplificadores<strong>\u00a0PLM\u20114P220<\/strong>\u00a0con el mezclador\u00a0<strong>DSP Matrix de 8<\/strong>\u00a0canales\u00a0<strong>PLM\u20118M8<\/strong>\u00a0no podr\u00eda ser m\u00e1s sencilla. Entre las aplicaciones habituales se incluyen: centros comerciales, escuelas, restaurantes, bares, discotecas, cafeter\u00edas, gimnasios, instalaciones de ocio, iglesias, almacenes, edificios de oficinas, aeropuertos, estaciones de ferrocarril, terminales de autobuses, salas de juntas, salas de reuniones, salas de conferencias, parques tem\u00e1ticos peque\u00f1os, museos, centros de artes esc\u00e9nicas y estadios deportivos.<\/p>\n<p class=\"ql-align-justify\"><strong>Funciones b\u00e1sicas<\/strong><\/p>\n<p class=\"ql-align-justify\"><strong>Controles e indicadores<\/strong><\/p>\n<p class=\"ql-align-justify\">Los indicadores del panel frontal son: se\u00f1al\/secuencia, fallo por canal y alimentaci\u00f3n. No hay controles en la parte delantera de la unidad; esto es para reducir la intervenci\u00f3n de personal de las instalaciones \u00abexcesivamente servicial\u00bb. Sin embargo, en la parte trasera de la unidad se encuentra la atenuaci\u00f3n para los<strong>\u00a04 canales de salida<\/strong>, los interruptores DIP para cambiar la sensibilidad de entrada, las conexiones para los canales del amplificador y el interruptor de alimentaci\u00f3n principal.<strong>\u00a0Todos los dem\u00e1s controles e indicadores est\u00e1n disponibles a trav\u00e9s del software GUI para PC.<\/strong><\/p>\n<p class=\"ql-align-justify\"><strong>Funciones DSP<\/strong><\/p>\n<p class=\"ql-align-justify\">El acceso a las funciones DSP se realiza a trav\u00e9s del software GUI para PC.<\/p>\n<p class=\"ql-align-justify\">\u2022 Mezclador de entrada: cada uno de los 4 canales del amplificador tiene un mezclador de entrada independiente. A trav\u00e9s del software GUI para PC se puede mezclar cualquiera de las 4 entradas de l\u00ednea y controlar el nivel de la entrada de anulaci\u00f3n y el generador de ruido, creando de manera eficaz un amplificador mezclador independiente muy potente.<\/p>\n<p class=\"ql-align-justify\">\u2022 Transmisi\u00f3n: proporciona HPF, LPF hasta el 8.\u00ba orden para cada canal.<\/p>\n<p class=\"ql-align-justify\">\u2022 Ecualizador de salida: cada zona tiene un ecualizador param\u00e9trico totalmente funcional de 8 bandas. Contiene tambi\u00e9n la funci\u00f3n de optimizaci\u00f3n din\u00e1mica de graves.<\/p>\n<p class=\"ql-align-justify\">\u2022 Retardo: retardo de salida de 120 ms por canal.<\/p>\n<p class=\"ql-align-justify\">\u2022 Compresor de rango din\u00e1mico (DRC): umbral, relaci\u00f3n, ataque, liberaci\u00f3n y ganancia por canal.<\/p>\n<p class=\"ql-align-justify\">\u2022 Nivel de salida: capacidad de limitar una salida de canales del amplificador.<\/p>\n<p class=\"ql-align-justify\">\u2022 Mezclador de nivel de salida: cada salida del amplificador se controla de manera independiente en una pantalla, por lo que es f\u00e1cil de ajustar y usar.<\/p>\n<p class=\"ql-align-justify\">\u2022 Indicaci\u00f3n de temperatura y fallos por canal del amplificador.<\/p>\n<p class=\"ql-align-justify\">\u2022 Activaci\u00f3n de silencio del sistema o de canales espec\u00edficos.<\/p>\n<p class=\"ql-align-justify\">\u2022 Modo de espera manual.<\/p>\n<p class=\"ql-align-justify\">\u2022 Control a trav\u00e9s del software GUI para PC o aplicaci\u00f3n de control de iOS. Se puede utilizar software de control de otros fabricantes para controlar el mezclador de nivel de salida y los modos de espera a trav\u00e9s de Ethernet.<\/p>\n<p class=\"ql-align-justify\"><strong>Optimizaci\u00f3n din\u00e1mica de graves<\/strong><\/p>\n<p class=\"ql-align-justify\">Una zona que est\u00e1 bien sintonizada y suena bien en niveles normales pueden sonar aguda al bajar el volumen. La optimizaci\u00f3n din\u00e1mica de graves proporciona autom\u00e1ticamente un sonido m\u00e1s completo incluso con\u00a0<strong>NPA\u00a0<\/strong>bajo. Cuando se restaura la zona al nivel normal, la optimizaci\u00f3n de graves disminuye proporcionalmente para restaurar el nivel preestablecido y el ajuste.<\/p>\n<p class=\"ql-align-justify\"><strong>Modo de espera y modo de espera autom\u00e1tico<\/strong><\/p>\n<p class=\"ql-align-justify\">El modo de espera reduce el impacto medioambiental y los costes de funcionamiento de tener amplificadores de potencia en propiedad, de modo que resulta mucho m\u00e1s rentable y respetuoso con el medio ambiente que otros amplificadores. El modo de espera se puede activar y desactivar manualmente a trav\u00e9s del software\u00a0<strong>GUI\u00a0<\/strong>para\u00a0<strong>PC\u00a0<\/strong>o, si se a\u00f1ade un detector de movimiento de Bosch, puede convertirse en un \u00abmodo de espera autom\u00e1tico\u00bb. En las zonas donde se ha detenido la actividad, el amplificador cambiar\u00e1 autom\u00e1ticamente a un modo de bajo consumo de energ\u00eda despu\u00e9s de un tiempo determinado. Cuando el \u00e1rea se vuelve a activar de nuevo, el amplificador simplemente se restaura y se activa completamente en menos de un segundo aumentando la m\u00fasica ambiental con suavidad.\u00a0<strong>El amplificador viene equipado tambi\u00e9n con una salida de alimentaci\u00f3n de 12 V CC, para facilitar la instalaci\u00f3n de detectores de movimiento.<\/strong><\/p>\n<p class=\"ql-align-justify\"><strong>Planificaci\u00f3n Conexiones y Amp Link<\/strong><\/p>\n<p class=\"ql-align-justify\">Entradas Los amplificadores\u00a0<strong>PLM\u20114P220<\/strong>\u00a0se han equipado para utilizarse con clavijas\u00a0<strong>TRS, XLR de 3 patillas o bloques terminales euro\/Phoenix en cada uno de los canales de entrada.<\/strong>\u00a0Puesto que estas conexiones est\u00e1n conectadas en paralelo; solo hay que realizar un bucle de salida a trav\u00e9s de la conexi\u00f3n que no se utiliza como entrada. Adem\u00e1s, la entrada Amp Link facilita mucho la conexi\u00f3n al mezclador<strong>\u00a0DSP Matrix PLM8M8.\u00a0<\/strong>Solo hay que conectar el cable Categor\u00eda 5 suministrado a los puertos Amp Link de cada unidad para que transporte 4 canales de audio desde el mezclador\u00a0<strong>DSP Matrix\u00a0<\/strong>al amplificador. No se requiere instalaci\u00f3n ni configuraci\u00f3n. Adem\u00e1s, hay una entrada de anulaci\u00f3n de nivel de l\u00ednea balanceada que se puede activar mediante un cierre por contacto. Esta entrada anular\u00e1 a todas las dem\u00e1s entradas del amplificador.<\/p>\n<p class=\"ql-align-justify\"><strong>Salida<\/strong><\/p>\n<p class=\"ql-align-justify\"><strong>Conexiones para salidas de 100 V, 70 V, 8 ohmios y 4 ohmios disponibles para cada canal. Las salidas pueden ser 1-2 o 3-4\u00a0<\/strong>canales de modo de puente mediante interruptores DIP. Todas las configuraciones e impedancias de salida se admiten simult\u00e1neamente.\u00a0<strong>Por ejemplo:<\/strong>\u00a0<strong>Ch1-2 se conecta en modo de puente con una carga de 4 ohmios, Ch3 tiene 100 V, Ch4 tiene una carga de 8 ohmios; todo esto es posible sin p\u00e9rdida de rendimiento.\u00a0<\/strong><\/p>\n<p class=\"ql-align-justify\"><strong>Piezas incluidas<\/strong><\/p>\n<ul>\n<li class=\"ql-align-justify\">1 Amplificador de potencia PLM\u20114P220.<\/li>\n<li class=\"ql-align-justify\">1 Cable de alimentaci\u00f3n.<\/li>\n<li class=\"ql-align-justify\">1 Juego de soportes de montaje de 19 pulg.<\/li>\n<li class=\"ql-align-justify\">1 Cable Categor\u00eda 5 de 26 AWG blindado (1 m)<\/li>\n<li class=\"ql-align-justify\">1 Documentaci\u00f3n de seguridad.<\/li>\n<\/ul>\n<p class=\"ql-align-justify\"><strong>Nota: Amplificador de 220 W DSP de 4 canales PLM-4P220<\/strong><\/p>\n<p class=\"ql-align-justify\"><strong>PLENA matrix Amplificador y procesador de sonido digital de 4 canales y 220 W para los 4 canales. N\u00famero de pedido: PLM-4P220.<\/strong><\/p>\n<p class=\"ql-align-justify\"><strong>Principales Caracter\u00edsticas<\/strong><\/p>\n<ul>\n<li class=\"ql-align-justify\">Amplificador de potencia de 4 canales de clase D.<\/li>\n<li class=\"ql-align-justify\">Salidas de 100 V\/70 V\/8 \u03a9\/4 \u03a9.<\/li>\n<li class=\"ql-align-justify\">DSP de procesamiento de altavoz completo con mezcla de Entradas; controlado por GUI para PC y aplicaci\u00f3n de iOS.<\/li>\n<li class=\"ql-align-justify\">Amp Link para conectar f\u00e1cilmente a PLM-8M8 u Modo de espera autom\u00e1tico respetuoso con el medio ambiente.<\/li>\n<\/ul>\n<p class=\"ql-align-justify\"><strong>Especificaciones<\/strong><\/p>\n<p class=\"ql-align-justify\"><strong>El\u00e9ctricas<\/strong><\/p>\n<p class=\"ql-align-justify\"><strong>Fuente de alimentaci\u00f3n<\/strong><\/p>\n<p class=\"ql-align-justify\"><strong>Tensi\u00f3n de alimentaci\u00f3n:<\/strong><\/p>\n<ul>\n<li class=\"ql-align-justify\">Tensi\u00f3n de entrada nominal 100 &#8211; 240 V CA \u00b110%, 50\/60 Hz.<\/li>\n<li class=\"ql-align-justify\">L\u00edmites de tensi\u00f3n de entrada 90 &#8211; 264 V CA.<\/li>\n<li class=\"ql-align-justify\">Consumo de energ\u00eda (-6 dB\/en reposo\/en espera): PLM\u20114P220 412 W \/ 36 W \/ 6 W.<\/li>\n<\/ul>\n<p class=\"ql-align-justify\"><strong>Rendimiento<\/strong><\/p>\n<ul>\n<li class=\"ql-align-justify\">Impedancia\/tensi\u00f3n nominal de las se\u00f1ales de salida 100 V \/ 70 V \/ 8 ohmios \/ 4 ohmios.<\/li>\n<li class=\"ql-align-justify\">Potencia nominal de salida por canal (continua ): PLM\u20114P220 220 W.<\/li>\n<li class=\"ql-align-justify\">Potencia nominal de salida por canal (r\u00e1faga ): PLM\u20114P220 220 W.<\/li>\n<li class=\"ql-align-justify\">Modo de puente (CH 1\u20112 \/ 3\u20114) (continuo ): PLM\u20114P220 385 W Modo de puente (CH 1\u20112 \/ 3\u20114) (r\u00e1faga ): PLM\u20114P220 445 W THD+N (1 kHz, 6 dBFS): PLM\u20114P220 0,03 %.<\/li>\n<li class=\"ql-align-justify\">Rango din\u00e1mico (ponderaci\u00f3n A): PLM\u20114P220 &gt;102 dB.<\/li>\n<li class=\"ql-align-justify\">Respuesta de frecuencia (-1 dB): De 65 Hz a 20 kHz (+0\/\u20113 dB).<\/li>\n<li class=\"ql-align-justify\">Diafon\u00eda a 1 kHz &lt;-70 dB.<\/li>\n<\/ul>\n<p class=\"ql-align-justify\"><strong>Conectores Entradas (conexi\u00f3n por cable en paralelo):<\/strong><\/p>\n<ul>\n<li class=\"ql-align-justify\">4x unidades de XLR balanceados de 3 patillas.<\/li>\n<li class=\"ql-align-justify\">4x terminales Phoenix de 3 polos (m\u00e9trico).<\/li>\n<li class=\"ql-align-justify\">1x RJ45 (Amp Link).<\/li>\n<li class=\"ql-align-justify\">Salida del altavoz 4x terminales Phoenix de 3 polos (m\u00e9trico).<\/li>\n<\/ul>\n<p class=\"ql-align-justify\">\u00a0<strong>Mec\u00e1nicas<\/strong><\/p>\n<ul>\n<li class=\"ql-align-justify\">Dimensiones (Al. x An. x Pr.) 90 x 440 x 417 mm 3,5 x 17,3 x 16,4 pulg. (19 pulg. de ancho, 2RU de alto).<\/li>\n<li class=\"ql-align-justify\">Montaje Rack independiente de 19 pulg.<\/li>\n<li class=\"ql-align-justify\">Color Negro tr\u00e1fico (RAL 9017).<\/li>\n<li class=\"ql-align-justify\">Plata (RAL 9006).<\/li>\n<li class=\"ql-align-justify\">Peso: PLM\u20114P220 Aprox. 18 kg Aprox. 39,7 libras.<\/li>\n<\/ul>\n<p class=\"ql-align-justify\"><strong>Medioambientales<\/strong><\/p>\n<ul>\n<li class=\"ql-align-justify\">Temperatura de funcionamiento: De -10 \u00b0C a +45 \u00b0C.<\/li>\n<li class=\"ql-align-justify\">Temperatura de almacenamiento De -40 \u00b0C a +70 \u00b0C.<\/li>\n<li class=\"ql-align-justify\">Humedad relativa &lt;95%.<\/li>\n<\/ul>\n<p><img fetchpriority=\"high\" decoding=\"async\" class=\"alignnone size-full wp-image-9866\" src=\"https:\/\/tecsecmty.com\/wp-content\/uploads\/2023\/02\/6.png\" alt=\"\" width=\"960\" height=\"540\" \/><\/p>\n","protected":false},"excerpt":{"rendered":"<p>Amplificador de 220 W DSP de 4 canales PLM-4P220 PLENA matrix Los amplificadores PLM\u20114P220 PLENA matrix\u00a0est\u00e1n dise\u00f1ados para ofrecer un alto rendimiento. Se han dise\u00f1ado como amplificadores multicanal asequibles y fiables que son adecuados para pr\u00e1cticamente cualquier aplicaci\u00f3n que requiera audio de calidad y control&hellip;<\/p>\n","protected":false},"featured_media":6235,"comment_status":"open","ping_status":"closed","template":"","meta":{"om_disable_all_campaigns":false,"_monsterinsights_skip_tracking":false,"_monsterinsights_sitenote_active":false,"_monsterinsights_sitenote_note":"","_monsterinsights_sitenote_category":0},"product_brand":[],"product_cat":[529],"product_tag":[513,514,511,516,519,517,520,515,181,518,512],"class_list":{"0":"post-6236","1":"product","2":"type-product","3":"status-publish","4":"has-post-thumbnail","6":"product_cat-amplificadores","7":"product_tag-altavoces","8":"product_tag-amplificadores","9":"product_tag-audio-y-video","10":"product_tag-audioporteros","11":"product_tag-digital-signage","12":"product_tag-intercomunicadores","13":"product_tag-kits-videoporteros","14":"product_tag-mezcladoras","15":"product_tag-microfonos","16":"product_tag-sistemas-de-enfermeria","17":"product_tag-videoporteros","19":"first","20":"instock","21":"sale","22":"taxable","23":"shipping-taxable","24":"purchasable","25":"product-type-simple"},"aioseo_notices":[],"_links":{"self":[{"href":"https:\/\/tecsecmty.com\/index.php\/wp-json\/wp\/v2\/product\/6236","targetHints":{"allow":["GET"]}}],"collection":[{"href":"https:\/\/tecsecmty.com\/index.php\/wp-json\/wp\/v2\/product"}],"about":[{"href":"https:\/\/tecsecmty.com\/index.php\/wp-json\/wp\/v2\/types\/product"}],"replies":[{"embeddable":true,"href":"https:\/\/tecsecmty.com\/index.php\/wp-json\/wp\/v2\/comments?post=6236"}],"version-history":[{"count":0,"href":"https:\/\/tecsecmty.com\/index.php\/wp-json\/wp\/v2\/product\/6236\/revisions"}],"wp:featuredmedia":[{"embeddable":true,"href":"https:\/\/tecsecmty.com\/index.php\/wp-json\/wp\/v2\/media\/6235"}],"wp:attachment":[{"href":"https:\/\/tecsecmty.com\/index.php\/wp-json\/wp\/v2\/media?parent=6236"}],"wp:term":[{"taxonomy":"product_brand","embeddable":true,"href":"https:\/\/tecsecmty.com\/index.php\/wp-json\/wp\/v2\/product_brand?post=6236"},{"taxonomy":"product_cat","embeddable":true,"href":"https:\/\/tecsecmty.com\/index.php\/wp-json\/wp\/v2\/product_cat?post=6236"},{"taxonomy":"product_tag","embeddable":true,"href":"https:\/\/tecsecmty.com\/index.php\/wp-json\/wp\/v2\/product_tag?post=6236"}],"curies":[{"name":"wp","href":"https:\/\/api.w.org\/{rel}","templated":true}]}}