{"id":6264,"date":"2023-02-23T12:01:55","date_gmt":"2023-02-23T18:01:55","guid":{"rendered":"https:\/\/tecsecmty.com\/index.php\/producto\/bosch-m_dcnmwap-puntio-de-acceso-inalambrico-dicentis\/"},"modified":"2023-03-22T23:21:26","modified_gmt":"2023-03-23T05:21:26","slug":"bosch-m_dcnmwap-puntio-de-acceso-inalambrico-dicentis","status":"publish","type":"product","link":"https:\/\/tecsecmty.com\/index.php\/producto\/bosch-m_dcnmwap-puntio-de-acceso-inalambrico-dicentis\/","title":{"rendered":"BOSCH M_DCNMWAP- PUNTIO DE ACCESO INALAMBRICO DICENTIS"},"content":{"rendered":"<h5 class=\"card-title text-center\">DCNM-WAP Punto de acceso inal\u00e1mbrico<\/h5>\n<p class=\"ql-align-justify\"><strong>El punto de acceso inal\u00e1mbrico (DCNM\u2011WAP) es la unidad central del sistema de conferencias inal\u00e1mbrico DICENTIS. Vincula las unidades inal\u00e1mbricas (DCNM\u2011WD y DCNM\u2011WDE) mediante una comunicaci\u00f3n inal\u00e1mbrica WPA2.<\/strong>\u00a0La DCNM\u2011WAP compacta con interfaz de navegador web integrada es todo lo que necesita para montar, configurar y controlar el sistema de conferencias inal\u00e1mbrico DICENTIS. El punto de acceso inal\u00e1mbrico puede colocarse de forma discreta en un muro, el techo o un tr\u00edpode para el suelo utilizando el soporte de montaje universal incluido.<\/p>\n<p class=\"ql-align-justify\">Funciones<\/p>\n<p class=\"ql-align-justify\">F\u00e1cil de usar<\/p>\n<ul>\n<li class=\"ql-align-justify\">Verdaderamente inal\u00e1mbrico. No requiere router Wi-Fi inal\u00e1mbrico adicional para control por tablet.<\/li>\n<li class=\"ql-align-justify\">Es una navegador web sencilla e intuitiva para montar, configurar, controlar y conseguir la licencia del sistema.<\/li>\n<li class=\"ql-align-justify\">Control de c\u00e1mara integrado en el sistema.<\/li>\n<li class=\"ql-align-justify\">Funci\u00f3n de prueba de alcance para garantizar que todos los Dispositivos inal\u00e1mbricos est\u00e9n al alcance independientemente de la frecuencia de Wi-Fi seleccionada.<\/li>\n<li class=\"ql-align-justify\">Interfaz remota mediante API para controlar micr\u00f3fonos y sistemas de c\u00e1maras de terceros.<\/li>\n<\/ul>\n<p class=\"ql-align-justify\"><strong>Sin interferencias<\/strong><\/p>\n<ul>\n<li class=\"ql-align-justify\">Cambio autom\u00e1tico perfecto de canal de frecuencia inal\u00e1mbrica.<\/li>\n<li class=\"ql-align-justify\">Funciona en las siguientes bandas (sin licencia): \u2013 2,4 GHz. \u2013 5 GHz (UNII\u20111, UNII\u20112, UNII\u20112 ampliado y UNII\u20113).<\/li>\n<li class=\"ql-align-justify\">Ocultaci\u00f3n de p\u00e9rdida de paquetes para enmascarar los efectos de los paquetes perdidos o desechados.<\/li>\n<\/ul>\n<p class=\"ql-align-justify\"><strong>Wi-Fi est\u00e1ndar<\/strong><\/p>\n<ul>\n<li class=\"ql-align-justify\">Visibilidad en la infraestructura de TI.<\/li>\n<li class=\"ql-align-justify\">Coexistencia con otras redes Wi-Fi.<\/li>\n<\/ul>\n<p class=\"ql-align-justify\"><strong>General<\/strong><\/p>\n<ul>\n<li class=\"ql-align-justify\">Alimentaci\u00f3n mediante: adaptador de alimentaci\u00f3n, alimentaci\u00f3n por Ethernet (PoE) o cable de red de sistema Dicentis.<\/li>\n<li class=\"ql-align-justify\">Rango del \u00e1rea de cobertura inal\u00e1mbrica 30 m x 30 m.<\/li>\n<li class=\"ql-align-justify\">La funcionalidad es modular y se puede ampliar mediante obtenci\u00f3n de licencias.<\/li>\n<\/ul>\n<p class=\"ql-align-justify\"><strong>Navegador web<\/strong><\/p>\n<ul>\n<li class=\"ql-align-justify\">DCNM\u2011WAP admite las funciones de software siguientes disponibles mediante la navegador web (algunas funciones no son compatibles si se utiliza un tablet).<\/li>\n<\/ul>\n<p class=\"ql-align-justify\"><strong>C\u00e1maras de sistema<\/strong><\/p>\n<ul>\n<li class=\"ql-align-justify\">Para proporcionar una vista general visual clara de lo que sucede.<\/li>\n<li class=\"ql-align-justify\">Control de hasta seis domos para conferencias HD SDI en el sistema.<\/li>\n<\/ul>\n<p class=\"ql-align-justify\"><strong>Configuraci\u00f3n est\u00e1ndar<\/strong><\/p>\n<ul>\n<li class=\"ql-align-justify\">Administraci\u00f3n de usuarios que permite crear varios usuarios con accesos espec\u00edficos a funciones.<\/li>\n<li class=\"ql-align-justify\">Configuraci\u00f3n de entrada\/salida de l\u00ednea y enrutamiento.<\/li>\n<li class=\"ql-align-justify\">Ecualizador param\u00e9trico de 5 bandas.<\/li>\n<li class=\"ql-align-justify\">Configuraci\u00f3n de WPA2 y SSID de red inal\u00e1mbrica. \u2022 Configuraci\u00f3n del nombre de host en red cableada (protocolo DHCP y sin configuraci\u00f3n basado en Bonjour; se admiten IP fijas).<\/li>\n<li class=\"ql-align-justify\">Carga de logotipo personalizado, que se muestra en el DCNM\u2011WDE Unidad inal\u00e1mbrica ampliada.<\/li>\n<li class=\"ql-align-justify\">Configuraci\u00f3n de idioma de la interfaz gr\u00e1fica de usuario.<\/li>\n<li class=\"ql-align-justify\">Ajuste de f\u00e1brica.<\/li>\n<li class=\"ql-align-justify\">Suscripci\u00f3n de dispositivos mediante protocolo WPS est\u00e1ndar.<\/li>\n<li class=\"ql-align-justify\">Configuraci\u00f3n de fecha y hora. Sincronizaci\u00f3n autom\u00e1tica de fecha y hora mediante servidor NTP desde Internet o desde servidor local DHCP.<\/li>\n<li class=\"ql-align-justify\">Actualizaci\u00f3n del firmware de todas las unidades y el DCNM\u2011WAP utilizando la red inal\u00e1mbrica (no se admite cuando se utiliza la interfaz web en un tablet).<\/li>\n<li class=\"ql-align-justify\">Funci\u00f3n de registro con exportaci\u00f3n (la exportaci\u00f3n no se admite cuando se utiliza la interfaz en un tablet).<\/li>\n<li class=\"ql-align-justify\">Modo de reposo proporcionado en la interfaz de navegador web. El modo de reposo se puede utilizar durante un descanso de la reuni\u00f3n. Cuando se selecciona, el WAP se configura en espera y todas las unidades de debate se desconecta.<\/li>\n<li class=\"ql-align-justify\">Configuraci\u00f3n de un DCNM\u2011WAP redundante mediante la configuraci\u00f3n de un DCNM\u2011WAP primario o secundario en la interfaz del navegador web.<\/li>\n<li class=\"ql-align-justify\">Activaci\u00f3n de licencias (no se admite cuando se utiliza la interfaz en un tablet).<\/li>\n<\/ul>\n<p class=\"ql-align-justify\"><strong>Configuraci\u00f3n con licencias<\/strong><\/p>\n<ul>\n<li class=\"ql-align-justify\">Control de c\u00e1mara y configuraci\u00f3n de conmutador HD-SDI. \u2013 Asignaci\u00f3n de preposici\u00f3n de c\u00e1mara a asientos (requiere un DCNM\u2011LCC por DCNM\u2011WAP).<\/li>\n<li class=\"ql-align-justify\">Configuraci\u00f3n de uso dual (requiere DCNM\u2011LSDU por DCNM\u2011WD\/DCNM\u2011WDE).<\/li>\n<li class=\"ql-align-justify\">Identificaci\u00f3n mediante el uso de la tarjeta de proximidad NFC y el nombre de asiento, incluida la configuraci\u00f3n de prioridad para el presidente.<\/li>\n<li class=\"ql-align-justify\">Si los Dispositivos inal\u00e1mbricos est\u00e1n en uso dual, se requiere una licencia para cada participante.<\/li>\n<li class=\"ql-align-justify\">Votaci\u00f3n en asiento (requiere DCNM\u2011LSVT por DCNM\u2011WD\/DCNM\u2011WDE). Si los Dispositivos inal\u00e1mbricos est\u00e1n en uso dual, se requiere una licencia para cada participante.<\/li>\n<\/ul>\n<p class=\"ql-align-justify\"><strong>Preparaci\u00f3n<\/strong><\/p>\n<ul>\n<li class=\"ql-align-justify\">Ajustes de modo de debate, abierto, relevo, voz y pulsar para hablar.<\/li>\n<li class=\"ql-align-justify\">M\u00e1ximo de 25 micr\u00f3fonos abiertos.<\/li>\n<li class=\"ql-align-justify\">Nombres de participante. \u2022 Identificaci\u00f3n de los participantes mediante tarjetas de proximidad NFC (requiere DCNM\u2011LSID por asiento).<\/li>\n<li class=\"ql-align-justify\">Identificaci\u00f3n de asiento asignado o en asiento libre.<\/li>\n<li class=\"ql-align-justify\">Prueba de cobertura para garantizar la cobertura de las unidades en caso de cambio de canal. \u2022 Un m\u00e1ximo de hasta 25 Dispositivos inal\u00e1mbricos pueden tener prioridad (requiere DCNM\u2011LSID por DCNM\u2011WD\/DCNM\u2011WDE).<\/li>\n<\/ul>\n<p class=\"ql-align-justify\"><strong>Administraci\u00f3n y control<\/strong><\/p>\n<ul>\n<li class=\"ql-align-justify\">A\u00f1adir\/eliminar participante\/asiento a de la lista de espera o de oradores.<\/li>\n<li class=\"ql-align-justify\">Cambio de la lista de espera a la de oradores.<\/li>\n<li class=\"ql-align-justify\">Control del tiempo de duraci\u00f3n de la bater\u00eda y de la intensidad de la se\u00f1al por asiento.<\/li>\n<li class=\"ql-align-justify\">Apagar todos los Dispositivos inal\u00e1mbricos.<\/li>\n<li class=\"ql-align-justify\">Control de voto con tema, conjunto de respuestas y presentaci\u00f3n de resultados.<\/li>\n<\/ul>\n<p class=\"ql-align-justify\"><strong>Navegador web general<\/strong><\/p>\n<ul>\n<li class=\"ql-align-justify\">Informaci\u00f3n del sistema.<\/li>\n<li class=\"ql-align-justify\">Admite varios idiomas.<\/li>\n<\/ul>\n<p class=\"ql-align-justify\"><strong>Controles e indicadores<\/strong><\/p>\n<ul>\n<li class=\"ql-align-justify\">2 x 3 LED en el lado frontal muestran el estado del Punto de acceso inal\u00e1mbrico\/sistema.<\/li>\n<li class=\"ql-align-justify\">Control del ecualizador.<\/li>\n<li class=\"ql-align-justify\">Control de terceros, API y votos.<\/li>\n<\/ul>\n<p class=\"ql-align-justify\"><strong>Interconexiones<\/strong><\/p>\n<ul>\n<li class=\"ql-align-justify\">1 conector Ethernet\/PoE\/DCN multimedia.<\/li>\n<li class=\"ql-align-justify\">1x conector de entrada del adaptador de alimentaci\u00f3n de CC.<\/li>\n<li class=\"ql-align-justify\">2 x 6.3 mm conectores jack para conexiones de entrada de l\u00ednea de audio y salida de l\u00ednea de audio con sistemas externos.<\/li>\n<\/ul>\n<p class=\"ql-align-justify\"><strong>Conexiones de sistemas externos<\/strong><\/p>\n<p class=\"ql-align-justify\">Funciones adicionales para la conexi\u00f3n de equipos de sistemas externos. Estas funciones incluyen:<\/p>\n<ul>\n<li class=\"ql-align-justify\">Una aplicaci\u00f3n de programaci\u00f3n por navegador web para controlar el equipo externo, como videoc\u00e1maras (mediante una switch de control SDI) o como informaci\u00f3n para pantallas de sala.<\/li>\n<li class=\"ql-align-justify\">Una l\u00ednea de audio (balanceada) de salida para conectar a un sistema de refuerzo de audio, mezcladores de audio o sistema de registro de voz para grabaci\u00f3n de audio de todo el contenido hablado de la conferencia.<\/li>\n<li class=\"ql-align-justify\">Una entrada de l\u00ednea de audio (balanceada) para permitir la conexi\u00f3n de fuentes de audio.<\/li>\n<li class=\"ql-align-justify\">Permite el uso de un acoplador telef\u00f3nico para la conexi\u00f3n de un participante remoto u otro sistema de conferencias.<\/li>\n<li class=\"ql-align-justify\">Inserci\u00f3n de un dispositivo de procesamiento de sonido externo, como un ecualizador gr\u00e1fico adicional en la v\u00eda de audio de los altavoces de las unidades inal\u00e1mbricas.<\/li>\n<\/ul>\n<p class=\"ql-align-justify\"><strong>Certificaciones y aprobaciones<\/strong><\/p>\n<ul>\n<li class=\"ql-align-justify\">UE CE y RAEE.<\/li>\n<li class=\"ql-align-justify\">EE.UU. UL y FCC.<\/li>\n<li class=\"ql-align-justify\">CA CSA, EPS y ISED.<\/li>\n<li class=\"ql-align-justify\">RCM, MEPS, (NZ: GURL) KC AU\/NZ.<\/li>\n<li class=\"ql-align-justify\">RCM, MEPS, (NZ: GURL).<\/li>\n<li class=\"ql-align-justify\">RU\/KZ\/BY EAC.<\/li>\n<li class=\"ql-align-justify\">JP PSE, MIC.<\/li>\n<li class=\"ql-align-justify\">CN Directiva RoHS de China, CCC, CMIIT.<\/li>\n<li class=\"ql-align-justify\">SA SASO, CITC.<\/li>\n<li class=\"ql-align-justify\">BR ANATEL.<\/li>\n<\/ul>\n<p class=\"ql-align-justify\"><strong>Piezas incluidas<\/strong><\/p>\n<ul>\n<li class=\"ql-align-justify\">1 DCNM\u2011WAP Punto de acceso inal\u00e1mbrico.<\/li>\n<li class=\"ql-align-justify\">1 Adaptador de alimentaci\u00f3n de CA\/CC. Incluye: conector de CA para Australia, conector de CA para el Reino Unido, conector de CA para la Uni\u00f3n Europea, conector de CA para Estados Unidos, GE24I48\u2011R7B.<\/li>\n<li class=\"ql-align-justify\">1 Soporte de montaje.<\/li>\n<li class=\"ql-align-justify\">1 DVD con manuales y software.<\/li>\n<li class=\"ql-align-justify\">1 Instrucciones de seguridad.<\/li>\n<\/ul>\n<p class=\"ql-align-justify\"><strong>Nota: DCNM-WAP Punto de acceso inal\u00e1mbrico<\/strong><\/p>\n<p class=\"ql-align-justify\"><strong>Punto de acceso inal\u00e1mbrico, color gris claro. Adaptador de alimentaci\u00f3n y soporte de montaje universal incluidos.<\/strong><\/p>\n<p class=\"ql-align-justify\"><strong>N\u00famero de pedido: DCNM-WAP.<\/strong><\/p>\n<p class=\"ql-align-justify\"><strong>Principales caracter\u00edsticas<\/strong><\/p>\n<ul>\n<li class=\"ql-align-justify\">Funcionamiento aut\u00f3nomo, sin necesidad de unidad de control central.<\/li>\n<li class=\"ql-align-justify\">Basado en el est\u00e1ndar Wi-Fi conforme a IEEE 802.11n.<\/li>\n<li class=\"ql-align-justify\">Codificaci\u00f3n WPA2 para comunicaci\u00f3n segura.<\/li>\n<li class=\"ql-align-justify\">Cambio de frecuencias perfecto en la banda de 2,4 GHz y 5 GHz.<\/li>\n<li class=\"ql-align-justify\">Alimentaci\u00f3n mediante un adaptador de alimentaci\u00f3n, alimentaci\u00f3n por Ethernet (POE) o cable de red de sistema DICENTIS.<\/li>\n<\/ul>\n<p class=\"ql-align-justify\"><strong>Especificaciones<\/strong><\/p>\n<p class=\"ql-align-justify\"><strong>El\u00e9ctricas<\/strong><\/p>\n<ul>\n<li class=\"ql-align-justify\">Tensi\u00f3n de alimentaci\u00f3n (PSU): De 100 a 240 V CA, de 50 a 60 Hz entrada 48 V CC salida.<\/li>\n<li class=\"ql-align-justify\">PoE 802.3af, 802.3at: tipo 1 modo A (endspan), modo B (midspan).<\/li>\n<li class=\"ql-align-justify\">Alimentaci\u00f3n del sistema DCNM de 48 V CC.<\/li>\n<li class=\"ql-align-justify\">Consumo de energ\u00eda de 10 W.<\/li>\n<li class=\"ql-align-justify\">Respuesta de frecuencia: De 80 Hz a 20 kHz Distorsi\u00f3n arm\u00f3nica total a nivel nominal &lt; 0,1 %.<\/li>\n<li class=\"ql-align-justify\">Rango din\u00e1mico &gt; 98 dBA.<\/li>\n<li class=\"ql-align-justify\">Relaci\u00f3n se\u00f1al a ruido &gt; 96 dBA.<\/li>\n<li class=\"ql-align-justify\">Ethernet 1000Base\u2011T IEEE 802.3ab.<\/li>\n<\/ul>\n<p class=\"ql-align-justify\"><strong>Entradas de audio<\/strong><\/p>\n<ul>\n<li class=\"ql-align-justify\">Jack nominal -18 dBV.<\/li>\n<li class=\"ql-align-justify\">Jack m\u00e1ximo +18 dBV.<\/li>\n<\/ul>\n<p class=\"ql-align-justify\"><strong>Salidas de audio<\/strong><\/p>\n<ul>\n<li class=\"ql-align-justify\">Jack nominal -18 dBV.<\/li>\n<li class=\"ql-align-justify\">Jack m\u00e1xima +20 dBV.<\/li>\n<\/ul>\n<p class=\"ql-align-justify\"><strong>Radio<\/strong><\/p>\n<ul>\n<li class=\"ql-align-justify\">WiFi est\u00e1ndar IEEE 802.11n.<\/li>\n<li class=\"ql-align-justify\">Rango de frecuencia 2,4 GHz y 5 GHz (ISM sin licencia).<\/li>\n<\/ul>\n<p class=\"ql-align-justify\"><strong>Mec\u00e1nicas<\/strong><\/p>\n<ul>\n<li class=\"ql-align-justify\">Montaje En techo, pared o tr\u00edpode (utilizando el soporte incluido).<\/li>\n<li class=\"ql-align-justify\">Dimensiones (al x an x pr) con soporte 285 x 202 x 65 mm (11,2 x 8,0 x 2,6 pulg).<\/li>\n<li class=\"ql-align-justify\">Peso: con soporte sin soporte 958 g (2,11 libras) 725 g (1,60 libras).<\/li>\n<li class=\"ql-align-justify\">Color Gris claro (RAL 000 7500).<\/li>\n<\/ul>\n<p class=\"ql-align-justify\"><strong>Medioambientales<\/strong><\/p>\n<ul>\n<li class=\"ql-align-justify\">Temperatura de funcionamiento: De 5 \u00b0C a +45 \u00b0C (de 41 \u00b0F a +113 \u00b0F).<\/li>\n<li class=\"ql-align-justify\">Temperatura de almacenamiento y transporte: De -20 \u00baC a +70 \u00baC (de -4 \u00baF a +158 \u00baF).<\/li>\n<li class=\"ql-align-justify\">Humedad relativa &lt; 95 %, &gt; 5 %.<\/li>\n<\/ul>\n","protected":false},"excerpt":{"rendered":"<p>DCNM-WAP Punto de acceso inal\u00e1mbrico El punto de acceso inal\u00e1mbrico (DCNM\u2011WAP) es la unidad central del sistema de conferencias inal\u00e1mbrico DICENTIS. Vincula las unidades inal\u00e1mbricas (DCNM\u2011WD y DCNM\u2011WDE) mediante una comunicaci\u00f3n inal\u00e1mbrica WPA2.\u00a0La DCNM\u2011WAP compacta con interfaz de navegador web integrada es todo lo que&hellip;<\/p>\n","protected":false},"featured_media":6263,"comment_status":"open","ping_status":"closed","template":"","meta":{"om_disable_all_campaigns":false,"_monsterinsights_skip_tracking":false,"_monsterinsights_sitenote_active":false,"_monsterinsights_sitenote_note":"","_monsterinsights_sitenote_category":0},"product_brand":[],"product_cat":[530],"product_tag":[513,514,511,516,519,517,520,515,181,518,512],"class_list":{"0":"post-6264","1":"product","2":"type-product","3":"status-publish","4":"has-post-thumbnail","6":"product_cat-mezcladoras","7":"product_tag-altavoces","8":"product_tag-amplificadores","9":"product_tag-audio-y-video","10":"product_tag-audioporteros","11":"product_tag-digital-signage","12":"product_tag-intercomunicadores","13":"product_tag-kits-videoporteros","14":"product_tag-mezcladoras","15":"product_tag-microfonos","16":"product_tag-sistemas-de-enfermeria","17":"product_tag-videoporteros","19":"first","20":"instock","21":"sale","22":"taxable","23":"shipping-taxable","24":"purchasable","25":"product-type-simple"},"aioseo_notices":[],"_links":{"self":[{"href":"https:\/\/tecsecmty.com\/index.php\/wp-json\/wp\/v2\/product\/6264","targetHints":{"allow":["GET"]}}],"collection":[{"href":"https:\/\/tecsecmty.com\/index.php\/wp-json\/wp\/v2\/product"}],"about":[{"href":"https:\/\/tecsecmty.com\/index.php\/wp-json\/wp\/v2\/types\/product"}],"replies":[{"embeddable":true,"href":"https:\/\/tecsecmty.com\/index.php\/wp-json\/wp\/v2\/comments?post=6264"}],"version-history":[{"count":0,"href":"https:\/\/tecsecmty.com\/index.php\/wp-json\/wp\/v2\/product\/6264\/revisions"}],"wp:featuredmedia":[{"embeddable":true,"href":"https:\/\/tecsecmty.com\/index.php\/wp-json\/wp\/v2\/media\/6263"}],"wp:attachment":[{"href":"https:\/\/tecsecmty.com\/index.php\/wp-json\/wp\/v2\/media?parent=6264"}],"wp:term":[{"taxonomy":"product_brand","embeddable":true,"href":"https:\/\/tecsecmty.com\/index.php\/wp-json\/wp\/v2\/product_brand?post=6264"},{"taxonomy":"product_cat","embeddable":true,"href":"https:\/\/tecsecmty.com\/index.php\/wp-json\/wp\/v2\/product_cat?post=6264"},{"taxonomy":"product_tag","embeddable":true,"href":"https:\/\/tecsecmty.com\/index.php\/wp-json\/wp\/v2\/product_tag?post=6264"}],"curies":[{"name":"wp","href":"https:\/\/api.w.org\/{rel}","templated":true}]}}