{"id":6266,"date":"2023-02-23T12:01:59","date_gmt":"2023-02-23T18:01:59","guid":{"rendered":"https:\/\/tecsecmty.com\/index.php\/producto\/bosch-m_dcnmwch05-cargador-para-5-paquetes-de-baterias\/"},"modified":"2023-03-22T23:21:26","modified_gmt":"2023-03-23T05:21:26","slug":"bosch-m_dcnmwch05-cargador-para-5-paquetes-de-baterias","status":"publish","type":"product","link":"https:\/\/tecsecmty.com\/index.php\/producto\/bosch-m_dcnmwch05-cargador-para-5-paquetes-de-baterias\/","title":{"rendered":"BOSCH M_DCNMWCH05- Cargador para 5 paquetes de bater\u00edas"},"content":{"rendered":"<h5 class=\"card-title text-center\">DCNM-WCH05 Cargador para 5 paquetes de bater\u00edas<\/h5>\n<p class=\"ql-align-justify\"><strong>Este Cargador puede cargar de manera simult\u00e1nea hasta 5 paquetes de bater\u00edas (DCNM\u2011WLIION).<\/strong>\u00a0El estado de carga de cada Paquete de bater\u00edas se muestra en un indicador LED de capacidad de carga espec\u00edfico. Los paquetes de bater\u00edas pueden permanecer en el Cargador cuando est\u00e1n totalmente cargados. No afecta al nivel de carga ni a la duraci\u00f3n de los paquetes de bater\u00edas. El Cargador est\u00e1 dise\u00f1ado para montaje en pared.<\/p>\n<p class=\"ql-align-justify\">Los conectores de alimentaci\u00f3n en bucle permiten conectar en serie un n\u00famero m\u00e1ximo de cargadores para que puedan compartir la misma salida de alimentaci\u00f3n:<\/p>\n<ul>\n<li class=\"ql-align-justify\">Se pueden conectar 2 cargadores como m\u00e1ximo en serie en las regiones a 100 \u2011 127 V CA, 50\u201160 Hz a 10 A.<\/li>\n<li class=\"ql-align-justify\">Se pueden conectar en serie 5 cargadores como m\u00e1ximo en las regiones con 220 \u2011 240 V CA, 50\u201160 Hz a 10 A.<\/li>\n<\/ul>\n<p class=\"ql-align-justify\"><strong>Funciones b\u00e1sicas<\/strong><\/p>\n<p class=\"ql-align-justify\"><strong>Controles e indicadores<\/strong><\/p>\n<ul>\n<li class=\"ql-align-justify\">Cinco indicadores LED de capacidad de carga de Paquete de bater\u00edas individuales.<\/li>\n<li class=\"ql-align-justify\">Indicador LED de alimentaci\u00f3n encendida\/apagada. Interconexiones<\/li>\n<li class=\"ql-align-justify\">Conector de alimentaci\u00f3n.<\/li>\n<li class=\"ql-align-justify\">Conector de alimentaci\u00f3n en bucle.<\/li>\n<li class=\"ql-align-justify\">Conector de carga del paquete de bater\u00edas.<\/li>\n<\/ul>\n<p class=\"ql-align-justify\"><strong>Certificaciones y aprobaciones<\/strong><\/p>\n<ul>\n<li class=\"ql-align-justify\">UE CE yRAEE.<\/li>\n<li class=\"ql-align-justify\">EE.UU. UL, FCC.<\/li>\n<li class=\"ql-align-justify\">CA CSA, ICES\u2011003.<\/li>\n<li class=\"ql-align-justify\">KR KC.<\/li>\n<li class=\"ql-align-justify\">AU\/NZ RCM.<\/li>\n<li class=\"ql-align-justify\">JP PSE.<\/li>\n<li class=\"ql-align-justify\">CN Directiva RoHS de China.<\/li>\n<li class=\"ql-align-justify\">SA SASO.<\/li>\n<\/ul>\n<p class=\"ql-align-justify\"><strong>Piezas incluidas<\/strong><\/p>\n<ul>\n<li class=\"ql-align-justify\">1 Cargador de DCNM\u2011WCH05 para 5 paquetes de bater\u00edas.<\/li>\n<li class=\"ql-align-justify\">1 Cable de alimentaci\u00f3n para la Uni\u00f3n Europea.<\/li>\n<li class=\"ql-align-justify\">1 Cable de alimentaci\u00f3n para EE. UU.<\/li>\n<\/ul>\n<p class=\"ql-align-justify\"><strong>Nota: DCNM-WCH05 Cargador para 5 paquetes de bater\u00edas<\/strong><\/p>\n<p class=\"ql-align-justify\"><strong>Cargador para cargar hasta 5 paquetes de bater\u00edas (DCNM\u2011WLIION). Negro tr\u00e1fico: RAL 9017.<\/strong><\/p>\n<p class=\"ql-align-justify\"><strong>N\u00famero de pedido: DCNM-WCH05.<\/strong><\/p>\n<p class=\"ql-align-justify\"><strong>Principales caracter\u00edsticas<\/strong><\/p>\n<ul>\n<li class=\"ql-align-justify\">Carga simult\u00e1nea de hasta 5 paquetes de bater\u00edas.<\/li>\n<li class=\"ql-align-justify\">Indicadores de capacidad de carga de Paquete de bater\u00edas individuales.<\/li>\n<li class=\"ql-align-justify\">Recarga desde cero en menos de 3 horas.<\/li>\n<li class=\"ql-align-justify\">Alimentaci\u00f3n de intervalo ajustado autom\u00e1ticamente de 100 a 240 V CA.<\/li>\n<li class=\"ql-align-justify\">Conectores de alimentaci\u00f3n en bucle.<\/li>\n<\/ul>\n<p class=\"ql-align-justify\"><strong>Especificaciones<\/strong><\/p>\n<p class=\"ql-align-justify\"><strong>El\u00e9ctricas<\/strong><\/p>\n<ul>\n<li class=\"ql-align-justify\">Tensi\u00f3n de alimentaci\u00f3n: De 100 a 240 V CA +\/- 10 % 50\/60 Hz.<\/li>\n<li class=\"ql-align-justify\">Consumo de alimentaci\u00f3n m\u00e1ximo 300 W.<\/li>\n<\/ul>\n<p class=\"ql-align-justify\"><strong>Mec\u00e1nicas<\/strong><\/p>\n<ul>\n<li class=\"ql-align-justify\">Dimensiones (al x an x pr) 340 x 195 x 82 mm (13,4 x 7,6 x 3,2 pulg).<\/li>\n<li class=\"ql-align-justify\">Peso (sin bater\u00edas) 1,8 kg (3,97 libras).<\/li>\n<li class=\"ql-align-justify\">Color Negro tr\u00e1fico (RAL 9017).<\/li>\n<\/ul>\n<p class=\"ql-align-justify\"><strong>Medioambientales<\/strong><\/p>\n<ul>\n<li class=\"ql-align-justify\">Temperatura de funcionamiento: De 5 \u00b0C a +45 \u00b0C (de 41 \u00b0F a +113 \u00b0F).<\/li>\n<li class=\"ql-align-justify\">Temperatura de almacenamiento y transporte: De -20 \u00baC a +70 \u00baC (de -4 \u00baF a +158 \u00baF).<\/li>\n<li class=\"ql-align-justify\">Humedad relativa: &lt; 95 %, &gt; 5 %.<\/li>\n<\/ul>\n","protected":false},"excerpt":{"rendered":"<p>DCNM-WCH05 Cargador para 5 paquetes de bater\u00edas Este Cargador puede cargar de manera simult\u00e1nea hasta 5 paquetes de bater\u00edas (DCNM\u2011WLIION).\u00a0El estado de carga de cada Paquete de bater\u00edas se muestra en un indicador LED de capacidad de carga espec\u00edfico. Los paquetes de bater\u00edas pueden permanecer&hellip;<\/p>\n","protected":false},"featured_media":6265,"comment_status":"open","ping_status":"closed","template":"","meta":{"om_disable_all_campaigns":false,"_monsterinsights_skip_tracking":false,"_monsterinsights_sitenote_active":false,"_monsterinsights_sitenote_note":"","_monsterinsights_sitenote_category":0},"product_brand":[],"product_cat":[530],"product_tag":[513,514,511,516,519,517,520,515,181,518,512],"class_list":{"0":"post-6266","1":"product","2":"type-product","3":"status-publish","4":"has-post-thumbnail","6":"product_cat-mezcladoras","7":"product_tag-altavoces","8":"product_tag-amplificadores","9":"product_tag-audio-y-video","10":"product_tag-audioporteros","11":"product_tag-digital-signage","12":"product_tag-intercomunicadores","13":"product_tag-kits-videoporteros","14":"product_tag-mezcladoras","15":"product_tag-microfonos","16":"product_tag-sistemas-de-enfermeria","17":"product_tag-videoporteros","19":"first","20":"instock","21":"sale","22":"taxable","23":"shipping-taxable","24":"purchasable","25":"product-type-simple"},"aioseo_notices":[],"_links":{"self":[{"href":"https:\/\/tecsecmty.com\/index.php\/wp-json\/wp\/v2\/product\/6266","targetHints":{"allow":["GET"]}}],"collection":[{"href":"https:\/\/tecsecmty.com\/index.php\/wp-json\/wp\/v2\/product"}],"about":[{"href":"https:\/\/tecsecmty.com\/index.php\/wp-json\/wp\/v2\/types\/product"}],"replies":[{"embeddable":true,"href":"https:\/\/tecsecmty.com\/index.php\/wp-json\/wp\/v2\/comments?post=6266"}],"version-history":[{"count":0,"href":"https:\/\/tecsecmty.com\/index.php\/wp-json\/wp\/v2\/product\/6266\/revisions"}],"wp:featuredmedia":[{"embeddable":true,"href":"https:\/\/tecsecmty.com\/index.php\/wp-json\/wp\/v2\/media\/6265"}],"wp:attachment":[{"href":"https:\/\/tecsecmty.com\/index.php\/wp-json\/wp\/v2\/media?parent=6266"}],"wp:term":[{"taxonomy":"product_brand","embeddable":true,"href":"https:\/\/tecsecmty.com\/index.php\/wp-json\/wp\/v2\/product_brand?post=6266"},{"taxonomy":"product_cat","embeddable":true,"href":"https:\/\/tecsecmty.com\/index.php\/wp-json\/wp\/v2\/product_cat?post=6266"},{"taxonomy":"product_tag","embeddable":true,"href":"https:\/\/tecsecmty.com\/index.php\/wp-json\/wp\/v2\/product_tag?post=6266"}],"curies":[{"name":"wp","href":"https:\/\/api.w.org\/{rel}","templated":true}]}}