{"id":6276,"date":"2023-02-23T12:02:15","date_gmt":"2023-02-23T18:02:15","guid":{"rendered":"https:\/\/tecsecmty.com\/index.php\/producto\/bosch-m_lbc308001-burbuja-ignifuga-color-rojo\/"},"modified":"2023-03-22T23:21:30","modified_gmt":"2023-03-23T05:21:30","slug":"bosch-m_lbc308001-burbuja-ignifuga-color-rojo","status":"publish","type":"product","link":"https:\/\/tecsecmty.com\/index.php\/producto\/bosch-m_lbc308001-burbuja-ignifuga-color-rojo\/","title":{"rendered":"BOSCH M_LBC308001- BURBUJA IGNIFUGA COLOR ROJO"},"content":{"rendered":"<h5 class=\"card-title text-center\">BURBUJA IGNIFUGA COLOR ROJO<\/h5>\n<p class=\"ql-align-justify\">Durante un incendio, la cavidad del falso techo puede permitir que el fuego o el humo se extiendan por el edificio. Para evitar que el fuego entre en esa cavidad a trav\u00e9s del altavoz de techo, puede instalarse una c\u00fapula ign\u00edfuga de acero LBC 3080\/01. Se monta en el conjunto del altavoz con cuatro tornillos de rosca, suministrados con la c\u00fapula ign\u00edfuga. La c\u00fapula ign\u00edfuga dispone de orificios para dos arandelas aislantes (suministradas) y dos prensacables (PG 13). La c\u00fapula ign\u00edfuga s\u00f3lo puede utilizarse con los siguientes altavoces para montaje en techo: LBC 3087\/41, LBC 3090\/01, LBC 3090\/31, LHM 0606\/00 y LHM 0606\/10<\/p>\n<p>&nbsp;<\/p>\n<p><img fetchpriority=\"high\" decoding=\"async\" class=\"alignnone size-full wp-image-9771\" src=\"https:\/\/tecsecmty.com\/wp-content\/uploads\/2023\/02\/7.png\" alt=\"\" width=\"1920\" height=\"400\" \/><\/p>\n","protected":false},"excerpt":{"rendered":"<p>BURBUJA IGNIFUGA COLOR ROJO Durante un incendio, la cavidad del falso techo puede permitir que el fuego o el humo se extiendan por el edificio. Para evitar que el fuego entre en esa cavidad a trav\u00e9s del altavoz de techo, puede instalarse una c\u00fapula ign\u00edfuga&hellip;<\/p>\n","protected":false},"featured_media":6275,"comment_status":"open","ping_status":"closed","template":"","meta":{"om_disable_all_campaigns":false,"_monsterinsights_skip_tracking":false,"_monsterinsights_sitenote_active":false,"_monsterinsights_sitenote_note":"","_monsterinsights_sitenote_category":0},"product_brand":[],"product_cat":[530],"product_tag":[513,514,511,516,519,517,520,515,181,518,512],"class_list":{"0":"post-6276","1":"product","2":"type-product","3":"status-publish","4":"has-post-thumbnail","6":"product_cat-mezcladoras","7":"product_tag-altavoces","8":"product_tag-amplificadores","9":"product_tag-audio-y-video","10":"product_tag-audioporteros","11":"product_tag-digital-signage","12":"product_tag-intercomunicadores","13":"product_tag-kits-videoporteros","14":"product_tag-mezcladoras","15":"product_tag-microfonos","16":"product_tag-sistemas-de-enfermeria","17":"product_tag-videoporteros","19":"first","20":"instock","21":"sale","22":"taxable","23":"shipping-taxable","24":"purchasable","25":"product-type-simple"},"aioseo_notices":[],"_links":{"self":[{"href":"https:\/\/tecsecmty.com\/index.php\/wp-json\/wp\/v2\/product\/6276","targetHints":{"allow":["GET"]}}],"collection":[{"href":"https:\/\/tecsecmty.com\/index.php\/wp-json\/wp\/v2\/product"}],"about":[{"href":"https:\/\/tecsecmty.com\/index.php\/wp-json\/wp\/v2\/types\/product"}],"replies":[{"embeddable":true,"href":"https:\/\/tecsecmty.com\/index.php\/wp-json\/wp\/v2\/comments?post=6276"}],"version-history":[{"count":0,"href":"https:\/\/tecsecmty.com\/index.php\/wp-json\/wp\/v2\/product\/6276\/revisions"}],"wp:featuredmedia":[{"embeddable":true,"href":"https:\/\/tecsecmty.com\/index.php\/wp-json\/wp\/v2\/media\/6275"}],"wp:attachment":[{"href":"https:\/\/tecsecmty.com\/index.php\/wp-json\/wp\/v2\/media?parent=6276"}],"wp:term":[{"taxonomy":"product_brand","embeddable":true,"href":"https:\/\/tecsecmty.com\/index.php\/wp-json\/wp\/v2\/product_brand?post=6276"},{"taxonomy":"product_cat","embeddable":true,"href":"https:\/\/tecsecmty.com\/index.php\/wp-json\/wp\/v2\/product_cat?post=6276"},{"taxonomy":"product_tag","embeddable":true,"href":"https:\/\/tecsecmty.com\/index.php\/wp-json\/wp\/v2\/product_tag?post=6276"}],"curies":[{"name":"wp","href":"https:\/\/api.w.org\/{rel}","templated":true}]}}