{"id":6296,"date":"2023-02-23T12:02:37","date_gmt":"2023-02-23T18:02:37","guid":{"rendered":"https:\/\/tecsecmty.com\/index.php\/producto\/bosch-m_prscrf-memoria-de-llamadas-compatible-con-sistema-praesidio\/"},"modified":"2023-03-22T23:21:34","modified_gmt":"2023-03-23T05:21:34","slug":"bosch-m_prscrf-memoria-de-llamadas-compatible-con-sistema-praesidio","status":"publish","type":"product","link":"https:\/\/tecsecmty.com\/index.php\/producto\/bosch-m_prscrf-memoria-de-llamadas-compatible-con-sistema-praesidio\/","title":{"rendered":"BOSCH M_PRSCRF- MEMORIA DE LLAMADAS COMPATIBLE CON SISTEMA PRAESIDIO"},"content":{"rendered":"<h5 class=\"card-title text-center\">Memoria de llamadas PRS-CRF<\/h5>\n<p class=\"ql-align-justify\"><strong>La Memoria de Llamadas es un peque\u00f1o dispositivo que graba las llamadas que no se pueden enviar a todas las zonas necesarias porque algunas est\u00e1n ocupadas por otra llamada con mayor prioridad.\u00a0<\/strong>La unidad puede almacenar hasta 16 llamadas en formato de alta calidad con un m\u00e1ximo de tres minutos para cada una de ellas, incluidos carrillones y mensajes pregrabados. La reproducci\u00f3n de una llamada se puede iniciar mientras a\u00fan se est\u00e1 grabando. La unidad puede grabar y\/o reproducir hasta ocho llamadas simult\u00e1neamente. Se pueden a\u00f1adir m\u00e1s unidades a un sistema con el fin de aumentar el n\u00famero de llamadas que se pueden grabar. Las unidades se pueden conectar a la red<strong>\u00a0Praesideo\u00a0<\/strong>en cualquier lugar.<\/p>\n<p class=\"ql-align-justify\"><strong>Funciones b\u00e1sicas<\/strong><\/p>\n<p class=\"ql-align-justify\"><strong>Las funciones de la memoria de llamadas se configuran como parte de una macro de llamada en Praesideo.\u00a0<\/strong>Aqu\u00ed se configura si se grabar\u00e1 una llamada para su posterior reproducci\u00f3n en caso de que las zonas est\u00e9n ocupadas o se anule la llamada en algunas zonas. Cuando estas zonas vuelven a estar disponibles, la llamada se repite autom\u00e1ticamente en estas zonas restantes, en todas a la vez o de una en una. Cuando una llamada ha finalizado por completo, se suprime de la memoria. La unidad tiene un per\u00edodo de tiempo de espera configurable para suprimir llamadas no enviadas antiguas. La memoria de llamadas tambi\u00e9n se puede utilizar como cambio temporal para evitar la realimentaci\u00f3n ac\u00fastica de un altavoz en el micr\u00f3fono activo. La llamada se graba y se difunde cuando ha finalizado la grabaci\u00f3n. La llamada se puede supervisar antes de que se difunda con la opci\u00f3n de cancelar la llamada. El cambio temporal y el almacenamiento de llamadas se pueden combinar. Se admite el registro de la llamada y todas sus reproducciones, pero las llamadas grabadas no permanecen en caso de corte de corriente y no se supervisan, por lo que la funci\u00f3n de almacenamiento de llamadas no se debe utilizar para llamadas de emergencia.\u00a0<strong>La unidad se puede configurar mediante el controlador de red Praesideo (interfaz de navegador Web).<\/strong><\/p>\n<p class=\"ql-align-justify\"><strong>Controles e indicadores<\/strong><\/p>\n<ul>\n<li class=\"ql-align-justify\">Dos indicadores LED para el estado de alimentaci\u00f3n y de la red<\/li>\n<\/ul>\n<p class=\"ql-align-justify\"><strong>Interconexiones<\/strong><\/p>\n<ul>\n<li class=\"ql-align-justify\">Dos conectores de red Praesideo.<\/li>\n<li class=\"ql-align-justify\">Conector de servicio RJ11 (JTAG).<\/li>\n<\/ul>\n<p class=\"ql-align-justify\"><strong>Certificados y homologaciones<\/strong><\/p>\n<ul>\n<li class=\"ql-align-justify\">Seguridad Conforme a IEC 60065\/EN 60065.<\/li>\n<li class=\"ql-align-justify\">Inmunidad Conforme a EN 55103\u20112\/EN 50130\u20114\/ EN 50121\u20114.<\/li>\n<li class=\"ql-align-justify\">Emisiones Conforme a EN 55103-1\/FCC-47 parte 15B.<\/li>\n<li class=\"ql-align-justify\">Emergencia Conforme a EN 60849\/EN 54\u201116\/ ISO 7240\u201116.<\/li>\n<li class=\"ql-align-justify\">Mar\u00edtimo Conforme a IEC 60945.<\/li>\n<\/ul>\n<p class=\"ql-align-justify\"><strong>Nota: Memoria de llamadas PRS-CRF<\/strong><\/p>\n<p class=\"ql-align-justify\"><strong>Unidad compacta con abrazadera de montaje con funci\u00f3n de grabaci\u00f3n y reproducci\u00f3n de hasta 8 llamadas simult\u00e1neas para zonas ocupadas anteriormente o para la supervisi\u00f3n previa a la difusi\u00f3n. Puede almacenar hasta 16 llamadas y recibe alimentaci\u00f3n de la red Praesideo.<\/strong><\/p>\n<p class=\"ql-align-justify\"><strong>N\u00famero de pedido: PRS-CRF.<\/strong><\/p>\n<p class=\"ql-align-justify\"><strong>Principales\u00a0<\/strong><strong>Caracter\u00edsticas<\/strong><\/p>\n<ul>\n<li class=\"ql-align-justify\">Graba llamadas para su reproducci\u00f3n autom\u00e1tica en zonas ocupadas anteriormente (memoria de llamadas).<\/li>\n<li class=\"ql-align-justify\">Supresi\u00f3n de realimentaci\u00f3n ac\u00fastica mediante la grabaci\u00f3n de una llamada con difusi\u00f3n retardada (cambio temporal).<\/li>\n<li class=\"ql-align-justify\">Posibilidad de supervisar una llamada antes de su difusi\u00f3n.<\/li>\n<li class=\"ql-align-justify\">Graba y\/o reproduce hasta ocho llamadas simult\u00e1neamente.<\/li>\n<li class=\"ql-align-justify\">Almacena hasta 16 llamadas.<\/li>\n<\/ul>\n<p class=\"ql-align-justify\"><strong>Especificaciones<\/strong><\/p>\n<p class=\"ql-align-justify\"><strong>El\u00e9ctricas<\/strong><\/p>\n<ul>\n<li class=\"ql-align-justify\">Consumo de energ\u00eda 4,2 W.<\/li>\n<li class=\"ql-align-justify\">Rendimiento Respuesta de frecuencia: De 20 Hz a 20 kHz (-3 dB).<\/li>\n<li class=\"ql-align-justify\">Se\u00f1al\/ruido &gt; 85 dB.<\/li>\n<li class=\"ql-align-justify\">Diafon\u00eda &lt; -85 dB.<\/li>\n<\/ul>\n<p class=\"ql-align-justify\"><strong>Mec\u00e1nicas<\/strong><\/p>\n<p class=\"ql-align-justify\"><strong>Dimensiones (Al. x An. x Pr.)<\/strong><\/p>\n<ul>\n<li class=\"ql-align-justify\">Sin soporte 27 x 243 x 80 mm (1,1 x 9,6 x 3,1 pulg.)<\/li>\n<li class=\"ql-align-justify\">Con soporte 34 x 243 x 84 mm (1,3 x 9,6 x 3,3 pulg.)<\/li>\n<li class=\"ql-align-justify\">Peso 0,7 kg (1,5 libras).<\/li>\n<li class=\"ql-align-justify\">Montaje Soporte (dos tornillos).<\/li>\n<li class=\"ql-align-justify\">Color Carb\u00f3n.<\/li>\n<\/ul>\n<p class=\"ql-align-justify\"><strong>\u00a0Medioambientales<\/strong><\/p>\n<ul>\n<li class=\"ql-align-justify\">Temperatura de funcionamiento: De -5 \u00b0C a +55 \u00b0C (de +23 \u00b0F a +131 \u00b0F).<\/li>\n<li class=\"ql-align-justify\">Temperatura de almacenamiento: De -20 \u00b0C a +70 \u00b0C (de -4 \u00b0F a +158 \u00b0F).<\/li>\n<li class=\"ql-align-justify\">Humedad relativa Del: 15% al 90%.<\/li>\n<li class=\"ql-align-justify\">Presi\u00f3n de aire De 600 a 1.100 hPa.<\/li>\n<\/ul>\n","protected":false},"excerpt":{"rendered":"<p>Memoria de llamadas PRS-CRF La Memoria de Llamadas es un peque\u00f1o dispositivo que graba las llamadas que no se pueden enviar a todas las zonas necesarias porque algunas est\u00e1n ocupadas por otra llamada con mayor prioridad.\u00a0La unidad puede almacenar hasta 16 llamadas en formato de&hellip;<\/p>\n","protected":false},"featured_media":6295,"comment_status":"open","ping_status":"closed","template":"","meta":{"om_disable_all_campaigns":false,"_monsterinsights_skip_tracking":false,"_monsterinsights_sitenote_active":false,"_monsterinsights_sitenote_note":"","_monsterinsights_sitenote_category":0},"product_brand":[],"product_cat":[530],"product_tag":[513,514,511,516,519,517,520,515,181,518,512],"class_list":{"0":"post-6296","1":"product","2":"type-product","3":"status-publish","4":"has-post-thumbnail","6":"product_cat-mezcladoras","7":"product_tag-altavoces","8":"product_tag-amplificadores","9":"product_tag-audio-y-video","10":"product_tag-audioporteros","11":"product_tag-digital-signage","12":"product_tag-intercomunicadores","13":"product_tag-kits-videoporteros","14":"product_tag-mezcladoras","15":"product_tag-microfonos","16":"product_tag-sistemas-de-enfermeria","17":"product_tag-videoporteros","19":"first","20":"instock","21":"sale","22":"taxable","23":"shipping-taxable","24":"purchasable","25":"product-type-simple"},"aioseo_notices":[],"_links":{"self":[{"href":"https:\/\/tecsecmty.com\/index.php\/wp-json\/wp\/v2\/product\/6296","targetHints":{"allow":["GET"]}}],"collection":[{"href":"https:\/\/tecsecmty.com\/index.php\/wp-json\/wp\/v2\/product"}],"about":[{"href":"https:\/\/tecsecmty.com\/index.php\/wp-json\/wp\/v2\/types\/product"}],"replies":[{"embeddable":true,"href":"https:\/\/tecsecmty.com\/index.php\/wp-json\/wp\/v2\/comments?post=6296"}],"version-history":[{"count":0,"href":"https:\/\/tecsecmty.com\/index.php\/wp-json\/wp\/v2\/product\/6296\/revisions"}],"wp:featuredmedia":[{"embeddable":true,"href":"https:\/\/tecsecmty.com\/index.php\/wp-json\/wp\/v2\/media\/6295"}],"wp:attachment":[{"href":"https:\/\/tecsecmty.com\/index.php\/wp-json\/wp\/v2\/media?parent=6296"}],"wp:term":[{"taxonomy":"product_brand","embeddable":true,"href":"https:\/\/tecsecmty.com\/index.php\/wp-json\/wp\/v2\/product_brand?post=6296"},{"taxonomy":"product_cat","embeddable":true,"href":"https:\/\/tecsecmty.com\/index.php\/wp-json\/wp\/v2\/product_cat?post=6296"},{"taxonomy":"product_tag","embeddable":true,"href":"https:\/\/tecsecmty.com\/index.php\/wp-json\/wp\/v2\/product_tag?post=6296"}],"curies":[{"name":"wp","href":"https:\/\/api.w.org\/{rel}","templated":true}]}}