{"id":6352,"date":"2023-02-23T12:03:39","date_gmt":"2023-02-23T18:03:39","guid":{"rendered":"https:\/\/tecsecmty.com\/index.php\/producto\/bosch-m_pva15cst-estacion-de-llamada-paviro-15-teclas-progamables\/"},"modified":"2023-03-22T23:21:34","modified_gmt":"2023-03-23T05:21:34","slug":"bosch-m_pva15cst-estacion-de-llamada-paviro-15-teclas-progamables","status":"publish","type":"product","link":"https:\/\/tecsecmty.com\/index.php\/producto\/bosch-m_pva15cst-estacion-de-llamada-paviro-15-teclas-progamables\/","title":{"rendered":"BOSCH M_PVA15CST- ESTACION DE LLAMADA PAVIRO\/ 15 TECLAS PROGAMABLES"},"content":{"rendered":"<h5 class=\"card-title text-center\">Estaci\u00f3n de llamada PVA-15CST PAVIRO<\/h5>\n<p class=\"ql-align-justify\"><strong>El modelo PVA-15CST<\/strong>\u00a0es una estaci\u00f3n de llamada para el sistema PAVIRO. Esta estaci\u00f3n de llamada incorpora de serie un micr\u00f3fono de cuello flexible con protecci\u00f3n antirruido y supervisi\u00f3n permanente, un total de 20 botones, una pantalla LC iluminada y un altavoz integrado. Puede modificarse para adaptarla a las necesidades del usuario conectando hasta cinco extensiones de estaci\u00f3n de llamada PVA-20CSE, cada una de ellas con 20 botones de selecci\u00f3n personalizables.<\/p>\n<p class=\"ql-align-justify\">Otras propiedades:<\/p>\n<ul>\n<li class=\"ql-align-justify\">Cinco teclas de men\u00fa\/funci\u00f3n (preprogramadas): un indicador verde o un indicador amarillo por cada bot\u00f3n.<\/li>\n<li class=\"ql-align-justify\">15 botones de selecci\u00f3n (personalizables): dos indicadores (verde\/rojo) por cada bot\u00f3n.<\/li>\n<li class=\"ql-align-justify\">Etiqueta con cubierta transparente: la etiqueta puede cambiarse en cualquier momento.<\/li>\n<li class=\"ql-align-justify\">Puede utilizarse como dispositivo independiente o de sobremesa\/empotrado en un bastidor.<\/li>\n<li class=\"ql-align-justify\">Supervisi\u00f3n interna con registro de errores: conforme con todas las normas nacionales e internacionales relevantes.<\/li>\n<li class=\"ql-align-justify\">F\u00e1cil configuraci\u00f3n: uso del asistente de configuraci\u00f3n o del software IRIS-Net.<\/li>\n<\/ul>\n<p class=\"ql-align-justify\">Para obtener m\u00e1s informaci\u00f3n (sobre todo en lo que se refiere a la puesta en marcha), consulte las instrucciones de funcionamiento del PVA-15CST y la documentaci\u00f3n del software IRIS-Net.<\/p>\n<p class=\"ql-align-justify\"><strong>Piezas incluidas<\/strong><\/p>\n<ul>\n<li class=\"ql-align-justify\">1 PVA-15CST 1 Cable de conexi\u00f3n (3 metros).<\/li>\n<li class=\"ql-align-justify\">7 Tiras de papel en blanco.<\/li>\n<li class=\"ql-align-justify\">1 Descarga de tracci\u00f3n (soporte).<\/li>\n<li class=\"ql-align-justify\">2 Tornillos para la descarga de tracci\u00f3n.<\/li>\n<li class=\"ql-align-justify\">1 Herramienta de liberaci\u00f3n de la cubierta.<\/li>\n<li class=\"ql-align-justify\">1 Manual de funcionamiento.<\/li>\n<li class=\"ql-align-justify\">1 Instrucciones importantes de seguridad.<\/li>\n<\/ul>\n<p class=\"ql-align-justify\"><strong>Nota: Estaci\u00f3n de llamada PVA-15CST PAVIRO<\/strong><\/p>\n<p class=\"ql-align-justify\"><strong>N\u00famero de pedido: PVA-15CST.<\/strong><\/p>\n<p class=\"ql-align-justify\"><strong>Principales Caracter\u00edsticas<\/strong><\/p>\n<ul>\n<li class=\"ql-align-justify\">Indicador LED de aviso en la cubierta del micr\u00f3fono.<\/li>\n<li class=\"ql-align-justify\">15 teclas de funci\u00f3n programables de forma libre .<\/li>\n<li class=\"ql-align-justify\">Teclado num\u00e9rico integrado.<\/li>\n<li class=\"ql-align-justify\">Botones de selecci\u00f3n t\u00e1ctiles programables.<\/li>\n<\/ul>\n<p class=\"ql-align-justify\"><strong>Especificaciones<\/strong><\/p>\n<ul>\n<li class=\"ql-align-justify\">Puerto CAN BUS 10, 20 o 62,5 kbit\/s, 1 RJ-45, longitud m\u00e1xima 1000 m.<\/li>\n<li class=\"ql-align-justify\">M\u00e1ximo nivel de entrada de mic -21 dBu M\u00e1ximo nivel de entrada de l\u00ednea +4 dBu.<\/li>\n<li class=\"ql-align-justify\">M\u00e1ximo nivel de salida NF +12 dBu.<\/li>\n<li class=\"ql-align-justify\">Botones 5 preprogramados, 15 teclas de zona\/funci\u00f3n programables.<\/li>\n<li class=\"ql-align-justify\">Color RAL 9017 (negro tr\u00e1fico).<\/li>\n<li class=\"ql-align-justify\">Indicadores Alimentaci\u00f3n (verde), Fallo (amarillo), Alarma (rojo) LED verde o amarillo por cada bot\u00f3n de men\u00fa preprogramado LED verde y rojo por cada tecla de zona\/funci\u00f3n programable.<\/li>\n<li class=\"ql-align-justify\">Pantalla LC Pantalla LC retroiluminada (122 \u2715 32 p\u00edxeles).<\/li>\n<li class=\"ql-align-justify\">Puertos 1 puerto CST BUS (Datos de control + Audio + Fuente de alimentaci\u00f3n, RJ-45) 1 fuente de audio (nivel de l\u00ednea, conector de tel\u00e9fono) 1 puerto de micr\u00f3fono (conector de tel\u00e9fono) 1 puerto EXT OUT (extensi\u00f3n de estaci\u00f3n de llamada, RJ-12).<\/li>\n<li class=\"ql-align-justify\">Entrada de alimentaci\u00f3n de CC 15 a 58 V.<\/li>\n<li class=\"ql-align-justify\">Corriente de alimentaci\u00f3n m\u00e1xima (sin extensiones de estaci\u00f3n de llamada) Espera\/Reposo\/Aviso\/Alerta: 24 V \/ 80 mA \/ 1,92 W.<\/li>\n<li class=\"ql-align-justify\">Corriente de alimentaci\u00f3n m\u00e1xima (con 5 extensiones de estaci\u00f3n de llamada) Espera\/Reposo\/Aviso\/Alerta: 24 V \/ 190 mA \/ 4,56 W.<\/li>\n<li class=\"ql-align-justify\">Temperatura de funcionamiento: De -5 \u00b0C a 45 \u00b0C.<\/li>\n<li class=\"ql-align-justify\">Entorno electromagn\u00e9tico E1, E2, E3.<\/li>\n<li class=\"ql-align-justify\">Dimensiones del producto (ancho \u2715 alto \u2715 profundo) 200 \u2715 166 \u2715 66 mm (sin micr\u00f3fono).<\/li>\n<li class=\"ql-align-justify\">Peso neto 0,6 kg.<\/li>\n<li class=\"ql-align-justify\">Peso con embalaje 1,1 kg.<\/li>\n<\/ul>\n<p><img decoding=\"async\" class=\"overview-center-img- aligncenter\" src=\"https:\/\/tvc.mx\/media\/9138\/Logoopaginas-oficial.png\" alt=\"\" \/><\/p>\n","protected":false},"excerpt":{"rendered":"<p>Estaci\u00f3n de llamada PVA-15CST PAVIRO El modelo PVA-15CST\u00a0es una estaci\u00f3n de llamada para el sistema PAVIRO. Esta estaci\u00f3n de llamada incorpora de serie un micr\u00f3fono de cuello flexible con protecci\u00f3n antirruido y supervisi\u00f3n permanente, un total de 20 botones, una pantalla LC iluminada y un&hellip;<\/p>\n","protected":false},"featured_media":6351,"comment_status":"open","ping_status":"closed","template":"","meta":{"om_disable_all_campaigns":false,"_monsterinsights_skip_tracking":false,"_monsterinsights_sitenote_active":false,"_monsterinsights_sitenote_note":"","_monsterinsights_sitenote_category":0},"product_brand":[],"product_cat":[531],"product_tag":[513,514,511,516,519,517,520,515,181,518,512],"class_list":{"0":"post-6352","1":"product","2":"type-product","3":"status-publish","4":"has-post-thumbnail","6":"product_cat-microfonos-audio-y-megafonia","7":"product_tag-altavoces","8":"product_tag-amplificadores","9":"product_tag-audio-y-video","10":"product_tag-audioporteros","11":"product_tag-digital-signage","12":"product_tag-intercomunicadores","13":"product_tag-kits-videoporteros","14":"product_tag-mezcladoras","15":"product_tag-microfonos","16":"product_tag-sistemas-de-enfermeria","17":"product_tag-videoporteros","19":"first","20":"instock","21":"sale","22":"taxable","23":"shipping-taxable","24":"purchasable","25":"product-type-simple"},"aioseo_notices":[],"_links":{"self":[{"href":"https:\/\/tecsecmty.com\/index.php\/wp-json\/wp\/v2\/product\/6352","targetHints":{"allow":["GET"]}}],"collection":[{"href":"https:\/\/tecsecmty.com\/index.php\/wp-json\/wp\/v2\/product"}],"about":[{"href":"https:\/\/tecsecmty.com\/index.php\/wp-json\/wp\/v2\/types\/product"}],"replies":[{"embeddable":true,"href":"https:\/\/tecsecmty.com\/index.php\/wp-json\/wp\/v2\/comments?post=6352"}],"version-history":[{"count":0,"href":"https:\/\/tecsecmty.com\/index.php\/wp-json\/wp\/v2\/product\/6352\/revisions"}],"wp:featuredmedia":[{"embeddable":true,"href":"https:\/\/tecsecmty.com\/index.php\/wp-json\/wp\/v2\/media\/6351"}],"wp:attachment":[{"href":"https:\/\/tecsecmty.com\/index.php\/wp-json\/wp\/v2\/media?parent=6352"}],"wp:term":[{"taxonomy":"product_brand","embeddable":true,"href":"https:\/\/tecsecmty.com\/index.php\/wp-json\/wp\/v2\/product_brand?post=6352"},{"taxonomy":"product_cat","embeddable":true,"href":"https:\/\/tecsecmty.com\/index.php\/wp-json\/wp\/v2\/product_cat?post=6352"},{"taxonomy":"product_tag","embeddable":true,"href":"https:\/\/tecsecmty.com\/index.php\/wp-json\/wp\/v2\/product_tag?post=6352"}],"curies":[{"name":"wp","href":"https:\/\/api.w.org\/{rel}","templated":true}]}}