{"id":6366,"date":"2023-02-23T12:03:55","date_gmt":"2023-02-23T18:03:55","guid":{"rendered":"https:\/\/tecsecmty.com\/index.php\/producto\/commax-dp2lmb1805pak-paquete-de-audioportero-con-apertura-de-puerta-incluye-cerradura-magnetica-de-180-kg-o-350-lb-y-soporte-de-instalacion-en-zl\/"},"modified":"2023-03-22T23:22:16","modified_gmt":"2023-03-23T05:22:16","slug":"commax-dp2lmb1805pak-paquete-de-audioportero-con-apertura-de-puerta-incluye-cerradura-magnetica-de-180-kg-o-350-lb-y-soporte-de-instalacion-en-zl","status":"publish","type":"product","link":"https:\/\/tecsecmty.com\/index.php\/producto\/commax-dp2lmb1805pak-paquete-de-audioportero-con-apertura-de-puerta-incluye-cerradura-magnetica-de-180-kg-o-350-lb-y-soporte-de-instalacion-en-zl\/","title":{"rendered":"COMMAX DP2LMB1805PAK &#8211; Paquete de audioportero con apertura de puerta, incluye cerradura magn\u00e9tica de 180 Kg o 350 lb y soporte de instalaci\u00f3n en ZL"},"content":{"rendered":"<div class=\"row aling-items-center padding-bottom-2x\">\n<div class=\"col-lg-12\">\n<h5 class=\"card-title text-center\">INFORMACION GENERAL<\/h5>\n<p>Paquete de audio-portero con apertura de puerta, incluye cerradura magn\u00e9tica de 180 Kg o 350 lb y soporte de instalaci\u00f3n en ZL.<\/p>\n<p><strong>El paquete incluye lo siguiente:<\/strong><\/p>\n<ul>\n<li>1 Interfono o intercomunicador con auricular modelo DP2S Commax<\/li>\n<li>1 Frente de calle para exterior modelo DR2GN de la marca Commax<\/li>\n<li>1 Cerradura magn\u00e9tica de 180 Kg o 350Lb modelo LM1805 de la marca ZKTeco<\/li>\n<li>1 Soporte de fijaci\u00f3n para im\u00e1n de 180Kg modelo LMB180ZL de la marca ZKteco<\/li>\n<\/ul>\n<blockquote><p>Se requiere relevador externo\u00a0<a href=\"https:\/\/tvc.mx\/products\/3729\" target=\"_blank\" rel=\"noopener\">PCB502<\/a><\/p><\/blockquote>\n<p><img decoding=\"async\" class=\"overview-center-img-web\" src=\"https:\/\/tvc.mx\/media\/172817\/cmx2420006-1.jpg\" alt=\"\" \/><\/div>\n<\/div>\n<div class=\"row align-items-center padding-bottom-2x\">\n<div class=\"col-md-5\"><img decoding=\"async\" class=\"d-block m-auto img-thumbnail\" src=\"https:\/\/tvc.mx\/media\/172825\/cmx2420006-7.jpg\" alt=\" \" \/><\/div>\n<div class=\"col-md-7 text-md-left text-center\">\n<h2>KIT DE AUDIO PORTERO DP2SDR2GN<\/h2>\n<p class=\"text-muted\">\n<p>Estos dispositivos cuentan con una excelente transmisi\u00f3n de audio y \u00fanicamente son compatibles con modelos de transmisi\u00f3n de audio bidireccional, este equipo tambi\u00e9n cuenta con la capacidad de realizar una apertura de puerta hacia una contrachapa.<\/p>\n<p>Los audio porteros Commax cuentan con una conexi\u00f3n de hasta 2 frentes de calle, estos frentes de calle \u00fanicamente transmiten audio a trav\u00e9s del cableado UTP y tambi\u00e9n en el frente de calle cuentan con una salida de 2 hilos para conectar una contrachapa el\u00e9ctrica normalmente abierta (NO) para la apertura de puerta.<\/p>\n<p>&nbsp;<\/p>\n<\/div>\n<\/div>\n<hr class=\"padding-bottom-2x\" \/>\n<div class=\"row align-items-center padding-bottom-2x\">\n<div class=\"col-md-5 order-md-2\"><img decoding=\"async\" class=\"d-block m-auto img-thumbnail\" src=\"https:\/\/tvc.mx\/media\/172829\/cmx2420006-8.jpg\" alt=\" \" \/><\/div>\n<div class=\"col-md-7 order-md-1 text-md-left text-center\">\n<h2>CARACTER\u00cdSTICAS DEL INTERCOMUNICADOR DP2S<\/h2>\n<p class=\"text-muted\">\n<ul>\n<li class=\"ql-align-justify\">Salida de relevador normalmente abierta (NO)<\/li>\n<li class=\"ql-align-justify\">Fuente de energ\u00eda: ~ 100\/110\/120 VAC, 50\/60 Hertz.<\/li>\n<li class=\"ql-align-justify\">Consumo de energ\u00eda: 4.5W (MAX).<\/li>\n<li class=\"ql-align-justify\">Distancia:\u00a0\u00a0100 m (\u00d80.65mm)\u00a0\u00a0y\u00a0150m (\u00d80.8mm).<\/li>\n<li class=\"ql-align-justify\">Cableado: Tel: 2-hilos, (Alambre de cobre \u00d81.6mm).<\/li>\n<li class=\"ql-align-justify\">Dimensiones (mm): 108 (W) x 210 (H) x 61.4 (D) mm.<\/li>\n<li class=\"ql-align-justify\">Peso (g): 640g.<\/li>\n<\/ul>\n<p>&nbsp;<\/p>\n<\/div>\n<\/div>\n<hr class=\"padding-bottom-2x\" \/>\n<div class=\"row align-items-center padding-bottom-2x\">\n<div class=\"col-md-5\"><img decoding=\"async\" class=\"d-block m-auto img-thumbnail\" src=\"https:\/\/tvc.mx\/media\/172833\/cmx2420006-9.jpg\" alt=\" \" \/><\/div>\n<div class=\"col-md-7 text-md-left text-center\">\n<h2>CARACTER\u00cdSTICAS DEL FRENTE DE CALLE DR2GN<\/h2>\n<p class=\"text-muted\">\n<ul>\n<li class=\"ql-align-justify\">Compatible con\u00a0portero DP2HP.<\/li>\n<li class=\"ql-align-justify\">Equipo transmisor de audio.<\/li>\n<li class=\"ql-align-justify\">Anti vand\u00e1lico.<\/li>\n<li class=\"ql-align-justify\">Micr\u00f3fono y bocina integrados.<\/li>\n<li class=\"ql-align-justify\">Alimentaci\u00f3n: 12V DC. (energ\u00eda suministrada por tel\u00e9fono interior)<\/li>\n<li class=\"ql-align-justify\">Temperatura de operaci\u00f3n: -10\u00ba &#8211; 50\u00baC.<\/li>\n<li class=\"ql-align-justify\">Dimensiones: 88 X 120 X 17<\/li>\n<\/ul>\n<p>&nbsp;<\/p>\n<\/div>\n<\/div>\n<hr class=\"padding-bottom-2x\" \/>\n<div class=\"row align-items-center padding-bottom-2x\">\n<div class=\"col-md-5 order-md-2\"><img decoding=\"async\" class=\"d-block m-auto img-thumbnail\" src=\"https:\/\/tvc.mx\/media\/172837\/cmx2420006-2.jpg\" alt=\" \" \/><\/div>\n<div class=\"col-md-7 order-md-1 text-md-left text-center\">\n<h2>CERRADURA MAGNETICA LM1805<\/h2>\n<p class=\"text-muted\">\n<p>La cerradura electromagn\u00e9tica ZKTeco LM1805 est\u00e1 dise\u00f1ada para instalaci\u00f3n en superficie en puertas internas de metal, pl\u00e1stico, metal-pl\u00e1stico o madera. Fuerza de sujeci\u00f3n de hasta 180 kg.<\/p>\n<p>Cerradura electromagn\u00e9tica ZKTeco LM1805 con indicador LED y sensor de control de puerta 180 Kg.<\/p>\n<p>Especificaciones<\/p>\n<ul>\n<li>Cuando la alimentaci\u00f3n es interrumpida (Fail Safe), el dispositivo de bloqueo electr\u00f3nico es liberado (unlocked = desbloqueado).<\/li>\n<li>Fuerza de retenci\u00f3n 180Kg (350Lbs).<\/li>\n<li>Con el sensor de estado de la puerta, no hay un LED que indique el estado de la puerta<\/li>\n<li>Voltaje 12V \/ 500mA.<\/li>\n<li>Tama\u00f1o 170L * 38.5A * 21D (mm); Tama\u00f1o de la placa met\u00e1lica: 130L * 33A * 11D (mm)<\/li>\n<li>Instalaci\u00f3n para todo tipo de puertas de madera, metal, puertas de vidrio.<\/li>\n<li>Rel\u00e9s de 500mA \/ 24VDC; el peso es de aproximadamente 2,5 kg<\/li>\n<li>05 cables de se\u00f1al: 1 par de cable de alimentaci\u00f3n (+\/-); Estado de la puerta de tres cables (NO \/ NC \/ COM)<\/li>\n<\/ul>\n<p>&nbsp;<\/p>\n<\/div>\n<\/div>\n<hr class=\"padding-bottom-2x\" \/>\n<div class=\"row align-items-center padding-bottom-2x\">\n<div class=\"col-md-5\"><img decoding=\"async\" class=\"d-block m-auto img-thumbnail\" src=\"https:\/\/tvc.mx\/media\/172841\/cmx2420006-3.jpg\" alt=\" \" \/><\/div>\n<div class=\"col-md-7 text-md-left text-center\">\n<h2>FUNCIONES<\/h2>\n<p class=\"text-muted\">\n<p>El principio de funcionamiento del dispositivo se basa en la atracci\u00f3n magn\u00e9tica. La cerradura consiste en un bloque con un electroim\u00e1n y un percutor, una unidad con un electroim\u00e1n est\u00e1 instalada en el marco de la puerta y un percutor est\u00e1 instalado en la puerta. Cuando se aplica energ\u00eda, la cerradura magnetiza y sujeta la placa de la cerradura, bloqueando la puerta. En ausencia de energ\u00eda, la cerradura se abre, lo que cumple con los requisitos de seguridad contra incendios. Para compensar el algod\u00f3n al cerrar la puerta, se proporciona una junta de goma en el percutor<\/p>\n<p>&nbsp;<\/p>\n<\/div>\n<\/div>\n<hr class=\"padding-bottom-2x\" \/>\n<div class=\"row align-items-center padding-bottom-2x\">\n<div class=\"col-md-5 order-md-2\"><img decoding=\"async\" class=\"d-block m-auto img-thumbnail\" src=\"https:\/\/tvc.mx\/media\/172845\/cmx2420006-4.jpg\" alt=\" \" \/><\/div>\n<div class=\"col-md-7 order-md-1 text-md-left text-center\">\n<h2>CARACTER\u00cdSTICAS DE LA CERRADURA<\/h2>\n<p class=\"text-muted\">\n<ul>\n<li>Fuerza de sujeci\u00f3n a la rotura 180 kg;<\/li>\n<li>Indicaci\u00f3n LED de trabajo;<\/li>\n<li>Equipado con un sensor de estado de la puerta;<\/li>\n<li>Fuente de alimentaci\u00f3n 12 V \/ 500 mA.;<\/li>\n<li>Instalaci\u00f3n montada en superficie.<\/li>\n<\/ul>\n<p>&nbsp;<\/p>\n<\/div>\n<\/div>\n<hr class=\"padding-bottom-2x\" \/>\n<div class=\"row align-items-center padding-bottom-2x\">\n<div class=\"col-md-5\"><img decoding=\"async\" class=\"d-block m-auto img-thumbnail\" src=\"https:\/\/tvc.mx\/media\/172849\/cmx2420006-5.jpg\" alt=\" \" \/><\/div>\n<div class=\"col-md-7 text-md-left text-center\">\n<h2>SOPORTE DE FIJACI\u00d3N ZKTECO LMB180ZL<\/h2>\n<p class=\"text-muted\">\n<p>El soporte en Z. \u00a1Son fuertes, confiables y de buen precio! Se requieren soportes L y Z para aplicaciones de puertas con apertura de 90\u00b0.<\/p>\n<p>El soporte \u00abL\u00bb se usa para montar la cerradura magn\u00e9tica sobre la puerta y el soporte \u00abZ\u00bb se une a la puerta para alinear la placa de armadura con el im\u00e1n.<\/p>\n<p>Se utilizan para la conversi\u00f3n de cerraduras de oscilaci\u00f3n est\u00e1ndar para adaptarse a las aplicaciones de oscilaci\u00f3n. Nuestros soportes aseguran que el im\u00e1n permanezca en el lado protegido de las puertas.<\/p>\n<p>El soporte en L se usa para fijar el im\u00e1n a la jamba para adaptarse a las aplicaciones t\u00edpicas de puertas de apertura hacia afuera.<\/p>\n<p>Los soportes deben combinarse con nuestras cerraduras magn\u00e9ticas para aplicaciones en puertas batientes. Nuestras cerraduras magn\u00e9ticas son excelentes para \u00e1reas de tr\u00e1fico bajo, medio y alto, como oficinas, tiendas de conveniencia, entradas y salidas de edificios.<\/p>\n<p>&nbsp;<\/p>\n<\/div>\n<\/div>\n<hr class=\"padding-bottom-2x\" \/>\n<div class=\"row align-items-center padding-bottom-2x\">\n<div class=\"col-md-5 order-md-2\"><img decoding=\"async\" class=\"d-block m-auto img-thumbnail\" src=\"https:\/\/tvc.mx\/media\/172853\/cmx2420006-6.jpg\" alt=\" \" \/><\/div>\n<div class=\"col-md-7 order-md-1 text-md-left text-center\">\n<h2>CARACTER\u00cdSTICAS Y FUNCIONES DEL SOPORTE<\/h2>\n<p class=\"text-muted\">\n<ul>\n<li>Adecuado para: puerta de madera o aluminio<\/li>\n<li>Compatible con la cerraduras:\u00a0LM-1802\u00a0,\u00a0LM-1805<\/li>\n<li>Modo abierto: puerta 90 grados.<\/li>\n<li>Completo para carcasa: Aluminio anodizado.<\/li>\n<\/ul>\n<\/div>\n<\/div>\n","protected":false},"excerpt":{"rendered":"<p>INFORMACION GENERAL Paquete de audio-portero con apertura de puerta, incluye cerradura magn\u00e9tica de 180 Kg o 350 lb y soporte de instalaci\u00f3n en ZL. El paquete incluye lo siguiente: 1 Interfono o intercomunicador con auricular modelo DP2S Commax 1 Frente de calle para exterior modelo&hellip;<\/p>\n","protected":false},"featured_media":6365,"comment_status":"open","ping_status":"closed","template":"","meta":{"om_disable_all_campaigns":false,"_monsterinsights_skip_tracking":false,"_monsterinsights_sitenote_active":false,"_monsterinsights_sitenote_note":"","_monsterinsights_sitenote_category":0},"product_brand":[],"product_cat":[533],"product_tag":[513,514,511,516,519,517,520,515,181,518,512],"class_list":{"0":"post-6366","1":"product","2":"type-product","3":"status-publish","4":"has-post-thumbnail","6":"product_cat-audioporteros","7":"product_tag-altavoces","8":"product_tag-amplificadores","9":"product_tag-audio-y-video","10":"product_tag-audioporteros","11":"product_tag-digital-signage","12":"product_tag-intercomunicadores","13":"product_tag-kits-videoporteros","14":"product_tag-mezcladoras","15":"product_tag-microfonos","16":"product_tag-sistemas-de-enfermeria","17":"product_tag-videoporteros","19":"first","20":"instock","21":"sale","22":"taxable","23":"shipping-taxable","24":"purchasable","25":"product-type-simple"},"aioseo_notices":[],"_links":{"self":[{"href":"https:\/\/tecsecmty.com\/index.php\/wp-json\/wp\/v2\/product\/6366","targetHints":{"allow":["GET"]}}],"collection":[{"href":"https:\/\/tecsecmty.com\/index.php\/wp-json\/wp\/v2\/product"}],"about":[{"href":"https:\/\/tecsecmty.com\/index.php\/wp-json\/wp\/v2\/types\/product"}],"replies":[{"embeddable":true,"href":"https:\/\/tecsecmty.com\/index.php\/wp-json\/wp\/v2\/comments?post=6366"}],"version-history":[{"count":0,"href":"https:\/\/tecsecmty.com\/index.php\/wp-json\/wp\/v2\/product\/6366\/revisions"}],"wp:featuredmedia":[{"embeddable":true,"href":"https:\/\/tecsecmty.com\/index.php\/wp-json\/wp\/v2\/media\/6365"}],"wp:attachment":[{"href":"https:\/\/tecsecmty.com\/index.php\/wp-json\/wp\/v2\/media?parent=6366"}],"wp:term":[{"taxonomy":"product_brand","embeddable":true,"href":"https:\/\/tecsecmty.com\/index.php\/wp-json\/wp\/v2\/product_brand?post=6366"},{"taxonomy":"product_cat","embeddable":true,"href":"https:\/\/tecsecmty.com\/index.php\/wp-json\/wp\/v2\/product_cat?post=6366"},{"taxonomy":"product_tag","embeddable":true,"href":"https:\/\/tecsecmty.com\/index.php\/wp-json\/wp\/v2\/product_tag?post=6366"}],"curies":[{"name":"wp","href":"https:\/\/api.w.org\/{rel}","templated":true}]}}