{"id":6378,"date":"2023-02-23T12:04:10","date_gmt":"2023-02-23T18:04:10","guid":{"rendered":"https:\/\/tecsecmty.com\/index.php\/producto\/commax-paqdp2sdr2g-audioportero-interfon-y-frente-de-calle-150-mts-incluye-fuente-12-vdc-y-contra-chapa-inteligente\/"},"modified":"2023-03-22T23:22:18","modified_gmt":"2023-03-23T05:22:18","slug":"commax-paqdp2sdr2g-audioportero-interfon-y-frente-de-calle-150-mts-incluye-fuente-12-vdc-y-contra-chapa-inteligente","status":"publish","type":"product","link":"https:\/\/tecsecmty.com\/index.php\/producto\/commax-paqdp2sdr2g-audioportero-interfon-y-frente-de-calle-150-mts-incluye-fuente-12-vdc-y-contra-chapa-inteligente\/","title":{"rendered":"COMMAX PAQDP2SDR2G &#8211; Audioportero interfon y frente de calle \/ 150 Mts \/ Incluye fuente 12 VDC y contra chapa inteligente"},"content":{"rendered":"<div class=\"row aling-items-center padding-bottom-2x\">\n<div class=\"col-lg-12\">\n<h5 class=\"card-title text-center\">Descripci\u00f3n general<\/h5>\n<p class=\"ql-align-justify\">Los Audio porteros Commax cuentan con la mejor calidad de audio y dise\u00f1o para satisfacer las m\u00e1s altas necesidades y m\u00e1s grandes expectativas en aplicaciones Residenciales o Empresariales. Cuenta con una conexi\u00f3n de hasta 2 frentes de calle, estos frentes de calle \u00fanicamente transmiten audio a trav\u00e9s del cableado UTP y cuentan en su extremo en el frente de calle con una salida de 2 hilos para conectar una contrachapa el\u00e9ctrica normalmente abierta (NO) para la apertura de puerta.<\/p>\n<p class=\"ql-align-justify\">Estos dispositivos cuentan con una excelente transmisi\u00f3n de audio y \u00fanicamente son compatibles con modelos de transmisi\u00f3n de audio bidireccional, este equipo tambi\u00e9n cuenta con la capacidad de realizar una apertura de puerta hacia una contrachapa.<\/p>\n<p class=\"ql-align-justify\"><strong>El paquete incluye lo siguiente:<\/strong><\/p>\n<ul>\n<li class=\"ql-align-justify\">1 Kit de Interfono con auricular modelo DP2S y frente de calle modelo DR2GN de la mrca COMMAX<\/li>\n<li>1 Cerradura inteligente anti-impacto modelo ABK703BS de la marca YLI<\/li>\n<li>1 Fuente de poder regulada de 12V DC \/ 2Amp. modelo uFP12VDC2A de la marca SAXXON<\/li>\n<\/ul>\n<p><img decoding=\"async\" class=\"overview-center-img-web\" src=\"https:\/\/tvc.mx\/media\/120895\/COMMAX-PAQDP2SDR2G-AUDIOPORTERO-INTERFON-FRENTE-DE-CALLE-CONTRACHAPA-INTELIGENTE-INTERCOMUNICADOR-DP2S-DR2GN-CERRADURA-ELECTRICA-ABK703BS-FUENTE-12V-PSU1202E-cmx107033-CMX107033-1.jpg\" alt=\"\" \/><\/div>\n<\/div>\n<div class=\"row align-items-center padding-bottom-2x\">\n<div class=\"col-md-5\"><img decoding=\"async\" class=\"d-block m-auto img-thumbnail\" src=\"https:\/\/tvc.mx\/media\/120898\/COMMAX-PAQDP2SDR2G-INTERFON-INTERFONO-INTERCOMUNICADOR-DP2S-cmx107033.jpg\" alt=\" \" \/><\/div>\n<div class=\"col-md-7 text-md-left text-center\">\n<h2>Interfono con auricular<\/h2>\n<p class=\"text-muted\">\n<p><strong>Caracter\u00edsticas<\/strong>:<\/p>\n<ul>\n<li class=\"ql-align-justify\">\u00a0Modelo: DP-2S.<\/li>\n<li class=\"ql-align-justify\">Salida de relevador normalmente abierta (NO).<\/li>\n<li class=\"ql-align-justify\">Fuente de energ\u00eda: 110 VAC, 60 Hertz.<\/li>\n<li class=\"ql-align-justify\">Consumo de energ\u00eda: 4.5W (MAX).<\/li>\n<li class=\"ql-align-justify\">Distancia:<\/li>\n<li class=\"ql-align-justify ql-indent-1\">100 m (\u00d80.65mm)<\/li>\n<li class=\"ql-align-justify ql-indent-1\">150m (\u00d80.8mm).<\/li>\n<li class=\"ql-align-justify\">Cableado: Tel: 2-hilos, (Alambre de cobre \u00d81.6mm).<\/li>\n<li class=\"ql-align-justify\">Dimensiones (mm): 108 (W) x 210 (H) x 61.4 (D) mm.<\/li>\n<li class=\"ql-align-justify\">Peso (g): 640g.<\/li>\n<\/ul>\n<p class=\"ql-align-justify\">\n<p>&nbsp;<\/p>\n<\/div>\n<\/div>\n<hr class=\"padding-bottom-2x\" \/>\n<div class=\"row align-items-center padding-bottom-2x\">\n<div class=\"col-md-5 order-md-2\"><img decoding=\"async\" class=\"d-block m-auto img-thumbnail\" src=\"https:\/\/tvc.mx\/media\/120901\/COMMAX-PAQDP2SDR2G-AUDIOPORTERO-FRENTE-DE-CALLE-INTERCOMUNICADOR-DR2GN-cmx107033.jpg\" alt=\" \" \/><\/div>\n<div class=\"col-md-7 order-md-1 text-md-left text-center\">\n<h2>Frente de calle DR2GN<\/h2>\n<p class=\"text-muted\">\n<p><strong>Caracter\u00edsticas:<\/strong><\/p>\n<ul>\n<li class=\"ql-align-justify\">Compatible con\u00a0portero DP2HP.<\/li>\n<li class=\"ql-align-justify\">Equipo transmisor de audio.<\/li>\n<li class=\"ql-align-justify\">Anti vand\u00e1lico.<\/li>\n<li class=\"ql-align-justify\">Micr\u00f3fono y bocina integrados.<\/li>\n<li class=\"ql-align-justify\">Alimentaci\u00f3n: 12V DC. (energ\u00eda suministrada por tel\u00e9fono interior)<\/li>\n<li class=\"ql-align-justify\">Temperatura de operaci\u00f3n: -10\u00ba &#8211; 50\u00baC.<\/li>\n<li class=\"ql-align-justify\">Dimensiones: 88 X 120 X 17<\/li>\n<\/ul>\n<p>&nbsp;<\/p>\n<\/div>\n<\/div>\n<hr class=\"padding-bottom-2x\" \/>\n<div class=\"row align-items-center padding-bottom-2x\">\n<div class=\"col-md-5\"><img decoding=\"async\" class=\"d-block m-auto img-thumbnail\" src=\"https:\/\/tvc.mx\/media\/120907\/COMMAX-PAQDP2SDR2G-AUDIOPORTERO-CONTRACHAPA-INTELIGENTE-INTERCOMUNICADOR-CERRADURA-ELECTRICA-ABK703BS-cmx107033.jpg\" alt=\" \" \/><\/div>\n<div class=\"col-md-7 text-md-left text-center\">\n<h2>Cerradura inteligente<\/h2>\n<p class=\"text-muted\">\n<p>La cerradura inteligente marca YLI modelo\u00a0<strong>ABK703BS\u00a0<\/strong>es una cerradura\u00a0controlada por un motor electr\u00f3nico el cual manipula inteligentemente el picaporte de la misma, se puede configurar con cualquier control de acceso que realice contactos o pulsos secos a la cerradura, se cataloga como anti impacto por su tecnolog\u00eda de sensor en la que realiza el cierre de la cerradura hasta que detecta o sensa que la puerta se ha cerrado.Siendo as\u00ed una soluci\u00f3n segura y f\u00e1cil de operar para controlar nuestros accesos.<\/p>\n<p>&nbsp;<\/p>\n<\/div>\n<\/div>\n<hr class=\"padding-bottom-2x\" \/>\n<div class=\"row align-items-center padding-bottom-2x\">\n<div class=\"col-md-5 order-md-2\"><img decoding=\"async\" class=\"d-block m-auto img-thumbnail\" src=\"https:\/\/tvc.mx\/media\/120910\/COMMAX-PAQDP2SDR2G-AUDIOPORTERO-CONTRACHAPA-INTELIGENTE-INTERCOMUNICADOR-CERRADURA-ELECTRICA-ABK703BS-cmx107033-1.jpg\" alt=\" \" \/><\/div>\n<div class=\"col-md-7 order-md-1 text-md-left text-center\">\n<h2>Caracter\u00edsticas<\/h2>\n<p class=\"text-muted\">\n<ul>\n<li>Tama\u00f1o de bloqueo (mm): 130(L) x 100(A) x 61.25(D)<\/li>\n<li>Prueba de fallo: Se bloquea al energizar<\/li>\n<li>Fuente de alimentaci\u00f3n: DC 12V \u00b1 10%<\/li>\n<li>Corriente de arranque:350 mA<\/li>\n<li>Corriente de operaci\u00f3n:25 mA<\/li>\n<li>Temperatura: -20\u00b0C~+50\u00b0C<\/li>\n<li>Longitud de la laminilla de cierre: 20 mm<\/li>\n<li>Material: Acero inoxidable<\/li>\n<li>Aplicaciones: Ampliamente utilizada en el campo inteligente, f\u00e1bricas,almac\u00e9n,bases de estaci\u00f3n y sistemas de control de acceso inteligente.<\/li>\n<li>Peso:1.45 Kg<\/li>\n<\/ul>\n<p>&nbsp;<\/p>\n<\/div>\n<\/div>\n<hr class=\"padding-bottom-2x\" \/>\n<div class=\"row align-items-center padding-bottom-2x\">\n<div class=\"col-md-5\"><img decoding=\"async\" class=\"d-block m-auto img-thumbnail\" src=\"https:\/\/tvc.mx\/media\/120913\/COMMAX-PAQDP2SDR2G-AUDIOPORTERO-ABK703BS-FUENTE-12V-PSU1202E-cmx107033.jpg\" alt=\" \" \/><\/div>\n<div class=\"col-md-7 text-md-left text-center\">\n<h2>Fuente de poder uFP12VDC2A<\/h2>\n<p class=\"text-muted\">\n<p>El transformador es un dispositivo que convierte la energ\u00eda el\u00e9ctrica alterna de un cierto nivel de tensi\u00f3n, en energ\u00eda alterna de otro nivel de tensi\u00f3n, bas\u00e1ndose en el fen\u00f3meno de la inducci\u00f3n electromagn\u00e9tica. Est\u00e1 constituido por dos o m\u00e1s bobinas de material conductor, devanadas sobre un n\u00facleo cerrado de material\u00a0ferromagn\u00e9tico, pero aisladas entre s\u00ed el\u00e9ctricamente. La \u00fanica conexi\u00f3n entre las bobinas la constituye el flujo magn\u00e9tico com\u00fan que se establece en el n\u00facleo. El n\u00facleo, generalmente, es fabricado bien sea de hierro o de l\u00e1minas apiladas de acero el\u00e9ctrico, aleaci\u00f3n apropiada para optimizar el flujo magn\u00e9tico. Las bobinas o devanados se denominan primario y secundario seg\u00fan correspondan a la entrada o salida del sistema en cuesti\u00f3n, respectivamente. Tambi\u00e9n existen transformadores con m\u00e1s devanados; en este caso, puede existir un devanado \u00abterciario\u00bb, de menor tensi\u00f3n que el secundario.<\/p>\n<p><strong>Caracter\u00edsticas<\/strong><\/p>\n<ul>\n<li class=\"ql-align-justify\">Voltaje: 12V DC.<\/li>\n<li class=\"ql-align-justify\">Amperaje:\u00a02 Amp.<\/li>\n<\/ul>\n<p class=\"ql-align-justify\">\n<\/div>\n<\/div>\n","protected":false},"excerpt":{"rendered":"<p>Descripci\u00f3n general Los Audio porteros Commax cuentan con la mejor calidad de audio y dise\u00f1o para satisfacer las m\u00e1s altas necesidades y m\u00e1s grandes expectativas en aplicaciones Residenciales o Empresariales. Cuenta con una conexi\u00f3n de hasta 2 frentes de calle, estos frentes de calle \u00fanicamente&hellip;<\/p>\n","protected":false},"featured_media":6377,"comment_status":"open","ping_status":"closed","template":"","meta":{"om_disable_all_campaigns":false,"_monsterinsights_skip_tracking":false,"_monsterinsights_sitenote_active":false,"_monsterinsights_sitenote_note":"","_monsterinsights_sitenote_category":0},"product_brand":[],"product_cat":[533],"product_tag":[513,514,511,516,519,517,520,515,181,518,512],"class_list":{"0":"post-6378","1":"product","2":"type-product","3":"status-publish","4":"has-post-thumbnail","6":"product_cat-audioporteros","7":"product_tag-altavoces","8":"product_tag-amplificadores","9":"product_tag-audio-y-video","10":"product_tag-audioporteros","11":"product_tag-digital-signage","12":"product_tag-intercomunicadores","13":"product_tag-kits-videoporteros","14":"product_tag-mezcladoras","15":"product_tag-microfonos","16":"product_tag-sistemas-de-enfermeria","17":"product_tag-videoporteros","19":"first","20":"instock","21":"sale","22":"taxable","23":"shipping-taxable","24":"purchasable","25":"product-type-simple"},"aioseo_notices":[],"_links":{"self":[{"href":"https:\/\/tecsecmty.com\/index.php\/wp-json\/wp\/v2\/product\/6378","targetHints":{"allow":["GET"]}}],"collection":[{"href":"https:\/\/tecsecmty.com\/index.php\/wp-json\/wp\/v2\/product"}],"about":[{"href":"https:\/\/tecsecmty.com\/index.php\/wp-json\/wp\/v2\/types\/product"}],"replies":[{"embeddable":true,"href":"https:\/\/tecsecmty.com\/index.php\/wp-json\/wp\/v2\/comments?post=6378"}],"version-history":[{"count":0,"href":"https:\/\/tecsecmty.com\/index.php\/wp-json\/wp\/v2\/product\/6378\/revisions"}],"wp:featuredmedia":[{"embeddable":true,"href":"https:\/\/tecsecmty.com\/index.php\/wp-json\/wp\/v2\/media\/6377"}],"wp:attachment":[{"href":"https:\/\/tecsecmty.com\/index.php\/wp-json\/wp\/v2\/media?parent=6378"}],"wp:term":[{"taxonomy":"product_brand","embeddable":true,"href":"https:\/\/tecsecmty.com\/index.php\/wp-json\/wp\/v2\/product_brand?post=6378"},{"taxonomy":"product_cat","embeddable":true,"href":"https:\/\/tecsecmty.com\/index.php\/wp-json\/wp\/v2\/product_cat?post=6378"},{"taxonomy":"product_tag","embeddable":true,"href":"https:\/\/tecsecmty.com\/index.php\/wp-json\/wp\/v2\/product_tag?post=6378"}],"curies":[{"name":"wp","href":"https:\/\/api.w.org\/{rel}","templated":true}]}}