{"id":6384,"date":"2023-02-23T12:04:17","date_gmt":"2023-02-23T18:04:17","guid":{"rendered":"https:\/\/tecsecmty.com\/index.php\/producto\/commax-ccu208agf-distribuidor-de-piso-para-sistema-de-audio-portero-departamental-8-intercomunicadores-ap2sag-conexion-a-2-hilos-24-vdc-sistema-audiogate\/"},"modified":"2023-03-22T23:22:13","modified_gmt":"2023-03-23T05:22:13","slug":"commax-ccu208agf-distribuidor-de-piso-para-sistema-de-audio-portero-departamental-8-intercomunicadores-ap2sag-conexion-a-2-hilos-24-vdc-sistema-audiogate","status":"publish","type":"product","link":"https:\/\/tecsecmty.com\/index.php\/producto\/commax-ccu208agf-distribuidor-de-piso-para-sistema-de-audio-portero-departamental-8-intercomunicadores-ap2sag-conexion-a-2-hilos-24-vdc-sistema-audiogate\/","title":{"rendered":"COMMAX CCU208AGF &#8211; Distribuidor de piso para sistema de audio portero departamental\/ 8 Intercomunicadores AP2SAG \/ Conexi\u00f3n a 2 hilos \/ 24 VDC\/ Sistema #Audiogate"},"content":{"rendered":"<div class=\"row align-items-center padding-bottom-2x\">\n<div class=\"col-md-7 text-md-left text-center\">\n<h2>Descripci\u00f3n<\/h2>\n<p class=\"text-muted\">\n<p class=\"ql-align-justify\">Commax se esfuerza continuamente para la satisfacci\u00f3n de los clientes, deseando ser la primera elecci\u00f3n para nuestros usuarios en los mercados que servimos, proporcionando productos de dise\u00f1o superior, soluciones con avanzada tecnolog\u00eda, as\u00ed como las certificaciones requeridas por todos los mercados. En la actualidad COMMAX es una marca registrada en m\u00e1s de 115 pa\u00edses y sus exportaciones se realizan a m\u00e1s de 100 pa\u00edses, en su mayor\u00eda bajo la marca de COMMAX.<\/p>\n<p class=\"ql-align-justify\">Proporciona el poder para cada una de las unidades familiares.<\/p>\n<p class=\"ql-align-justify\">Commax multi sistema de entrada ha sido desarrollado por la gesti\u00f3n de calidad total para garantizar la estabilidad y la eficiencia de este sistema que sirve a la conveniencia del usuario con un f\u00e1cil manejo e instalaci\u00f3n. S\u00f3lo 1 cable UTP es suficiente para el sistema, sobre todo, esto es muy adecuado para la residencia p\u00fablica o complejo de apartamentos.<\/p>\n<p class=\"ql-align-justify\">Mayor Flexibilidad para varios sitios (8 CH).<\/p>\n<p>&nbsp;<\/p>\n<\/div>\n<\/div>\n<hr class=\"padding-bottom-2x\" \/>\n<div class=\"row aling-items-center padding-bottom-2x\">\n<div class=\"col-lg-12\">\n<h5 class=\"card-title text-center\">Caracter\u00edsticas:<\/h5>\n<ul>\n<li>Conexi\u00f3n de 2 cables con no polaridad.<\/li>\n<li>Proporciona el poder a cada unidad de hogar.<\/li>\n<li>Cableado 1UTP entre distribuidores de piso.<\/li>\n<li>Flexibilidad mejorada para varios sitios (8 canales).<\/li>\n<\/ul>\n<\/div>\n<\/div>\n<div class=\"row aling-items-center padding-bottom-2x\">\n<div class=\"col-lg-12\">\n<h5 class=\"card-title text-center\">Especificaciones:<\/h5>\n<ul>\n<li>Fuente de alimentaci\u00f3n DC 24V, 3amp.<\/li>\n<li>4 (8) canales (Conectable con tel\u00e9fono de Audio de 2 hilos hasta 4 ea).<\/li>\n<li>Distribuidor de panel a piso del lobby: UTP<\/li>\n<li>Distribuidor de la unidad dom\u00e9stica a la planta: 2 hilos<\/li>\n<li>Distribuidor de piso a piso distribuidor: U<\/li>\n<\/ul>\n<\/div>\n<\/div>\n","protected":false},"excerpt":{"rendered":"<p>Descripci\u00f3n Commax se esfuerza continuamente para la satisfacci\u00f3n de los clientes, deseando ser la primera elecci\u00f3n para nuestros usuarios en los mercados que servimos, proporcionando productos de dise\u00f1o superior, soluciones con avanzada tecnolog\u00eda, as\u00ed como las certificaciones requeridas por todos los mercados. En la actualidad&hellip;<\/p>\n","protected":false},"featured_media":6383,"comment_status":"open","ping_status":"closed","template":"","meta":{"om_disable_all_campaigns":false,"_monsterinsights_skip_tracking":false,"_monsterinsights_sitenote_active":false,"_monsterinsights_sitenote_note":"","_monsterinsights_sitenote_category":0},"product_brand":[],"product_cat":[534],"product_tag":[513,514,511,516,519,517,520,515,181,518,512],"class_list":{"0":"post-6384","1":"product","2":"type-product","3":"status-publish","4":"has-post-thumbnail","6":"product_cat-distribuidores","7":"product_tag-altavoces","8":"product_tag-amplificadores","9":"product_tag-audio-y-video","10":"product_tag-audioporteros","11":"product_tag-digital-signage","12":"product_tag-intercomunicadores","13":"product_tag-kits-videoporteros","14":"product_tag-mezcladoras","15":"product_tag-microfonos","16":"product_tag-sistemas-de-enfermeria","17":"product_tag-videoporteros","19":"first","20":"instock","21":"sale","22":"taxable","23":"shipping-taxable","24":"purchasable","25":"product-type-simple"},"aioseo_notices":[],"_links":{"self":[{"href":"https:\/\/tecsecmty.com\/index.php\/wp-json\/wp\/v2\/product\/6384","targetHints":{"allow":["GET"]}}],"collection":[{"href":"https:\/\/tecsecmty.com\/index.php\/wp-json\/wp\/v2\/product"}],"about":[{"href":"https:\/\/tecsecmty.com\/index.php\/wp-json\/wp\/v2\/types\/product"}],"replies":[{"embeddable":true,"href":"https:\/\/tecsecmty.com\/index.php\/wp-json\/wp\/v2\/comments?post=6384"}],"version-history":[{"count":0,"href":"https:\/\/tecsecmty.com\/index.php\/wp-json\/wp\/v2\/product\/6384\/revisions"}],"wp:featuredmedia":[{"embeddable":true,"href":"https:\/\/tecsecmty.com\/index.php\/wp-json\/wp\/v2\/media\/6383"}],"wp:attachment":[{"href":"https:\/\/tecsecmty.com\/index.php\/wp-json\/wp\/v2\/media?parent=6384"}],"wp:term":[{"taxonomy":"product_brand","embeddable":true,"href":"https:\/\/tecsecmty.com\/index.php\/wp-json\/wp\/v2\/product_brand?post=6384"},{"taxonomy":"product_cat","embeddable":true,"href":"https:\/\/tecsecmty.com\/index.php\/wp-json\/wp\/v2\/product_cat?post=6384"},{"taxonomy":"product_tag","embeddable":true,"href":"https:\/\/tecsecmty.com\/index.php\/wp-json\/wp\/v2\/product_tag?post=6384"}],"curies":[{"name":"wp","href":"https:\/\/api.w.org\/{rel}","templated":true}]}}