{"id":6386,"date":"2023-02-23T12:04:19","date_gmt":"2023-02-23T18:04:19","guid":{"rendered":"https:\/\/tecsecmty.com\/index.php\/producto\/commax-ccu216agf-distribuidor-para-panel-de-audio-dr2ag-para-interconectar-hasta16-intercomunicadores-ap2sag-por-2-hilos-sistema-departamental-audiogate\/"},"modified":"2023-03-22T23:22:13","modified_gmt":"2023-03-23T05:22:13","slug":"commax-ccu216agf-distribuidor-para-panel-de-audio-dr2ag-para-interconectar-hasta16-intercomunicadores-ap2sag-por-2-hilos-sistema-departamental-audiogate","status":"publish","type":"product","link":"https:\/\/tecsecmty.com\/index.php\/producto\/commax-ccu216agf-distribuidor-para-panel-de-audio-dr2ag-para-interconectar-hasta16-intercomunicadores-ap2sag-por-2-hilos-sistema-departamental-audiogate\/","title":{"rendered":"COMMAX CCU216AGF &#8211; Distribuidor para panel de audio DR2AG para interconectar hasta16 Intercomunicadores AP2SAG por 2 hilos \/ Sistema departamental #Audiogate"},"content":{"rendered":"<div class=\"row aling-items-center padding-bottom-2x\">\n<div class=\"col-lg-12\">\n<h5 class=\"card-title text-center\">Descripci\u00f3n<\/h5>\n<p class=\"ql-align-justify\">Commax se esfuerza continuamente para la satisfacci\u00f3n de los clientes, deseando ser la primera elecci\u00f3n para nuestros usuarios en los mercados que servimos, proporcionando productos de dise\u00f1o superior, soluciones con avanzada tecnolog\u00eda, as\u00ed como las certificaciones requeridas por todos los mercados. En la actualidad COMMAX es una marca registrada en m\u00e1s de 115 pa\u00edses y sus exportaciones se realizan a m\u00e1s de 100 pa\u00edses, en su mayor\u00eda bajo la marca de COMMAX.\u00a0Proporciona el poder para cada una de las unidades familiares.<\/p>\n<p class=\"ql-align-justify\">Commax multi sistema de entrada ha sido desarrollado por la gesti\u00f3n de calidad total para garantizar la estabilidad y la eficiencia de este sistema que sirve a la conveniencia del usuario con un f\u00e1cil manejo e instalaci\u00f3n. S\u00f3lo 1 cable UTP es suficiente para el sistema, sobre todo, esto es muy adecuado para la residencia p\u00fablica o complejo de apartamentos. Mayor Flexibilidad para varios sitios (16 CH).<\/p>\n<\/div>\n<\/div>\n<div class=\"row aling-items-center padding-bottom-2x\">\n<div class=\"col-lg-12\">\n<h5 class=\"card-title text-center\">Caracter\u00edsticas:<\/h5>\n<ul>\n<li>Conexi\u00f3n de cable con no polaridad.<\/li>\n<li>Proporciona el poder a cada unidad de hogar.<\/li>\n<li>Cableado 1UTP entre distribuidores de piso.<\/li>\n<li>Flexibilidad mejorada para varios sitios ( CCU-216AGF: 16channel \/ CCU-232AGF: 32channel )<\/li>\n<\/ul>\n<\/div>\n<\/div>\n<div class=\"row aling-items-center padding-bottom-2x\">\n<div class=\"col-lg-12\">\n<h5 class=\"card-title text-center\">Especificaciones<\/h5>\n<ul>\n<li>Fuente de alimentaci\u00f3n DC 24V, 1.5\u00aa.<\/li>\n<li>Tipo de montaje tipo de montaje en riel DIN.<\/li>\n<li>Temperatura de funcionamiento-10 \u2103 ~ + 40 \u2103.<\/li>\n<li>Distribuidor del tel\u00e9fono al piso del vest\u00edbulo: 1 UTP.<\/li>\n<li>Distribuidor de la unidad dom\u00e9stica a la planta del hogar: 2 cables.<\/li>\n<li>Distribuidor del piso al distribuidor del piso: UTP<\/li>\n<li>Puerto Canal de 16 (32) (Conectable con tel\u00e9fono de Audio de 2 hilos hasta 4 ea).<\/li>\n<li>Distancia Max. 100 metros.<\/li>\n<li>Dimensi\u00f3n (mm)419 (W) x232 (H) X37 (D).<\/li>\n<\/ul>\n<\/div>\n<\/div>\n","protected":false},"excerpt":{"rendered":"<p>Descripci\u00f3n Commax se esfuerza continuamente para la satisfacci\u00f3n de los clientes, deseando ser la primera elecci\u00f3n para nuestros usuarios en los mercados que servimos, proporcionando productos de dise\u00f1o superior, soluciones con avanzada tecnolog\u00eda, as\u00ed como las certificaciones requeridas por todos los mercados. En la actualidad&hellip;<\/p>\n","protected":false},"featured_media":6385,"comment_status":"open","ping_status":"closed","template":"","meta":{"om_disable_all_campaigns":false,"_monsterinsights_skip_tracking":false,"_monsterinsights_sitenote_active":false,"_monsterinsights_sitenote_note":"","_monsterinsights_sitenote_category":0},"product_brand":[],"product_cat":[534],"product_tag":[513,514,511,516,519,517,520,515,181,518,512],"class_list":{"0":"post-6386","1":"product","2":"type-product","3":"status-publish","4":"has-post-thumbnail","6":"product_cat-distribuidores","7":"product_tag-altavoces","8":"product_tag-amplificadores","9":"product_tag-audio-y-video","10":"product_tag-audioporteros","11":"product_tag-digital-signage","12":"product_tag-intercomunicadores","13":"product_tag-kits-videoporteros","14":"product_tag-mezcladoras","15":"product_tag-microfonos","16":"product_tag-sistemas-de-enfermeria","17":"product_tag-videoporteros","19":"first","20":"instock","21":"sale","22":"taxable","23":"shipping-taxable","24":"purchasable","25":"product-type-simple"},"aioseo_notices":[],"_links":{"self":[{"href":"https:\/\/tecsecmty.com\/index.php\/wp-json\/wp\/v2\/product\/6386","targetHints":{"allow":["GET"]}}],"collection":[{"href":"https:\/\/tecsecmty.com\/index.php\/wp-json\/wp\/v2\/product"}],"about":[{"href":"https:\/\/tecsecmty.com\/index.php\/wp-json\/wp\/v2\/types\/product"}],"replies":[{"embeddable":true,"href":"https:\/\/tecsecmty.com\/index.php\/wp-json\/wp\/v2\/comments?post=6386"}],"version-history":[{"count":0,"href":"https:\/\/tecsecmty.com\/index.php\/wp-json\/wp\/v2\/product\/6386\/revisions"}],"wp:featuredmedia":[{"embeddable":true,"href":"https:\/\/tecsecmty.com\/index.php\/wp-json\/wp\/v2\/media\/6385"}],"wp:attachment":[{"href":"https:\/\/tecsecmty.com\/index.php\/wp-json\/wp\/v2\/media?parent=6386"}],"wp:term":[{"taxonomy":"product_brand","embeddable":true,"href":"https:\/\/tecsecmty.com\/index.php\/wp-json\/wp\/v2\/product_brand?post=6386"},{"taxonomy":"product_cat","embeddable":true,"href":"https:\/\/tecsecmty.com\/index.php\/wp-json\/wp\/v2\/product_cat?post=6386"},{"taxonomy":"product_tag","embeddable":true,"href":"https:\/\/tecsecmty.com\/index.php\/wp-json\/wp\/v2\/product_tag?post=6386"}],"curies":[{"name":"wp","href":"https:\/\/api.w.org\/{rel}","templated":true}]}}