{"id":6388,"date":"2023-02-23T12:04:21","date_gmt":"2023-02-23T18:04:21","guid":{"rendered":"https:\/\/tecsecmty.com\/index.php\/producto\/commax-ccu232agf-distribuidor-para-panel-de-audio-dr2ag-con-capacidad-para-conectar-hasta-32-equipos-ap2sag-por-conexion-a-2-hilos-sistema-para-departamentos-audiogate\/"},"modified":"2023-03-22T23:22:13","modified_gmt":"2023-03-23T05:22:13","slug":"commax-ccu232agf-distribuidor-para-panel-de-audio-dr2ag-con-capacidad-para-conectar-hasta-32-equipos-ap2sag-por-conexion-a-2-hilos-sistema-para-departamentos-audiogate","status":"publish","type":"product","link":"https:\/\/tecsecmty.com\/index.php\/producto\/commax-ccu232agf-distribuidor-para-panel-de-audio-dr2ag-con-capacidad-para-conectar-hasta-32-equipos-ap2sag-por-conexion-a-2-hilos-sistema-para-departamentos-audiogate\/","title":{"rendered":"COMMAX CCU232AGF &#8211; Distribuidor para panel de audio DR2AG con capacidad para conectar hasta 32 equipos AP2SAG por conexi\u00f3n a 2 hilos, sistema para departamentos #Audiogate"},"content":{"rendered":"<div class=\"row aling-items-center padding-bottom-2x\">\n<div class=\"col-lg-12\">\n<h5 class=\"card-title text-center\">Descripci\u00f3n<\/h5>\n<p class=\"ql-align-justify\">Commax se esfuerza continuamente para la satisfacci\u00f3n de los clientes, deseando ser la primera elecci\u00f3n para nuestros usuarios en los mercados que servimos, proporcionando productos de dise\u00f1o superior, soluciones con avanzada tecnolog\u00eda, as\u00ed como las certificaciones requeridas por todos los mercados. En la actualidad COMMAX es una marca registrada en m\u00e1s de 115 pa\u00edses y sus exportaciones se realizan a m\u00e1s de 100 pa\u00edses, en su mayor\u00eda bajo la marca de COMMAX.<\/p>\n<p class=\"ql-align-justify\">Proporciona el poder para cada una de las unidades familiares. Commax multi sistema de entrada ha sido desarrollado por la gesti\u00f3n de calidad total para garantizar la estabilidad y la eficiencia de este sistema que sirve a la conveniencia del usuario con un f\u00e1cil manejo e instalaci\u00f3n.<\/p>\n<p class=\"ql-align-justify\">S\u00f3lo 1 cable UTP es suficiente para el sistema, sobre todo, esto es muy adecuado para la residencia p\u00fablica o complejo de apartamentos. Mayor Flexibilidad para varios sitios (32 CH).<\/p>\n<\/div>\n<\/div>\n<div class=\"row aling-items-center padding-bottom-2x\">\n<div class=\"col-lg-12\">\n<h5 class=\"card-title text-center\">Caracter\u00edsticas:<\/h5>\n<ul>\n<li>Fuente de poder: DC 24V, 1.5A<\/li>\n<li>Temperatura de operaci\u00f3n: -10C\u00b0 ~ +40C\u00b0<\/li>\n<li>Canal: 32CH<\/li>\n<li>Dimensiones (mm): 419(W) x232(H) x37(D)<\/li>\n<li>Tipo de Montaje: Tipo Riel DIN<\/li>\n<li>Cableado: Del Distribuidor al tel\u00e9fono del lobby: 1 UTP<\/li>\n<li>Unidad para el hogar: 2 cables (no-polaridad)<\/li>\n<li>Distancia: M\u00e1ximo 100Mts.<\/li>\n<\/ul>\n<\/div>\n<\/div>\n","protected":false},"excerpt":{"rendered":"<p>Descripci\u00f3n Commax se esfuerza continuamente para la satisfacci\u00f3n de los clientes, deseando ser la primera elecci\u00f3n para nuestros usuarios en los mercados que servimos, proporcionando productos de dise\u00f1o superior, soluciones con avanzada tecnolog\u00eda, as\u00ed como las certificaciones requeridas por todos los mercados. En la actualidad&hellip;<\/p>\n","protected":false},"featured_media":6387,"comment_status":"open","ping_status":"closed","template":"","meta":{"om_disable_all_campaigns":false,"_monsterinsights_skip_tracking":false,"_monsterinsights_sitenote_active":false,"_monsterinsights_sitenote_note":"","_monsterinsights_sitenote_category":0},"product_brand":[],"product_cat":[534],"product_tag":[513,514,511,516,519,517,520,515,181,518,512],"class_list":{"0":"post-6388","1":"product","2":"type-product","3":"status-publish","4":"has-post-thumbnail","6":"product_cat-distribuidores","7":"product_tag-altavoces","8":"product_tag-amplificadores","9":"product_tag-audio-y-video","10":"product_tag-audioporteros","11":"product_tag-digital-signage","12":"product_tag-intercomunicadores","13":"product_tag-kits-videoporteros","14":"product_tag-mezcladoras","15":"product_tag-microfonos","16":"product_tag-sistemas-de-enfermeria","17":"product_tag-videoporteros","19":"first","20":"instock","21":"sale","22":"taxable","23":"shipping-taxable","24":"purchasable","25":"product-type-simple"},"aioseo_notices":[],"_links":{"self":[{"href":"https:\/\/tecsecmty.com\/index.php\/wp-json\/wp\/v2\/product\/6388","targetHints":{"allow":["GET"]}}],"collection":[{"href":"https:\/\/tecsecmty.com\/index.php\/wp-json\/wp\/v2\/product"}],"about":[{"href":"https:\/\/tecsecmty.com\/index.php\/wp-json\/wp\/v2\/types\/product"}],"replies":[{"embeddable":true,"href":"https:\/\/tecsecmty.com\/index.php\/wp-json\/wp\/v2\/comments?post=6388"}],"version-history":[{"count":0,"href":"https:\/\/tecsecmty.com\/index.php\/wp-json\/wp\/v2\/product\/6388\/revisions"}],"wp:featuredmedia":[{"embeddable":true,"href":"https:\/\/tecsecmty.com\/index.php\/wp-json\/wp\/v2\/media\/6387"}],"wp:attachment":[{"href":"https:\/\/tecsecmty.com\/index.php\/wp-json\/wp\/v2\/media?parent=6388"}],"wp:term":[{"taxonomy":"product_brand","embeddable":true,"href":"https:\/\/tecsecmty.com\/index.php\/wp-json\/wp\/v2\/product_brand?post=6388"},{"taxonomy":"product_cat","embeddable":true,"href":"https:\/\/tecsecmty.com\/index.php\/wp-json\/wp\/v2\/product_cat?post=6388"},{"taxonomy":"product_tag","embeddable":true,"href":"https:\/\/tecsecmty.com\/index.php\/wp-json\/wp\/v2\/product_tag?post=6388"}],"curies":[{"name":"wp","href":"https:\/\/api.w.org\/{rel}","templated":true}]}}