{"id":6400,"date":"2023-02-23T12:04:34","date_gmt":"2023-02-23T18:04:34","guid":{"rendered":"https:\/\/tecsecmty.com\/index.php\/producto\/dahua-ldh55-tai200-pantalla-lcd-digital-signage-55-pulgadas-andro-id-5-1-uso-interior-carcasa-de-metal-video-imagenes-texto-administrable-remotamente\/"},"modified":"2023-03-22T23:22:57","modified_gmt":"2023-03-23T05:22:57","slug":"dahua-ldh55-tai200-pantalla-lcd-digital-signage-55-pulgadas-andro-id-5-1-uso-interior-carcasa-de-metal-video-imagenes-texto-administrable-remotamente","status":"publish","type":"product","link":"https:\/\/tecsecmty.com\/index.php\/producto\/dahua-ldh55-tai200-pantalla-lcd-digital-signage-55-pulgadas-andro-id-5-1-uso-interior-carcasa-de-metal-video-imagenes-texto-administrable-remotamente\/","title":{"rendered":"DAHUA LDH55-TAI200 &#8211; Pantalla LCD digital SIGNAGE 55 pulgadas \/ ANDRO ID 5.1 \/ Uso interior \/ Carcasa de metal \/ Video \/ Imagenes \/ Texto administrable remotamente"},"content":{"rendered":"<div class=\"row aling-items-center padding-bottom-2x\">\n<div class=\"col-lg-12\">\n<h5 class=\"card-title text-center\">Informaci\u00f3n General<\/h5>\n<p>La pantalla Digital Signage modelo<strong>\u00a0LDH55TAI200<\/strong>\u00a0es un display de publicidad de 55&#8243; de montaje en pared (VESA), su resoluci\u00f3n Full HD y reproducci\u00f3n c\u00edclica por horarios de medios audiovisuales hacen de esta pantalla la mejor opci\u00f3n para transmisi\u00f3n de medios en tiendas, plazas, supermercados.<\/p>\n<p>Las pantallas de Digital Signage de la l\u00ednea Performance de Dahua son administrados por software, adem\u00e1s de tener la posibilidad de transmitir directamente sobre el dispositivo mediante contenido USB, HDMI o VGA<\/p>\n<p>Gracias a su sistema operativo Android 5.1 y su reproductor multimedia integrado es posible reproducir audio, video, fotograf\u00edas, documentos y m\u00e1s.<\/p>\n<p><img decoding=\"async\" class=\"overview-center-img-web\" src=\"https:\/\/tvc.mx\/media\/472758\/pantalla-lcd-digital-signage-55-pulgadas-LDH55-TAI200-Dahua-imgpp.png\" alt=\"\" \/><\/div>\n<\/div>\n<div class=\"row align-items-center padding-bottom-2x\">\n<div class=\"col-md-5\"><img decoding=\"async\" class=\"d-block m-auto img-thumbnail\" src=\"https:\/\/tvc.mx\/media\/235891\/funs%C3%ADones-b%C3%A1sicas.png\" alt=\" \" \/><\/div>\n<div class=\"col-md-7 text-md-left text-center\">\n<h2>Fusiones b\u00e1sicas<\/h2>\n<p class=\"text-muted\">\n<p>Gracias a su poderosa interfaz y a su elegante dise\u00f1o el LDH55TAI200 puede ser utilizado en diferentes aplicaciones como restaurantes, hoteles, escuelas, centros de convenciones, terminales, supermercados, plazas comerciales y mucho m\u00e1s.<\/p>\n<p>&nbsp;<\/p>\n<\/div>\n<\/div>\n<hr class=\"padding-bottom-2x\" \/>\n<div class=\"row align-items-center padding-bottom-2x\">\n<div class=\"col-md-5 order-md-2\"><img decoding=\"async\" class=\"d-block m-auto img-thumbnail\" src=\"https:\/\/tvc.mx\/media\/472760\/pantalla-lcd-digital-signage-55-pulgadas-LDH55-TAI200-Dahua-caracteristicas.png\" alt=\" \" \/><\/div>\n<div class=\"col-md-7 order-md-1 text-md-left text-center\">\n<h2>Principales caracter\u00edsticas<\/h2>\n<p class=\"text-muted\">\n<ul>\n<li>Abundantes interfaces que incluyen HDMI, VGA, USB, tarjeta SD,RS232<\/li>\n<li>Admite im\u00e1genes, audio, video, marquesina, tiempo, p\u00e1gina web, etc.<\/li>\n<li>Edici\u00f3n de m\u00faltiples materiales<\/li>\n<li>Software de reproductor multimedia integrado y reproductor USB para proporcionar m\u00faltiples m\u00e9todos para reproducir contenidos<\/li>\n<li>\u00c1ngulo de visi\u00f3n extra amplio de 178 \u00b0 H \/ 178 \u00b0 V para una visualizaci\u00f3n general actuaci\u00f3n<\/li>\n<li>El rendimiento de alto costo y la propagaci\u00f3n publicitaria eficiente, sus oportunidades comerciales ilimitadas<\/li>\n<\/ul>\n<\/div>\n<\/div>\n","protected":false},"excerpt":{"rendered":"<p>Informaci\u00f3n General La pantalla Digital Signage modelo\u00a0LDH55TAI200\u00a0es un display de publicidad de 55&#8243; de montaje en pared (VESA), su resoluci\u00f3n Full HD y reproducci\u00f3n c\u00edclica por horarios de medios audiovisuales hacen de esta pantalla la mejor opci\u00f3n para transmisi\u00f3n de medios en tiendas, plazas, supermercados.&hellip;<\/p>\n","protected":false},"featured_media":6399,"comment_status":"open","ping_status":"closed","template":"","meta":{"om_disable_all_campaigns":false,"_monsterinsights_skip_tracking":false,"_monsterinsights_sitenote_active":false,"_monsterinsights_sitenote_note":"","_monsterinsights_sitenote_category":0},"product_brand":[],"product_cat":[537],"product_tag":[513,514,511,516,519,517,520,515,181,518,512],"class_list":{"0":"post-6400","1":"product","2":"type-product","3":"status-publish","4":"has-post-thumbnail","6":"product_cat-digital-signage","7":"product_tag-altavoces","8":"product_tag-amplificadores","9":"product_tag-audio-y-video","10":"product_tag-audioporteros","11":"product_tag-digital-signage","12":"product_tag-intercomunicadores","13":"product_tag-kits-videoporteros","14":"product_tag-mezcladoras","15":"product_tag-microfonos","16":"product_tag-sistemas-de-enfermeria","17":"product_tag-videoporteros","19":"first","20":"instock","21":"sale","22":"taxable","23":"shipping-taxable","24":"purchasable","25":"product-type-simple"},"aioseo_notices":[],"_links":{"self":[{"href":"https:\/\/tecsecmty.com\/index.php\/wp-json\/wp\/v2\/product\/6400","targetHints":{"allow":["GET"]}}],"collection":[{"href":"https:\/\/tecsecmty.com\/index.php\/wp-json\/wp\/v2\/product"}],"about":[{"href":"https:\/\/tecsecmty.com\/index.php\/wp-json\/wp\/v2\/types\/product"}],"replies":[{"embeddable":true,"href":"https:\/\/tecsecmty.com\/index.php\/wp-json\/wp\/v2\/comments?post=6400"}],"version-history":[{"count":0,"href":"https:\/\/tecsecmty.com\/index.php\/wp-json\/wp\/v2\/product\/6400\/revisions"}],"wp:featuredmedia":[{"embeddable":true,"href":"https:\/\/tecsecmty.com\/index.php\/wp-json\/wp\/v2\/media\/6399"}],"wp:attachment":[{"href":"https:\/\/tecsecmty.com\/index.php\/wp-json\/wp\/v2\/media?parent=6400"}],"wp:term":[{"taxonomy":"product_brand","embeddable":true,"href":"https:\/\/tecsecmty.com\/index.php\/wp-json\/wp\/v2\/product_brand?post=6400"},{"taxonomy":"product_cat","embeddable":true,"href":"https:\/\/tecsecmty.com\/index.php\/wp-json\/wp\/v2\/product_cat?post=6400"},{"taxonomy":"product_tag","embeddable":true,"href":"https:\/\/tecsecmty.com\/index.php\/wp-json\/wp\/v2\/product_tag?post=6400"}],"curies":[{"name":"wp","href":"https:\/\/api.w.org\/{rel}","templated":true}]}}