{"id":6436,"date":"2023-02-23T12:05:17","date_gmt":"2023-02-23T18:05:17","guid":{"rendered":"https:\/\/tecsecmty.com\/index.php\/producto\/commax-cmd404cfu-distribuidor-de-piso-para-conexion-de-hasta-4-monitores-commax-para-solucion-de-apartamentos-con-el-frente-de-calle-clave-cmx104052-requiere-fuente-rf2a-a-24vdc-departamental-mod\/"},"modified":"2023-03-22T23:22:15","modified_gmt":"2023-03-23T05:22:15","slug":"commax-cmd404cfu-distribuidor-de-piso-para-conexion-de-hasta-4-monitores-commax-para-solucion-de-apartamentos-con-el-frente-de-calle-clave-cmx104052-requiere-fuente-rf2a-a-24vdc-departamental-mod","status":"publish","type":"product","link":"https:\/\/tecsecmty.com\/index.php\/producto\/commax-cmd404cfu-distribuidor-de-piso-para-conexion-de-hasta-4-monitores-commax-para-solucion-de-apartamentos-con-el-frente-de-calle-clave-cmx104052-requiere-fuente-rf2a-a-24vdc-departamental-mod\/","title":{"rendered":"COMMAX CMD404CFU &#8211; Distribuidor de piso para conexi\u00f3n de hasta 4 monitores Commax para soluci\u00f3n de apartamentos con el frente de calle clave cmx104052, requiere fuente RF2A a 24VDC\/ Departamental #Modum"},"content":{"rendered":"<div class=\"row aling-items-center padding-bottom-2x\">\n<div class=\"col-lg-12\">\n<h5 class=\"card-title text-center\">Descripci\u00f3n general<\/h5>\n<p>El distribuidor de piso modelo CMD404CFU nos permite interconectar hasta 4 monitores de la marca commax de la linea Fine View que utilizan una combinaci\u00f3n de 4 hilos y as\u00ed\u00a0proporcionarnos las funciones\u00a0de audio y v\u00eddeo desde nuestro frente de calle, permite tambi\u00e9n identificar cada una de las extensiones o departamentos. El orden de las extensiones esta dada por la conexi\u00f3n f\u00edsica del monitor en el distribuidor,\u00a0podemos continuar interconectando mas dispositivos o distribuidores\u00a0del mismo modelo\u00a0y as\u00ed\u00a0incrementar la cantidad de dispositivos.<\/p>\n<p><img decoding=\"async\" class=\"overview-center-img-web\" src=\"https:\/\/tvc.mx\/media\/49146\/cmx105003-1.jpg\" alt=\"\" \/><\/div>\n<\/div>\n<div class=\"row align-items-center padding-bottom-2x\">\n<div class=\"col-md-5\"><img decoding=\"async\" class=\"d-block m-auto img-thumbnail\" src=\"https:\/\/tvc.mx\/media\/49149\/cmx105003--2.jpg\" alt=\" \" \/><\/div>\n<div class=\"col-md-7 text-md-left text-center\">\n<h2>Especificaciones<\/h2>\n<p class=\"text-muted\">\n<ul>\n<li class=\"ql-align-justify\">Fuente de Energ\u00eda: DC 24V 1A.<strong>\u00a0(NO INCLUYE FUENTE)<\/strong><\/li>\n<li class=\"ql-align-justify\">Puerto: 4 Puertos (Conexi\u00f3n de hasta 4 Video Tel\u00e9fonos Fine View).<\/li>\n<li class=\"ql-align-justify\">Tipo de Montaje: Montaje tipo carril din.<\/li>\n<li class=\"ql-align-justify\">Cableado: Distribuidor de piso a distribuidor UTP.<\/li>\n<li class=\"ql-align-justify\">Dimensi\u00f3n: 106(L) x 76(A) x 44(D).<\/li>\n<\/ul>\n<p class=\"ql-align-justify\">.<\/p>\n<\/div>\n<\/div>\n","protected":false},"excerpt":{"rendered":"<p>Descripci\u00f3n general El distribuidor de piso modelo CMD404CFU nos permite interconectar hasta 4 monitores de la marca commax de la linea Fine View que utilizan una combinaci\u00f3n de 4 hilos y as\u00ed\u00a0proporcionarnos las funciones\u00a0de audio y v\u00eddeo desde nuestro frente de calle, permite tambi\u00e9n identificar&hellip;<\/p>\n","protected":false},"featured_media":6435,"comment_status":"open","ping_status":"closed","template":"","meta":{"om_disable_all_campaigns":false,"_monsterinsights_skip_tracking":false,"_monsterinsights_sitenote_active":false,"_monsterinsights_sitenote_note":"","_monsterinsights_sitenote_category":0},"product_brand":[],"product_cat":[542],"product_tag":[513,514,511,516,519,517,520,515,181,518,512],"class_list":{"0":"post-6436","1":"product","2":"type-product","3":"status-publish","4":"has-post-thumbnail","6":"product_cat-distribuidores-videoporteros-analogicos","7":"product_tag-altavoces","8":"product_tag-amplificadores","9":"product_tag-audio-y-video","10":"product_tag-audioporteros","11":"product_tag-digital-signage","12":"product_tag-intercomunicadores","13":"product_tag-kits-videoporteros","14":"product_tag-mezcladoras","15":"product_tag-microfonos","16":"product_tag-sistemas-de-enfermeria","17":"product_tag-videoporteros","19":"first","20":"instock","21":"sale","22":"taxable","23":"shipping-taxable","24":"purchasable","25":"product-type-simple"},"aioseo_notices":[],"_links":{"self":[{"href":"https:\/\/tecsecmty.com\/index.php\/wp-json\/wp\/v2\/product\/6436","targetHints":{"allow":["GET"]}}],"collection":[{"href":"https:\/\/tecsecmty.com\/index.php\/wp-json\/wp\/v2\/product"}],"about":[{"href":"https:\/\/tecsecmty.com\/index.php\/wp-json\/wp\/v2\/types\/product"}],"replies":[{"embeddable":true,"href":"https:\/\/tecsecmty.com\/index.php\/wp-json\/wp\/v2\/comments?post=6436"}],"version-history":[{"count":0,"href":"https:\/\/tecsecmty.com\/index.php\/wp-json\/wp\/v2\/product\/6436\/revisions"}],"wp:featuredmedia":[{"embeddable":true,"href":"https:\/\/tecsecmty.com\/index.php\/wp-json\/wp\/v2\/media\/6435"}],"wp:attachment":[{"href":"https:\/\/tecsecmty.com\/index.php\/wp-json\/wp\/v2\/media?parent=6436"}],"wp:term":[{"taxonomy":"product_brand","embeddable":true,"href":"https:\/\/tecsecmty.com\/index.php\/wp-json\/wp\/v2\/product_brand?post=6436"},{"taxonomy":"product_cat","embeddable":true,"href":"https:\/\/tecsecmty.com\/index.php\/wp-json\/wp\/v2\/product_cat?post=6436"},{"taxonomy":"product_tag","embeddable":true,"href":"https:\/\/tecsecmty.com\/index.php\/wp-json\/wp\/v2\/product_tag?post=6436"}],"curies":[{"name":"wp","href":"https:\/\/api.w.org\/{rel}","templated":true}]}}