{"id":6442,"date":"2023-02-23T12:05:22","date_gmt":"2023-02-23T18:05:22","guid":{"rendered":"https:\/\/tecsecmty.com\/index.php\/producto\/commax-drc10mlrf1-frente-de-calle-para-10-apartamentos-compatible-con-monitores-commax-conexion-directa-a-4-hilos-al-monitor-sin-distribuidores-salidas-no-y-nc-para-apertura-de-puerta-con-tarjeta\/"},"modified":"2023-03-22T23:22:16","modified_gmt":"2023-03-23T05:22:16","slug":"commax-drc10mlrf1-frente-de-calle-para-10-apartamentos-compatible-con-monitores-commax-conexion-directa-a-4-hilos-al-monitor-sin-distribuidores-salidas-no-y-nc-para-apertura-de-puerta-con-tarjeta","status":"publish","type":"product","link":"https:\/\/tecsecmty.com\/index.php\/producto\/commax-drc10mlrf1-frente-de-calle-para-10-apartamentos-compatible-con-monitores-commax-conexion-directa-a-4-hilos-al-monitor-sin-distribuidores-salidas-no-y-nc-para-apertura-de-puerta-con-tarjeta\/","title":{"rendered":"COMMAX DRC10MLRF1 &#8211; Frente de calle para 10 apartamentos compatible con monitores Commax, conexi\u00f3n directa a 4 hilos al monitor sin distribuidores, salidas NO y NC para apertura de puerta con tarjeta mifare o desde monitor"},"content":{"rendered":"<div class=\"row aling-items-center padding-bottom-2x\">\n<div class=\"col-lg-12\">\n<h5 class=\"card-title text-center\">INFORMACION GENERAL<\/h5>\n<p>El frente de calle es un sistema de video portero con camara a color, de facil uso y programaci\u00f3n para poder realizar la comunicaci\u00f3n entre el Lobby del edificio y los diferentes departamentos. Este producto es a prueba de vandalismo, fabricado con una cubierta de aluminio fundido a presi\u00f3n y con una camara oculta y ademas cuenta con una cubierta anti lluvia.<\/p>\n<p>En los laboratorios de COMMAX, se encuentran en constante desarrollo para sus productos, esta c\u00e1mara ha sido desarrollada con los m\u00e1s altos est\u00e1ndares de calidad en la empresa, tambi\u00e9n permite a las personas del interior del domicilio, poder visualizar una visita sin problema en el frente de calle por las noches, ya que cuenta con sensores infrarrojos y una luz blanca para la visualizaci\u00f3n adecuada de las personas que se encuentran fuera del domicilio.<\/p>\n<p><img decoding=\"async\" class=\"overview-center-img-web\" src=\"https:\/\/tvc.mx\/media\/698822\/DRC10MLRF1--FRENTE-DE-CALLE-10-APARTAMENTOS-BANNER-TVC.png\" alt=\"\" \/><\/div>\n<\/div>\n<div class=\"row align-items-center padding-bottom-2x\">\n<div class=\"col-md-5\"><img decoding=\"async\" class=\"d-block m-auto img-thumbnail\" src=\"https:\/\/tvc.mx\/media\/49761\/cmx1040119-3.jpg\" alt=\" \" \/><\/div>\n<div class=\"col-md-7 text-md-left text-center\">\n<h2>CARACTERISTICAS<\/h2>\n<p class=\"text-muted\">\n<ul>\n<li>Tarjeta de RF (13.56MHz) registro y eliminaci\u00f3n posible<\/li>\n<li>Expansibilidad del panel de 24 botones directos (DRC-24XM) &#8211; DRC-6,8,10ML<\/li>\n<li>\u00a02,4 botones directos &#8211; cuerpo corto \/ 6,8,10 botones directos &#8211; cuerpo largo<\/li>\n<li>\u00a0OLED<\/li>\n<li>\u00a0LED blanco incorporado<\/li>\n<li><strong>No soporta estaci\u00f3n de guardia CDS2AG<\/strong><\/li>\n<\/ul>\n<p>&nbsp;<\/p>\n<\/div>\n<\/div>\n<hr class=\"padding-bottom-2x\" \/>\n<div class=\"row align-items-center padding-bottom-2x\">\n<div class=\"col-md-5 order-md-2\"><img decoding=\"async\" class=\"d-block m-auto img-thumbnail\" src=\"https:\/\/tvc.mx\/media\/49764\/cmx1040119-2.jpg\" alt=\" \" \/><\/div>\n<div class=\"col-md-7 order-md-1 text-md-left text-center\">\n<h2>ESPECIFICACIONES<\/h2>\n<p class=\"text-muted\">\n<p>Fuente de alimentaci\u00f3n: DC 12V \/ 1A<\/p>\n<p>Temperatura: -20 \u2103 ~ + 40 \u2103<\/p>\n<p>Alambrado: 4 cables<\/p>\n<p>iluminaci\u00f3n m\u00ednima: 0.1Lux (hasta 300mm)<\/p>\n<p>Distancia: 28m (0.5\u03a6) \/ 50m (0.65\u03a6).<\/p>\n<p>Dimensi\u00f3n (mm):<\/p>\n<p>DRC-2 (4) ML \/ RF1: 130 (W) X 246 (H) X 50 (D)<\/p>\n<p>DRC-6 (8) ML \/ RF1: 130 (W) X 315 (H) X 50 (D)<\/p>\n<\/div>\n<\/div>\n","protected":false},"excerpt":{"rendered":"<p>INFORMACION GENERAL El frente de calle es un sistema de video portero con camara a color, de facil uso y programaci\u00f3n para poder realizar la comunicaci\u00f3n entre el Lobby del edificio y los diferentes departamentos. Este producto es a prueba de vandalismo, fabricado con una&hellip;<\/p>\n","protected":false},"featured_media":6441,"comment_status":"open","ping_status":"closed","template":"","meta":{"om_disable_all_campaigns":false,"_monsterinsights_skip_tracking":false,"_monsterinsights_sitenote_active":false,"_monsterinsights_sitenote_note":"","_monsterinsights_sitenote_category":0},"product_brand":[],"product_cat":[543],"product_tag":[513,514,511,516,519,517,520,515,181,518,512],"class_list":{"0":"post-6442","1":"product","2":"type-product","3":"status-publish","4":"has-post-thumbnail","6":"product_cat-frentes-de-calle-videoporteros-analogicos","7":"product_tag-altavoces","8":"product_tag-amplificadores","9":"product_tag-audio-y-video","10":"product_tag-audioporteros","11":"product_tag-digital-signage","12":"product_tag-intercomunicadores","13":"product_tag-kits-videoporteros","14":"product_tag-mezcladoras","15":"product_tag-microfonos","16":"product_tag-sistemas-de-enfermeria","17":"product_tag-videoporteros","19":"first","20":"instock","21":"sale","22":"taxable","23":"shipping-taxable","24":"purchasable","25":"product-type-simple"},"aioseo_notices":[],"_links":{"self":[{"href":"https:\/\/tecsecmty.com\/index.php\/wp-json\/wp\/v2\/product\/6442","targetHints":{"allow":["GET"]}}],"collection":[{"href":"https:\/\/tecsecmty.com\/index.php\/wp-json\/wp\/v2\/product"}],"about":[{"href":"https:\/\/tecsecmty.com\/index.php\/wp-json\/wp\/v2\/types\/product"}],"replies":[{"embeddable":true,"href":"https:\/\/tecsecmty.com\/index.php\/wp-json\/wp\/v2\/comments?post=6442"}],"version-history":[{"count":0,"href":"https:\/\/tecsecmty.com\/index.php\/wp-json\/wp\/v2\/product\/6442\/revisions"}],"wp:featuredmedia":[{"embeddable":true,"href":"https:\/\/tecsecmty.com\/index.php\/wp-json\/wp\/v2\/media\/6441"}],"wp:attachment":[{"href":"https:\/\/tecsecmty.com\/index.php\/wp-json\/wp\/v2\/media?parent=6442"}],"wp:term":[{"taxonomy":"product_brand","embeddable":true,"href":"https:\/\/tecsecmty.com\/index.php\/wp-json\/wp\/v2\/product_brand?post=6442"},{"taxonomy":"product_cat","embeddable":true,"href":"https:\/\/tecsecmty.com\/index.php\/wp-json\/wp\/v2\/product_cat?post=6442"},{"taxonomy":"product_tag","embeddable":true,"href":"https:\/\/tecsecmty.com\/index.php\/wp-json\/wp\/v2\/product_tag?post=6442"}],"curies":[{"name":"wp","href":"https:\/\/api.w.org\/{rel}","templated":true}]}}