{"id":6450,"date":"2023-02-23T12:05:30","date_gmt":"2023-02-23T18:05:30","guid":{"rendered":"https:\/\/tecsecmty.com\/index.php\/producto\/commax-drc4y-frente-de-calle-compatible-con-monitores-commax-por-conexion-a-4-hilos-alimentacion-desde-monitor-cuenta-con-funcion-de-apertura-de-puerta-luz-led-soporta-cubierta-cmx2260001\/"},"modified":"2023-03-22T23:22:16","modified_gmt":"2023-03-23T05:22:16","slug":"commax-drc4y-frente-de-calle-compatible-con-monitores-commax-por-conexion-a-4-hilos-alimentacion-desde-monitor-cuenta-con-funcion-de-apertura-de-puerta-luz-led-soporta-cubierta-cmx2260001","status":"publish","type":"product","link":"https:\/\/tecsecmty.com\/index.php\/producto\/commax-drc4y-frente-de-calle-compatible-con-monitores-commax-por-conexion-a-4-hilos-alimentacion-desde-monitor-cuenta-con-funcion-de-apertura-de-puerta-luz-led-soporta-cubierta-cmx2260001\/","title":{"rendered":"COMMAX DRC4Y &#8211; Frente de calle compatible con monitores Commax por conexi\u00f3n a 4 hilos, alimentaci\u00f3n desde monitor, cuenta con funcion de apertura de puerta, Luz LED, soporta cubierta cmx2260001"},"content":{"rendered":"<div class=\"row aling-items-center padding-bottom-2x\">\n<div class=\"col-lg-12\">\n<h5 class=\"card-title text-center\">INFORMACI\u00d3N GENERAL<\/h5>\n<p>El frente de calle modelo\u00a0<strong>DRC4Y\u00a0<\/strong>es un equipo para soluciones residenciales con su principal funci\u00f3n al utilizarlo como control de acceso b\u00e1sico, nos permite disfrutar de la vida de una forma segura y c\u00f3moda.El frente de calle es un sistema de v\u00eddeo portero con c\u00e1mara a color, de f\u00e1cil uso para poder realizar la comunicaci\u00f3n entre la persona que se encuentra en el exterior y en el interior de la casa habitaci\u00f3n. Este producto es a prueba de vandalismo, fabricado con una cubierta de aluminio fundido a presi\u00f3n y con una c\u00e1mara oculta y adem\u00e1s cuenta con una cubierta anti lluvia.<\/p>\n<p><img decoding=\"async\" class=\"overview-center-img-web\" src=\"https:\/\/tvc.mx\/media\/420855\/COMMAX-CMX2170002-DRC4Y-FRENTE-DE-CALLE-CENTRAL.png\" alt=\"\" \/><\/div>\n<\/div>\n<div class=\"row align-items-center padding-bottom-2x\">\n<div class=\"col-md-5\"><img decoding=\"async\" class=\"d-block m-auto img-thumbnail\" src=\"https:\/\/tvc.mx\/media\/468768\/COMMAX-CMX2170002-DRC4Y-FRENTE-DE-CALLE-IZQ.png\" alt=\" \" \/><\/div>\n<div class=\"col-md-7 text-md-left text-center\">\n<h2>Caracter\u00edsticas Principales<\/h2>\n<p class=\"text-muted\">\n<ul>\n<li>Compatible con todos los monitores\u00a0<a href=\"https:\/\/tvc.mx\/products?categoryId=216&amp;query=%7B%22categoryId%22%3A216%2C%22brandIds%22%3A%5B421%5D%2C%22view%22%3A%22grid%22%2C%22sortBy%22%3A%7B%22sortCriteria%22%3A%22list_price%22%2C%22sortDirection%22%3A%22asc%22%7D%2C%22perPage%22%3A40%2C%22priceRange%22%3A%7B%22max%22%3A%22235.0000%22%2C%22min%22%3A0%7D%7D\" target=\"_blank\" rel=\"noopener\">COMMAX<\/a><\/li>\n<li>Tipo de montaje empotrado o sobre la superficie<\/li>\n<li>Comunicaci\u00f3n del frente de calle hacia el monitor sin necesidad de realizar la llamada<\/li>\n<li>Sensor de luz led blanco incorporado<\/li>\n<li>Equipo para exterior e interior<\/li>\n<li>Salida de relevador para una cerradura o chapa<\/li>\n<li>Conexi\u00f3n a 4 hilos hacia al monitor<\/li>\n<\/ul>\n<p>&nbsp;<\/p>\n<\/div>\n<\/div>\n<hr class=\"padding-bottom-2x\" \/>\n<div class=\"row align-items-center padding-bottom-2x\">\n<div class=\"col-md-5 order-md-2\"><img decoding=\"async\" class=\"d-block m-auto img-thumbnail\" src=\"https:\/\/tvc.mx\/media\/468772\/COMMAX-CMX2170002-DRC4Y-FRENTE-DE-CALLE-IZQ2.png\" alt=\" \" \/><\/div>\n<div class=\"col-md-7 order-md-1 text-md-left text-center\">\n<h2>Especificaciones T\u00e9cnicas<\/h2>\n<p class=\"text-muted\">\n<ul>\n<li>Voltaje nominal: 12V (suministrado desde monitor)<\/li>\n<li>Conexi\u00f3n: 4 hilos hacia al monitor<\/li>\n<li>Salida de relevador para una cerradura el\u00e9ctrica<\/li>\n<li>Est\u00e1ndar de transmisi\u00f3n v\u00eddeo: est\u00e1ndar NTS o PAL.<\/li>\n<li>Comunicaci\u00f3n: Comunicaci\u00f3n desde el monitor sin necesidad de hacer llamada<\/li>\n<li>Iluminaci\u00f3n m\u00ednima: 0.1 Lux (dentro de 300)<\/li>\n<li>LED incorporado (trabajo nocturno)<\/li>\n<li>\u00c1ngulo de visi\u00f3n efectivo: 98 \u00b0<\/li>\n<li>Temperatura de funcionamiento (-40 \u00b0C~ + 40 \u00b0C)<\/li>\n<li>Peso (g): 186g.<\/li>\n<li>Dimensi\u00f3n (mm): 92 (A) x 150 (L) x 35 (P)<\/li>\n<li>Distancia de transmisi\u00f3n hacia el monitor: 28m (24 AWG), 50m (22 AWG), 70m (20 AWG), 115m (18 AWG)<\/li>\n<\/ul>\n<p>&nbsp;<\/p>\n<\/div>\n<\/div>\n<hr class=\"padding-bottom-2x\" \/>\n<div class=\"row align-items-center padding-bottom-2x\">\n<div class=\"col-md-5 order-md-2\"><img decoding=\"async\" class=\"d-block m-auto img-thumbnail\" src=\"https:\/\/tvc.mx\/media\/468762\/COMMAX-CMX2170002-DRC4Y-FRENTE-DE-CALLE-INLUYE.png\" alt=\" \" \/><\/div>\n<div class=\"col-md-7 order-md-1 text-md-left text-center\">\n<h2>Incluye<\/h2>\n<p class=\"text-muted\">\n<ul>\n<li>Frente de calle<\/li>\n<li>Manual de usuario<\/li>\n<li>Accesorios de montaje<\/li>\n<li>Tornillos<\/li>\n<\/ul>\n<\/div>\n<\/div>\n","protected":false},"excerpt":{"rendered":"<p>INFORMACI\u00d3N GENERAL El frente de calle modelo\u00a0DRC4Y\u00a0es un equipo para soluciones residenciales con su principal funci\u00f3n al utilizarlo como control de acceso b\u00e1sico, nos permite disfrutar de la vida de una forma segura y c\u00f3moda.El frente de calle es un sistema de v\u00eddeo portero con&hellip;<\/p>\n","protected":false},"featured_media":6449,"comment_status":"open","ping_status":"closed","template":"","meta":{"om_disable_all_campaigns":false,"_monsterinsights_skip_tracking":false,"_monsterinsights_sitenote_active":false,"_monsterinsights_sitenote_note":"","_monsterinsights_sitenote_category":0},"product_brand":[],"product_cat":[543],"product_tag":[513,514,511,516,519,517,520,515,181,518,512],"class_list":{"0":"post-6450","1":"product","2":"type-product","3":"status-publish","4":"has-post-thumbnail","6":"product_cat-frentes-de-calle-videoporteros-analogicos","7":"product_tag-altavoces","8":"product_tag-amplificadores","9":"product_tag-audio-y-video","10":"product_tag-audioporteros","11":"product_tag-digital-signage","12":"product_tag-intercomunicadores","13":"product_tag-kits-videoporteros","14":"product_tag-mezcladoras","15":"product_tag-microfonos","16":"product_tag-sistemas-de-enfermeria","17":"product_tag-videoporteros","19":"first","20":"instock","21":"sale","22":"taxable","23":"shipping-taxable","24":"purchasable","25":"product-type-simple"},"aioseo_notices":[],"_links":{"self":[{"href":"https:\/\/tecsecmty.com\/index.php\/wp-json\/wp\/v2\/product\/6450","targetHints":{"allow":["GET"]}}],"collection":[{"href":"https:\/\/tecsecmty.com\/index.php\/wp-json\/wp\/v2\/product"}],"about":[{"href":"https:\/\/tecsecmty.com\/index.php\/wp-json\/wp\/v2\/types\/product"}],"replies":[{"embeddable":true,"href":"https:\/\/tecsecmty.com\/index.php\/wp-json\/wp\/v2\/comments?post=6450"}],"version-history":[{"count":0,"href":"https:\/\/tecsecmty.com\/index.php\/wp-json\/wp\/v2\/product\/6450\/revisions"}],"wp:featuredmedia":[{"embeddable":true,"href":"https:\/\/tecsecmty.com\/index.php\/wp-json\/wp\/v2\/media\/6449"}],"wp:attachment":[{"href":"https:\/\/tecsecmty.com\/index.php\/wp-json\/wp\/v2\/media?parent=6450"}],"wp:term":[{"taxonomy":"product_brand","embeddable":true,"href":"https:\/\/tecsecmty.com\/index.php\/wp-json\/wp\/v2\/product_brand?post=6450"},{"taxonomy":"product_cat","embeddable":true,"href":"https:\/\/tecsecmty.com\/index.php\/wp-json\/wp\/v2\/product_cat?post=6450"},{"taxonomy":"product_tag","embeddable":true,"href":"https:\/\/tecsecmty.com\/index.php\/wp-json\/wp\/v2\/product_tag?post=6450"}],"curies":[{"name":"wp","href":"https:\/\/api.w.org\/{rel}","templated":true}]}}