{"id":6462,"date":"2023-02-23T12:05:46","date_gmt":"2023-02-23T18:05:46","guid":{"rendered":"https:\/\/tecsecmty.com\/index.php\/producto\/zkteco-ve06a01-videoportero-departamental-para-6-monitores-camara-de-700tvl-angulo-de-vision-92-vision-nocturna-apertura-de-puerta-con-tarjeta-rfid-ip54\/"},"modified":"2023-03-22T23:25:36","modified_gmt":"2023-03-23T05:25:36","slug":"zkteco-ve06a01-videoportero-departamental-para-6-monitores-camara-de-700tvl-angulo-de-vision-92-vision-nocturna-apertura-de-puerta-con-tarjeta-rfid-ip54","status":"publish","type":"product","link":"https:\/\/tecsecmty.com\/index.php\/producto\/zkteco-ve06a01-videoportero-departamental-para-6-monitores-camara-de-700tvl-angulo-de-vision-92-vision-nocturna-apertura-de-puerta-con-tarjeta-rfid-ip54\/","title":{"rendered":"ZKTECO VE06A01 &#8211; Videoportero Departamental para 6 monitores \/ C\u00e1mara de 700TVL \/ \u00c1ngulo de Visi\u00f3n 92\u00b0 \/ Visi\u00f3n Nocturna \/ Apertura de Puerta con Tarjeta RFID\/ IP54"},"content":{"rendered":"<div class=\"row aling-items-center padding-bottom-2x\">\n<div class=\"col-lg-12\">\n<h5 class=\"card-title text-center\">Informaci\u00f3n General<\/h5>\n<p class=\"ql-align-justify\">El Video portero\u00a0<strong>VE06A01<\/strong>\u00a0es un\u00a0<strong>frente de calle para edificios<\/strong>, permite conectar\u00a0<strong>hasta 6 monitores<\/strong>\u00a0directamente ( sistema de 4 hilos con\u00a0<strong>conectores plug-and-play<\/strong>\u00a0simplifica el proceso de instalaci\u00f3n) transmite audio, video y cuenta con la funci\u00f3n de poder\u00a0<strong>liberar una cerradura el\u00e9ctrica<\/strong>\u00a0desde el monitor o mediante una\u00a0<strong>tarjeta<\/strong>\u00a0ofrece una\u00a0<strong>visi\u00f3n nocturna<\/strong>\u00a0de forma autom\u00e1tica, proporcionando un alto nivel de servicio de vigilancia con mucha seguridad requiere de una fuente de alimentaci\u00f3n independiente de 12V se le puede conectar un\u00a0<strong>electroim\u00e1n<\/strong>,\u00a0<strong>contrachapas<\/strong>, etc. que requieren de un control de acceso alterno.<\/p>\n<p><img decoding=\"async\" class=\"overview-center-img-web\" src=\"https:\/\/tvc.mx\/media\/639902\/ZKTECO-VE06A01-VIDEOPORTERO-DEPARTAMENTAL-PARA-6-MONITORES-BANNER.png\" alt=\"\" \/><\/div>\n<\/div>\n<div class=\"row align-items-center padding-bottom-2x\">\n<div class=\"col-md-5\"><img decoding=\"async\" class=\"d-block m-auto img-thumbnail\" src=\"https:\/\/tvc.mx\/media\/506058\/ZKTECO-VE06A01-VIDEOPORTERO-DEPARTAMENTAL-PARA-6-MONITORES-OV1.png\" alt=\" \" \/><\/div>\n<div class=\"col-md-7 text-md-left text-center\">\n<h2>Principales caracter\u00edsticas.<\/h2>\n<p class=\"text-muted\">\n<ul>\n<li class=\"ql-align-justify\">C\u00e1mara a color con lente CMOS de 700 TVL.<\/li>\n<li class=\"ql-align-justify\">Visi\u00f3n nocturna<\/li>\n<li class=\"ql-align-justify\">Panel frontal de aluminio completo.<\/li>\n<li class=\"ql-align-justify\">\u00cdndice de protecci\u00f3n IP54.<\/li>\n<li class=\"ql-align-justify\">Soporta 500 tarjetas id.<\/li>\n<li class=\"ql-align-justify\">F\u00e1cil instalaci\u00f3n.<\/li>\n<li class=\"ql-align-justify\">Conexi\u00f3n a monitor por cable de 4 hilos.<\/li>\n<li class=\"ql-align-justify\">Apertura con tarjeta de proximidad.<\/li>\n<li class=\"ql-align-justify\">Carcasa de aleaci\u00f3n de aluminio.<\/li>\n<\/ul>\n<p>&nbsp;<\/p>\n<\/div>\n<\/div>\n<hr class=\"padding-bottom-2x\" \/>\n<div class=\"row align-items-center padding-bottom-2x\">\n<div class=\"col-md-5 order-md-2\"><img decoding=\"async\" class=\"d-block m-auto img-thumbnail\" src=\"https:\/\/tvc.mx\/media\/506060\/ZKTECO-VE06A01-VIDEOPORTERO-DEPARTAMENTAL-PARA-6-MONITORES-OV2.png\" alt=\" \" \/><\/div>\n<div class=\"col-md-7 order-md-1 text-md-left text-center\">\n<h2>Especificaciones T\u00e9cnicas<\/h2>\n<p class=\"text-muted\">\n<ul>\n<li class=\"ql-align-justify\">C\u00e1mara con lente CMOS 700TVL.<\/li>\n<li class=\"ql-align-justify\">\u00c1ngulo de visi\u00f3n de la c\u00e1mara: 92\u00b0.<\/li>\n<li class=\"ql-align-justify\">Alcance visible de noche : 1.5 mts.<\/li>\n<li class=\"ql-align-justify\">M\u00e9todo de Instalaci\u00f3n: montaje en superficie y empotrado.<\/li>\n<li class=\"ql-align-justify\">Material: aleaci\u00f3n de aluminio.<\/li>\n<li class=\"ql-align-justify\">Distancia de lectura: 2-5 cm.<\/li>\n<li class=\"ql-align-justify\">Tipo de tarjeta: RFID 125Khz.<\/li>\n<li class=\"ql-align-justify\">Energ\u00eda: 15V CD, 1.2 A.<\/li>\n<li class=\"ql-align-justify\">Dimensiones ( Ancho x Alto x Profundidad ): 128*256*48mm<\/li>\n<\/ul>\n<p>&nbsp;<\/p>\n<\/div>\n<\/div>\n<hr class=\"padding-bottom-2x\" \/>\n<div class=\"row align-items-center padding-bottom-2x\">\n<div class=\"col-md-5\"><img decoding=\"async\" class=\"d-block m-auto img-thumbnail\" src=\"https:\/\/tvc.mx\/media\/590371\/ZKTECO-ZKT2220005-VDP-6-DEPARTAMENTOS-INCLUYE.png\" alt=\" \" \/><\/div>\n<div class=\"col-md-7 text-md-left text-center\">\n<h2>Incluye<\/h2>\n<p class=\"text-muted\">\n<ul>\n<li class=\"ql-align-justify\">Base de fijaci\u00f3n.<\/li>\n<li class=\"ql-align-justify\">Videoportero para hasta 6 monitores.<\/li>\n<li class=\"ql-align-justify\">Accesorios.<\/li>\n<li class=\"ql-align-justify\">Llaveros ID (10).<\/li>\n<li class=\"ql-align-justify\">Fuente de poder.<\/li>\n<li class=\"ql-align-justify\">Manual de usuario.<\/li>\n<\/ul>\n<\/div>\n<\/div>\n","protected":false},"excerpt":{"rendered":"<p>Informaci\u00f3n General El Video portero\u00a0VE06A01\u00a0es un\u00a0frente de calle para edificios, permite conectar\u00a0hasta 6 monitores\u00a0directamente ( sistema de 4 hilos con\u00a0conectores plug-and-play\u00a0simplifica el proceso de instalaci\u00f3n) transmite audio, video y cuenta con la funci\u00f3n de poder\u00a0liberar una cerradura el\u00e9ctrica\u00a0desde el monitor o mediante una\u00a0tarjeta\u00a0ofrece una\u00a0visi\u00f3n nocturna\u00a0de&hellip;<\/p>\n","protected":false},"featured_media":6461,"comment_status":"open","ping_status":"closed","template":"","meta":{"om_disable_all_campaigns":false,"_monsterinsights_skip_tracking":false,"_monsterinsights_sitenote_active":false,"_monsterinsights_sitenote_note":"","_monsterinsights_sitenote_category":0},"product_brand":[],"product_cat":[547],"product_tag":[513,514,511,516,519,517,520,515,181,518,512],"class_list":{"0":"post-6462","1":"product","2":"type-product","3":"status-publish","4":"has-post-thumbnail","6":"product_cat-frentes-de-calle-videoporteros-analogicos-zkteco-audio-video","7":"product_tag-altavoces","8":"product_tag-amplificadores","9":"product_tag-audio-y-video","10":"product_tag-audioporteros","11":"product_tag-digital-signage","12":"product_tag-intercomunicadores","13":"product_tag-kits-videoporteros","14":"product_tag-mezcladoras","15":"product_tag-microfonos","16":"product_tag-sistemas-de-enfermeria","17":"product_tag-videoporteros","19":"first","20":"instock","21":"sale","22":"taxable","23":"shipping-taxable","24":"purchasable","25":"product-type-simple"},"aioseo_notices":[],"_links":{"self":[{"href":"https:\/\/tecsecmty.com\/index.php\/wp-json\/wp\/v2\/product\/6462","targetHints":{"allow":["GET"]}}],"collection":[{"href":"https:\/\/tecsecmty.com\/index.php\/wp-json\/wp\/v2\/product"}],"about":[{"href":"https:\/\/tecsecmty.com\/index.php\/wp-json\/wp\/v2\/types\/product"}],"replies":[{"embeddable":true,"href":"https:\/\/tecsecmty.com\/index.php\/wp-json\/wp\/v2\/comments?post=6462"}],"version-history":[{"count":0,"href":"https:\/\/tecsecmty.com\/index.php\/wp-json\/wp\/v2\/product\/6462\/revisions"}],"wp:featuredmedia":[{"embeddable":true,"href":"https:\/\/tecsecmty.com\/index.php\/wp-json\/wp\/v2\/media\/6461"}],"wp:attachment":[{"href":"https:\/\/tecsecmty.com\/index.php\/wp-json\/wp\/v2\/media?parent=6462"}],"wp:term":[{"taxonomy":"product_brand","embeddable":true,"href":"https:\/\/tecsecmty.com\/index.php\/wp-json\/wp\/v2\/product_brand?post=6462"},{"taxonomy":"product_cat","embeddable":true,"href":"https:\/\/tecsecmty.com\/index.php\/wp-json\/wp\/v2\/product_cat?post=6462"},{"taxonomy":"product_tag","embeddable":true,"href":"https:\/\/tecsecmty.com\/index.php\/wp-json\/wp\/v2\/product_tag?post=6462"}],"curies":[{"name":"wp","href":"https:\/\/api.w.org\/{rel}","templated":true}]}}