{"id":6480,"date":"2023-02-23T12:06:08","date_gmt":"2023-02-23T18:06:08","guid":{"rendered":"https:\/\/tecsecmty.com\/index.php\/producto\/commax-cdv43k2drc40kpaq-paquete-de-videoportero-que-incluye-monitor-de-4-3-pulgadas-frente-de-calle-de-aluminio-y-auricular-con-conexion-al-monitor-contesta-desde-el-monitor-o-el-auricular-monito\/"},"modified":"2023-03-22T23:22:14","modified_gmt":"2023-03-23T05:22:14","slug":"commax-cdv43k2drc40kpaq-paquete-de-videoportero-que-incluye-monitor-de-4-3-pulgadas-frente-de-calle-de-aluminio-y-auricular-con-conexion-al-monitor-contesta-desde-el-monitor-o-el-auricular-monito","status":"publish","type":"product","link":"https:\/\/tecsecmty.com\/index.php\/producto\/commax-cdv43k2drc40kpaq-paquete-de-videoportero-que-incluye-monitor-de-4-3-pulgadas-frente-de-calle-de-aluminio-y-auricular-con-conexion-al-monitor-contesta-desde-el-monitor-o-el-auricular-monito\/","title":{"rendered":"COMMAX CDV43K2DRC40KPAQ &#8211; Paquete de videoportero que incluye monitor de 4.3 pulgadas, frente de calle de aluminio y auricular con conexion al monitor, contesta desde el monitor o el auricular\/ Monitor y auricular se intercomunican"},"content":{"rendered":"<div class=\"row aling-items-center padding-bottom-2x\">\n<div class=\"col-lg-12\">\n<h5 class=\"card-title text-center\">DESCRIPCION<\/h5>\n<p class=\"ql-align-justify\">Los videoporteros Commax son bien conocidos por su alto rendimiento y excelente dise\u00f1o en el mercado dom\u00e9stico. M\u00e1s all\u00e1 de las funciones de videoporteros convencionales, Commax provee un \u00fanico concepto con la uni\u00f3n de productos de seguridad.<\/p>\n<p class=\"ql-align-justify\">Los videoporteros Commax ofrecen soluciones con la mejor tecnolog\u00eda y alta calidad para un mejor desempe\u00f1o y desarrollo de soluciones para su Residencia, Oficina, Complejo Habitacional, etc\u00e9tera.<\/p>\n<p class=\"ql-align-justify\"><strong>El paquete incluye los siguiente:<\/strong><\/p>\n<ul>\n<li class=\"ql-align-justify\">1Monitor de 4.3\u00bb pulgadas modelo\u00a0<strong>CDV-43K2<\/strong><\/li>\n<li class=\"ql-align-justify\">1 Frente de calle modelo\u00a0<strong>DRC-40K<\/strong><\/li>\n<li class=\"ql-align-justify\">1 Interfon con auricular modelo\u00a0<strong>DP-4VHP\u00a0<\/strong><\/li>\n<\/ul>\n<p><img decoding=\"async\" class=\"overview-center-img-web\" src=\"https:\/\/tvc.mx\/media\/212675\/CDV43K2DRC40KPAQ-Paquete-de-monitor-de-4.3-pulgadas-y-frente-de-calle-de-aluminio-con-apertura-de-puerta-el-monitor-y-el-auricular-se-intercomunican--6.png\" alt=\"\" \/><\/div>\n<\/div>\n<div class=\"row align-items-center padding-bottom-2x\">\n<div class=\"col-md-5\"><img decoding=\"async\" class=\"d-block m-auto img-thumbnail\" src=\"https:\/\/tvc.mx\/media\/212679\/CDV43K2DRC40KPAQ-Paquete-de-monitor-de-4.3-pulgadas-y-frente-de-calle-de-aluminio-con-apertura-de-puerta-el-monitor-y-el-auricular-se-intercomunican-7.png\" alt=\" \" \/><\/div>\n<div class=\"col-md-7 text-md-left text-center\">\n<h2>INFORMACION GENERAL DEL MONITOR CDV43K2<\/h2>\n<p class=\"text-muted\">\n<p>Commax se esfuerza continuamente para la satisfacci\u00f3n de los clientes, deseando ser la primera elecci\u00f3n para nuestros usuarios en los mercados que servimos, proporcionando productos de dise\u00f1o superior, soluciones con avanzada tecnologia, asi como las certificaciones requeridas por todos los mercados.<\/p>\n<p><strong>Funciones<\/strong><\/p>\n<ul>\n<li>Monitor a color de 4.3 pulgadas que aplica la tecnolog\u00eda Vista Fina con una excelente calidad de video y audio.<\/li>\n<li><strong>Bot\u00f3n T\u00e1ctil Capacitivo\u00a0<\/strong><\/li>\n<li>Dise\u00f1o simple aplicado a trav\u00e9s de un bot\u00f3n tipo t\u00e1ctil. Se ha mejorado la comodidad en el uso y en la alta velocidad de reconocimiento con el bot\u00f3n sensible al tacto.<\/li>\n<li><strong>Intercomunicaci\u00f3n\u00a0<\/strong><\/li>\n<li>1 monitor y 1 frente de calle por hogar, proporcionando la funci\u00f3n de intercomunicaci\u00f3n.<\/li>\n<\/ul>\n<p class=\"ql-align-justify\"><strong>Caracter\u00edsticas<\/strong><\/p>\n<ul>\n<li>Fuente de Energ\u00eda: AC 110V 60Hz<\/li>\n<li>Tama\u00f1o LCD 4.3 pulgadas Display TFT LED<\/li>\n<li>Tipo de Montaje: Montaje en superficie<\/li>\n<li>Cableado: 4 Hilos<\/li>\n<li>Distancia:<\/li>\n<li class=\"ql-indent-1\">C\u00e1mara de la puerta: 28m(0.5) \/ 50m(0.65)<\/li>\n<li class=\"ql-indent-1\">Interfono: 28m(0.5) \/ 50m(0.65)<\/li>\n<li>Dimensiones (mm): 157(L) x 167(A) x 28(D)<\/li>\n<\/ul>\n<p>&nbsp;<\/p>\n<\/div>\n<\/div>\n<hr class=\"padding-bottom-2x\" \/>\n<div class=\"row align-items-center padding-bottom-2x\">\n<div class=\"col-md-5 order-md-2\"><img decoding=\"async\" class=\"d-block m-auto img-thumbnail\" src=\"https:\/\/tvc.mx\/media\/212683\/CDV43K2DRC40KPAQ-Paquete-de-monitor-de-4.3-pulgadas-y-frente-de-calle-de-aluminio-con-apertura-de-puerta-el-monitor-y-el-auricular-se-intercomunican--8.png\" alt=\" \" \/><\/div>\n<div class=\"col-md-7 order-md-1 text-md-left text-center\">\n<h2>INFORMACI\u00d3N GENERAL DEL FRENTE DE CALLE<\/h2>\n<p class=\"text-muted\">\n<p class=\"ql-align-justify\">El Frente de Calle se caracteriza por tener una f\u00e1cil instalaci\u00f3n y cableado, en cualquier ambiente, lo que lo hace f\u00e1cil de instalar.<\/p>\n<p class=\"ql-align-justify\">Son muy resistentes a la decoloraci\u00f3n y a la corrosi\u00f3n. Construidos de Aluminio solido y Acero Inoxidable y con pocos da\u00f1os a factores externos.<\/p>\n<p><strong>Caracter\u00edsticas<\/strong>:<\/p>\n<ul>\n<li class=\"ql-align-justify\">Sensor de iluminaci\u00f3n.<\/li>\n<li class=\"ql-align-justify\">Modelo exterior.<\/li>\n<li class=\"ql-align-justify\">Montaje en superficie.<\/li>\n<li class=\"ql-align-justify\">Comunicaci\u00f3n entre frente y monitor.<\/li>\n<\/ul>\n<p><strong>Especificaciones<\/strong><\/p>\n<ul>\n<li>Fuente de alimentaci\u00f3n: 12VDC (suministrado del monitor).<\/li>\n<li>Tipo de conexi\u00f3n al sistema: 4 hilos.<\/li>\n<li>Tipo de instalaci\u00f3n: Exterior.<\/li>\n<li>Tipo de c\u00e1mara: CMOS.<\/li>\n<li>Dimensiones: 96 X 155 X 32.5 mm.<\/li>\n<li>Ajuste de \u00e1ngulo para c\u00e1mara: \u00b1 15\u00b0 hacia arriba y abajo.<\/li>\n<li>Distancia de conexi\u00f3n de cableado: 50 m (cable calibre 0.65) 28 m (cable\u00a0calibre 0.5).<\/li>\n<li>Temperatura de funcionamiento: -10\u00b0C ~ 50\u00b0C.<\/li>\n<li>Iluminaci\u00f3n m\u00ednima: 0.1Lux (hasta 300 mm).<\/li>\n<li>Modo de funcionamiento: NTSC\/PAL.<\/li>\n<\/ul>\n<p>&nbsp;<\/p>\n<\/div>\n<\/div>\n<hr class=\"padding-bottom-2x\" \/>\n<div class=\"row align-items-center padding-bottom-2x\">\n<div class=\"col-md-5\"><img decoding=\"async\" class=\"d-block m-auto img-thumbnail\" src=\"https:\/\/tvc.mx\/media\/212687\/CDV43K2DRC40KPAQ-Paquete-de-monitor-de-4.3-pulgadas-y-frente-de-calle-de-aluminio-con-apertura-de-puerta-el-monitor-y-el-auricular-se-intercomunica-9.png\" alt=\" \" \/><\/div>\n<div class=\"col-md-7 text-md-left text-center\">\n<h2>INFORMACI\u00d3N GENERAL DEL AURICULAR COMMAX DP4VHP PARA MONITOR<\/h2>\n<p class=\"text-muted\">\n<p>Commax nos presenta su l\u00ednea de interphone para los modelos a color. Estos equipos brindan una distribuci\u00f3n en cuanto a espacios y l\u00edneas de contacto ya que son excelentes para casas-habitaci\u00f3n o para peque\u00f1as empresas en donde no es necesario otro monitor para poder comunicarnos con el frente de calle.<\/p>\n<p class=\"ql-align-justify\"><strong>Caracter\u00edsticas<\/strong><\/p>\n<ul>\n<li><strong>Voltaje:<\/strong><\/li>\n<\/ul>\n<p class=\"ql-indent-1\">Provisto desde el monitor hacia el Interphone, mediante los 4 hilos de su interconexi\u00f3n entre ellos (VDC).<\/p>\n<ul>\n<li><strong>Consumo:<\/strong><\/li>\n<\/ul>\n<p class=\"ql-indent-1\">4.5W (Max).<\/p>\n<ul>\n<li><strong>Tipo de Instalaci\u00f3n:<\/strong><\/li>\n<\/ul>\n<p class=\"ql-indent-1\">Montaje en pared.<\/p>\n<ul>\n<li><strong>Cableado:<\/strong><\/li>\n<\/ul>\n<p class=\"ql-indent-1\">4 hilos hacia el monitor.<\/p>\n<ul>\n<li><strong>Dimensiones:<\/strong><\/li>\n<\/ul>\n<p class=\"ql-indent-1\">Sin el auricular :107 X 195 X 38mm.<\/p>\n<p class=\"ql-indent-1\">Con el auricular : 107 X 195 X 51mm.<\/p>\n<ul>\n<li><strong>Distancia:<\/strong><\/li>\n<\/ul>\n<p class=\"ql-indent-1\">Monitor\/Interphone : 30m (0.8\u03a6 standard)<\/p>\n<ul>\n<li><strong>Temperatura de operaci\u00f3n:<\/strong><\/li>\n<\/ul>\n<p class=\"ql-indent-1\">0 &#8211; 50 \u00b0C<\/p>\n<p>&nbsp;<\/p>\n<\/div>\n<\/div>\n<hr class=\"padding-bottom-2x\" \/>\n<div class=\"row align-items-center padding-bottom-2x\">\n<div class=\"col-md-5 order-md-2\"><img decoding=\"async\" class=\"d-block m-auto img-thumbnail\" src=\"https:\/\/tvc.mx\/media\/47493\/cmx1040117-5.jpg\" alt=\" \" \/><\/div>\n<div class=\"col-md-7 order-md-1 text-md-left text-center\">\n<h2>DIAGRAMA DE CONEXION<\/h2>\n<p class=\"text-muted\">\n<p>En la imagen podemos observar como realizar las conexi\u00f3n de los equipos.<\/p>\n<ol>\n<li>Rojo- Rojo<strong>\u00a0(Audio)<\/strong><\/li>\n<li>Azul- Azul<strong>\u00a0(GND)<\/strong><\/li>\n<li>Amarillo- Amarillo<strong>\u00a0(Energ\u00eda)<\/strong><\/li>\n<li>Blanco-Blanco<strong>\u00a0(Video)<\/strong><\/li>\n<\/ol>\n<\/div>\n<\/div>\n","protected":false},"excerpt":{"rendered":"<p>DESCRIPCION Los videoporteros Commax son bien conocidos por su alto rendimiento y excelente dise\u00f1o en el mercado dom\u00e9stico. M\u00e1s all\u00e1 de las funciones de videoporteros convencionales, Commax provee un \u00fanico concepto con la uni\u00f3n de productos de seguridad. Los videoporteros Commax ofrecen soluciones con la&hellip;<\/p>\n","protected":false},"featured_media":6479,"comment_status":"open","ping_status":"closed","template":"","meta":{"om_disable_all_campaigns":false,"_monsterinsights_skip_tracking":false,"_monsterinsights_sitenote_active":false,"_monsterinsights_sitenote_note":"","_monsterinsights_sitenote_category":0},"product_brand":[],"product_cat":[549],"product_tag":[513,514,511,516,519,517,520,515,181,518,512],"class_list":{"0":"post-6480","1":"product","2":"type-product","3":"status-publish","4":"has-post-thumbnail","6":"product_cat-kits-de-videoporteros","7":"product_tag-altavoces","8":"product_tag-amplificadores","9":"product_tag-audio-y-video","10":"product_tag-audioporteros","11":"product_tag-digital-signage","12":"product_tag-intercomunicadores","13":"product_tag-kits-videoporteros","14":"product_tag-mezcladoras","15":"product_tag-microfonos","16":"product_tag-sistemas-de-enfermeria","17":"product_tag-videoporteros","19":"first","20":"instock","21":"sale","22":"taxable","23":"shipping-taxable","24":"purchasable","25":"product-type-simple"},"aioseo_notices":[],"_links":{"self":[{"href":"https:\/\/tecsecmty.com\/index.php\/wp-json\/wp\/v2\/product\/6480","targetHints":{"allow":["GET"]}}],"collection":[{"href":"https:\/\/tecsecmty.com\/index.php\/wp-json\/wp\/v2\/product"}],"about":[{"href":"https:\/\/tecsecmty.com\/index.php\/wp-json\/wp\/v2\/types\/product"}],"replies":[{"embeddable":true,"href":"https:\/\/tecsecmty.com\/index.php\/wp-json\/wp\/v2\/comments?post=6480"}],"version-history":[{"count":0,"href":"https:\/\/tecsecmty.com\/index.php\/wp-json\/wp\/v2\/product\/6480\/revisions"}],"wp:featuredmedia":[{"embeddable":true,"href":"https:\/\/tecsecmty.com\/index.php\/wp-json\/wp\/v2\/media\/6479"}],"wp:attachment":[{"href":"https:\/\/tecsecmty.com\/index.php\/wp-json\/wp\/v2\/media?parent=6480"}],"wp:term":[{"taxonomy":"product_brand","embeddable":true,"href":"https:\/\/tecsecmty.com\/index.php\/wp-json\/wp\/v2\/product_brand?post=6480"},{"taxonomy":"product_cat","embeddable":true,"href":"https:\/\/tecsecmty.com\/index.php\/wp-json\/wp\/v2\/product_cat?post=6480"},{"taxonomy":"product_tag","embeddable":true,"href":"https:\/\/tecsecmty.com\/index.php\/wp-json\/wp\/v2\/product_tag?post=6480"}],"curies":[{"name":"wp","href":"https:\/\/api.w.org\/{rel}","templated":true}]}}