{"id":6506,"date":"2023-02-23T12:06:34","date_gmt":"2023-02-23T18:06:34","guid":{"rendered":"https:\/\/tecsecmty.com\/index.php\/producto\/commax-modum4pack-paquete-base-de-solucion-departamental-incluye-un-frente-de-calle-cmp4bct-un-distribuidor-de-piso-fuente-de-alimentacion-de-24vdc-y-4-monitores-cdv43k2-soporta-crecimiento-hasta\/"},"modified":"2023-03-22T23:22:18","modified_gmt":"2023-03-23T05:22:18","slug":"commax-modum4pack-paquete-base-de-solucion-departamental-incluye-un-frente-de-calle-cmp4bct-un-distribuidor-de-piso-fuente-de-alimentacion-de-24vdc-y-4-monitores-cdv43k2-soporta-crecimiento-hasta","status":"publish","type":"product","link":"https:\/\/tecsecmty.com\/index.php\/producto\/commax-modum4pack-paquete-base-de-solucion-departamental-incluye-un-frente-de-calle-cmp4bct-un-distribuidor-de-piso-fuente-de-alimentacion-de-24vdc-y-4-monitores-cdv43k2-soporta-crecimiento-hasta\/","title":{"rendered":"COMMAX MODUM4PACK &#8211; Paquete base de soluci\u00f3n departamental incluye un frente de calle CMP4BCT, un distribuidor de piso, fuente de alimentaci\u00f3n de 24VDC y 4 monitores CDV43K2\/ Soporta crecimiento hasta 300 monitores\/ #Modum"},"content":{"rendered":"<div class=\"row aling-items-center padding-bottom-2x\">\n<div class=\"col-lg-12\">\n<h5 class=\"card-title text-center\">Descripci\u00f3n general<\/h5>\n<p>El\u00a0<strong>paquete modum4pack<\/strong>\u00a0es la soluci\u00f3n ideal para un complejo departamental de 4 viviendas, en caso de requerir para edificios mayores ases\u00f3rese con su vendedor, pues la linea modum soporta desde 4 hasta 320 apartamentos conectados a un mismo frente de calle.<\/p>\n<p>El paquete incluye los siguiente:<\/p>\n<ul>\n<li>1 Frente de calle departamental modelo CMP4BCT<\/li>\n<li>1 Fuente de poder de 24V modelo RF2A<\/li>\n<li>1 Distribuidor de piso modelo CMD404CFU<\/li>\n<li>4 Monitores modelo CDV-43K2<\/li>\n<\/ul>\n<p><img decoding=\"async\" class=\"overview-center-img-web\" src=\"https:\/\/tvc.mx\/media\/214031\/COMMAX-MODUM4PACK-Paquete-video-portero-DEPARTAMENTAL-soluci%C3%B3n-para-4-apartamentos-Expandible-modum-simple-cmx104058.png\" alt=\"\" \/><\/div>\n<\/div>\n<div class=\"row align-items-center padding-bottom-2x\">\n<div class=\"col-md-5\"><img decoding=\"async\" class=\"d-block m-auto img-thumbnail\" src=\"https:\/\/tvc.mx\/media\/214035\/COMMAX-MODUM4PACK-Paquete-video-portero-DEPARTAMENTAL-soluci%C3%B3n-para-4-apartamentos-Expandible-modum-simple-cmx104058-1.png\" alt=\" \" \/><\/div>\n<div class=\"col-md-7 text-md-left text-center\">\n<h2>Frente de calle CMP4BCT<\/h2>\n<p class=\"text-muted\">\n<p>El modelo\u00a0<strong>CMP4BCT\u00a0<\/strong>\u00a0es un frente de calle para apartamentos el cu\u00e1l est\u00e1 disponible para varios tipos de casas y entornos de sistema. Con funciones integradas de control de acceso, disfrute de su vida de forma segura y c\u00f3moda.<\/p>\n<p><strong>Caracter\u00edsticas:<\/strong><\/p>\n<ul>\n<li class=\"ql-align-justify\">Fuente de Energ\u00eda: DC 12V 1A.<\/li>\n<li class=\"ql-align-justify\">Tipo de Montaje: Integrado al ras.<\/li>\n<li class=\"ql-align-justify\">Temperatura:: -40\u00b0C &#8211; +60\u00b0C.<\/li>\n<li class=\"ql-align-justify\">Tarjeta RFID: 13.56 hz (opcional).<\/li>\n<li class=\"ql-align-justify\">Pantalla: 2.4&#8243; OLED.<\/li>\n<li class=\"ql-align-justify\">Sensor de im\u00e1gen: C-MOS.<\/li>\n<li class=\"ql-align-justify\">\u00c1ngulo de Visi\u00f3n: Horizontal 47\u00b0 Vertical 35\u00b0.<\/li>\n<li class=\"ql-align-justify\">Iluminaci\u00f3n: LED Blanco.<\/li>\n<li class=\"ql-align-justify\">Dimensi\u00f3n: 130(W)x315(H)x12(38)(D).<\/li>\n<\/ul>\n<p>&nbsp;<\/p>\n<\/div>\n<\/div>\n<hr class=\"padding-bottom-2x\" \/>\n<div class=\"row align-items-center padding-bottom-2x\">\n<div class=\"col-md-5 order-md-2\"><img decoding=\"async\" class=\"d-block m-auto img-thumbnail\" src=\"https:\/\/tvc.mx\/media\/214039\/COMMAX-MODUM4PACK-Paquete-video-portero-DEPARTAMENTAL-soluci%C3%B3n-para-4-apartamentos-Expandible-modum-simple-cmx104058-2.png\" alt=\" \" \/><\/div>\n<div class=\"col-md-7 order-md-1 text-md-left text-center\">\n<h2>Distribuidor de piso CMD404CFU<\/h2>\n<p class=\"text-muted\">\n<p>La conexi\u00f3n de distribuidores modulares con monitores View Fine proporciona varias opciones en los sistemas de audio y v\u00eddeo.<\/p>\n<p>Soporta conexi\u00f3n de hasta 4 Video Tel\u00e9fonos.<\/p>\n<p><strong>Caracter\u00edsticas:<\/strong><\/p>\n<ul>\n<li class=\"ql-align-justify\">Fuente de Energ\u00eda: DC 24V 1A.<\/li>\n<li class=\"ql-align-justify\">Puerto: 4 Puertos (Conexi\u00f3n de hasta 4 Video Tel\u00e9fonos Fine View).<\/li>\n<li class=\"ql-align-justify\">Tipo de Montaje: Montaje tipo carril din.<\/li>\n<li class=\"ql-align-justify\">Cableado: Distribuidor de piso a distribuidor UTP.<\/li>\n<li class=\"ql-align-justify\">Dimensi\u00f3n: 106 (W) x 76(H) x44(D)mm.<\/li>\n<\/ul>\n<p>&nbsp;<\/p>\n<\/div>\n<\/div>\n<hr class=\"padding-bottom-2x\" \/>\n<div class=\"row align-items-center padding-bottom-2x\">\n<div class=\"col-md-5\"><img decoding=\"async\" class=\"d-block m-auto img-thumbnail\" src=\"https:\/\/tvc.mx\/media\/214043\/COMMAX-MODUM4PACK-Paquete-video-portero-DEPARTAMENTAL-soluci%C3%B3n-para-4-apartamentos-Expandible-modum-simple-cmx104058-3.png\" alt=\" \" \/><\/div>\n<div class=\"col-md-7 text-md-left text-center\">\n<h2>Fuente de poder RF2A<\/h2>\n<p class=\"text-muted\">\n<p class=\"ql-align-justify\">Esta fuente de alimentaci\u00f3n de corriente continua proporciona una potencia a un dispositivo de aplicaci\u00f3n el\u00e9ctrica que no se puede proporcionar alimentaci\u00f3n de CA directamente.<\/p>\n<p class=\"ql-align-justify\">Fuente de alimentaci\u00f3n de 24 Volts ideal para la l\u00ednea Modum y Audiogate.<\/p>\n<p><strong>Caracter\u00edsticas:<\/strong><\/p>\n<ul>\n<li class=\"ql-align-justify\">Fuente de Alimentaci\u00f3n: 110V.<\/li>\n<li class=\"ql-align-justify\">Frecuencia de Entrada: 50-60 Hz<\/li>\n<li class=\"ql-align-justify\">Salida de Voltaje: 24 V.<\/li>\n<li class=\"ql-align-justify\">Corriente: 1 A.<\/li>\n<\/ul>\n<p>&nbsp;<\/p>\n<\/div>\n<\/div>\n<hr class=\"padding-bottom-2x\" \/>\n<div class=\"row align-items-center padding-bottom-2x\">\n<div class=\"col-md-5 order-md-2\"><img decoding=\"async\" class=\"d-block m-auto img-thumbnail\" src=\"https:\/\/tvc.mx\/media\/214047\/COMMAX-MODUM4PACK-Paquete-video-portero-DEPARTAMENTAL-soluci%C3%B3n-para-4-apartamentos-Expandible-modum-simple-cmx104058-4.png\" alt=\" \" \/><\/div>\n<div class=\"col-md-7 order-md-1 text-md-left text-center\">\n<h2>Monitor CDV43K2<\/h2>\n<p class=\"text-muted\">\n<p>Dise\u00f1o simple aplicado a trav\u00e9s de un bot\u00f3n tipo t\u00e1ctil. Se ha mejorado la comodidad en el uso y en la alta velocidad de reconocimiento con el bot\u00f3n sensible al tacto.<\/p>\n<p>Intercomunicaci\u00f3n<\/p>\n<p>1 monitor y 1 frente de calle por hogar, proporcionando la funci\u00f3n de intercomunicaci\u00f3n.<\/p>\n<p><strong>Caracter\u00edsticas<\/strong>:<\/p>\n<ul>\n<li class=\"ql-align-justify\">Fuente de Energ\u00eda: AC 100 ~240V, 50\/60Hz.<\/li>\n<li class=\"ql-align-justify\">Tama\u00f1o LCD 4.3 pulgadas Display TFT LED.<\/li>\n<li class=\"ql-align-justify\">Tipo de Montaje: Montaje en superficie.<\/li>\n<li class=\"ql-align-justify\">Cableado: 4 Hilos.<\/li>\n<li class=\"ql-align-justify\">Distancia: c\u00e1mara de la puerta: 28m(0.5)\/50m(0.65).<\/li>\n<li class=\"ql-align-justify\">\u00a0\u00a0\u00a0\u00a0\u00a0\u00a0\u00a0\u00a0\u00a0\u00a0\u00a0\u00a0\u00a0\u00a0\u00a0\u00a0\u00a0interfono: 28m(0.5) \/ 50m(0.65).<\/li>\n<li class=\"ql-align-justify\">Dimensiones: 157(A) x 167(L) x 28(D)mm.<\/li>\n<\/ul>\n<\/div>\n<\/div>\n","protected":false},"excerpt":{"rendered":"<p>Descripci\u00f3n general El\u00a0paquete modum4pack\u00a0es la soluci\u00f3n ideal para un complejo departamental de 4 viviendas, en caso de requerir para edificios mayores ases\u00f3rese con su vendedor, pues la linea modum soporta desde 4 hasta 320 apartamentos conectados a un mismo frente de calle. El paquete incluye&hellip;<\/p>\n","protected":false},"featured_media":6505,"comment_status":"open","ping_status":"closed","template":"","meta":{"om_disable_all_campaigns":false,"_monsterinsights_skip_tracking":false,"_monsterinsights_sitenote_active":false,"_monsterinsights_sitenote_note":"","_monsterinsights_sitenote_category":0},"product_brand":[],"product_cat":[549],"product_tag":[513,514,511,516,519,517,520,515,181,518,512],"class_list":{"0":"post-6506","1":"product","2":"type-product","3":"status-publish","4":"has-post-thumbnail","6":"product_cat-kits-de-videoporteros","7":"product_tag-altavoces","8":"product_tag-amplificadores","9":"product_tag-audio-y-video","10":"product_tag-audioporteros","11":"product_tag-digital-signage","12":"product_tag-intercomunicadores","13":"product_tag-kits-videoporteros","14":"product_tag-mezcladoras","15":"product_tag-microfonos","16":"product_tag-sistemas-de-enfermeria","17":"product_tag-videoporteros","19":"first","20":"instock","21":"sale","22":"taxable","23":"shipping-taxable","24":"purchasable","25":"product-type-simple"},"aioseo_notices":[],"_links":{"self":[{"href":"https:\/\/tecsecmty.com\/index.php\/wp-json\/wp\/v2\/product\/6506","targetHints":{"allow":["GET"]}}],"collection":[{"href":"https:\/\/tecsecmty.com\/index.php\/wp-json\/wp\/v2\/product"}],"about":[{"href":"https:\/\/tecsecmty.com\/index.php\/wp-json\/wp\/v2\/types\/product"}],"replies":[{"embeddable":true,"href":"https:\/\/tecsecmty.com\/index.php\/wp-json\/wp\/v2\/comments?post=6506"}],"version-history":[{"count":0,"href":"https:\/\/tecsecmty.com\/index.php\/wp-json\/wp\/v2\/product\/6506\/revisions"}],"wp:featuredmedia":[{"embeddable":true,"href":"https:\/\/tecsecmty.com\/index.php\/wp-json\/wp\/v2\/media\/6505"}],"wp:attachment":[{"href":"https:\/\/tecsecmty.com\/index.php\/wp-json\/wp\/v2\/media?parent=6506"}],"wp:term":[{"taxonomy":"product_brand","embeddable":true,"href":"https:\/\/tecsecmty.com\/index.php\/wp-json\/wp\/v2\/product_brand?post=6506"},{"taxonomy":"product_cat","embeddable":true,"href":"https:\/\/tecsecmty.com\/index.php\/wp-json\/wp\/v2\/product_cat?post=6506"},{"taxonomy":"product_tag","embeddable":true,"href":"https:\/\/tecsecmty.com\/index.php\/wp-json\/wp\/v2\/product_tag?post=6506"}],"curies":[{"name":"wp","href":"https:\/\/api.w.org\/{rel}","templated":true}]}}