{"id":6512,"date":"2023-02-23T12:06:41","date_gmt":"2023-02-23T18:06:41","guid":{"rendered":"https:\/\/tecsecmty.com\/index.php\/producto\/dahua-dhi-kta02m-kit-de-videoportero-analogico-con-frente-de-calle-metalico-monitor-de-7-pulgadas-tft-1024x600-frente-de-calle-con-camara-de-1-3-mp-dwdr-ir-automatico-1-entrada-y-salida-de-aud\/"},"modified":"2023-03-22T23:22:34","modified_gmt":"2023-03-23T05:22:34","slug":"dahua-dhi-kta02m-kit-de-videoportero-analogico-con-frente-de-calle-metalico-monitor-de-7-pulgadas-tft-1024x600-frente-de-calle-con-camara-de-1-3-mp-dwdr-ir-automatico-1-entrada-y-salida-de-aud","status":"publish","type":"product","link":"https:\/\/tecsecmty.com\/index.php\/producto\/dahua-dhi-kta02m-kit-de-videoportero-analogico-con-frente-de-calle-metalico-monitor-de-7-pulgadas-tft-1024x600-frente-de-calle-con-camara-de-1-3-mp-dwdr-ir-automatico-1-entrada-y-salida-de-aud\/","title":{"rendered":"DAHUA DHI-KTA02M &#8211; Kit de Videoportero Analogico con Frente de Calle Metalico\/ Monitor de 7 Pulgadas TFT\/ 1024&#215;600\/ Frente de Calle con Camara de 1.3 MP\/ DWDR\/ IR Automatico\/ 1 Entrada y Salida de Audio\/ Soporta Boton de Salida\/"},"content":{"rendered":"<div class=\"row aling-items-center padding-bottom-2x\">\n<div class=\"col-lg-12\">\n<h5 class=\"card-title text-center\">Informaci\u00f3n General<\/h5>\n<p>Dahua\u00a0<strong>KTA02M\u00a0<\/strong>es un kit de video portero anal\u00f3gico, esta compuesto por el frente de calle\u00a0<strong>VTO1000JM\u00a0<\/strong>y el monitor de 7 pulgadas\u00a0<strong>VTH1020J<\/strong>.\u00a0El kit permite tener una perfecta visi\u00f3n ya que cuenta con una c\u00e1mara de 1,3 MP, se puede instalar el frente de calle en el exterior con la protecci\u00f3n adecuada IP66. Aplique sellador de silicona en los espacios entre el dispositivo y la pared<\/p>\n<p><img decoding=\"async\" class=\"overview-center-img-web\" src=\"https:\/\/tvc.mx\/media\/402039\/kit-videoportero-analogico-frente-de-calle-metalico-KTA02M-Dahua.png\" alt=\"\" \/><\/div>\n<\/div>\n<div class=\"row align-items-center padding-bottom-2x\">\n<div class=\"col-md-5 order-md-2\"><img decoding=\"async\" class=\"d-block m-auto img-thumbnail\" src=\"https:\/\/tvc.mx\/media\/275331\/DHI-KTA02M.png\" alt=\" \" \/><\/div>\n<div class=\"col-md-7 order-md-1 text-md-left text-center\">\n<h2>Frente de Calle DHI-KTA02M<\/h2>\n<p class=\"text-muted\">\n<p>Es un frente de calle an\u00e1logo para uso residencial u oficina el cual permite tener una perfecta visi\u00f3n ya que cuenta con una c\u00e1mara HD de 1,3 MP megap\u00edxeles, se puede instalar en el exterior con la protecci\u00f3n adecuada, cuenta con \u00edndice de protecci\u00f3n a la intemperie IP66. Aplique sellador de silicona en los espacios entre el dispositivo y la pared<\/p>\n<p>&nbsp;<\/p>\n<\/div>\n<\/div>\n<hr class=\"padding-bottom-2x\" \/>\n<div class=\"row align-items-center padding-bottom-2x\">\n<div class=\"col-md-5\"><img decoding=\"async\" class=\"d-block m-auto img-thumbnail\" src=\"https:\/\/tvc.mx\/media\/275335\/VTH1020J.png\" alt=\" \" \/><\/div>\n<div class=\"col-md-7 text-md-left text-center\">\n<h2>Monitor de 7 Pulgadas VTH1020J<\/h2>\n<p class=\"text-muted\">\n<p>El monitor anal\u00f3gico de 4 hilos VTH1020J consta de un intercomunicador de voz. Es aplicable para casas y\/o departamentos, para que los usuarios realicen comunicaciones de voz y v\u00eddeo. El monitor se instala en el interior ya que no cuenta con \u00edndice de protecci\u00f3n para exterior y tampoco antivand\u00e1lico.<\/p>\n<p>&nbsp;<\/p>\n<\/div>\n<\/div>\n<hr class=\"padding-bottom-2x\" \/>\n<div class=\"row align-items-center padding-bottom-2x\">\n<div class=\"col-md-5 order-md-2\"><img decoding=\"async\" class=\"d-block m-auto img-thumbnail\" src=\"https:\/\/tvc.mx\/media\/402043\/kit-videoportero-analogico-frente-de-calle-metalico-KTA02M-Dahua-pp-caracteristicas.png\" alt=\" \" \/><\/div>\n<div class=\"col-md-7 order-md-1 text-md-left text-center\">\n<h2>Principales caracter\u00edsticas<\/h2>\n<p class=\"text-muted\">\n<p><strong>KTA02M<\/strong><\/p>\n<ul>\n<li>Funci\u00f3n de video portero: Desbloqueo, llamada de voz, videollamada y volumen ajustamiento<\/li>\n<li>M\u00faltiples sonidos de campana<\/li>\n<li>Admite rango din\u00e1mico amplio digital (DWDR)<\/li>\n<li>Bot\u00f3n mec\u00e1nico<\/li>\n<li>Aspecto met\u00e1lico<\/li>\n<li>IK07 \/ IP66<\/li>\n<\/ul>\n<p><strong>VTH1020J<\/strong><\/p>\n<ul>\n<li>Pantalla TFT de 7 \u00ab<\/li>\n<li>Funci\u00f3n de video portero: Desbloqueo, llamada de voz, videollamada y volumen ajustamiento<\/li>\n<li>Bot\u00f3n mec\u00e1nico<\/li>\n<li>M\u00faltiples sonidos de timbre<\/li>\n<li>Funci\u00f3n de video portero: Desbloqueo, llamada de voz, videollamada, volumen\u00a0ajuste, control de entrada<\/li>\n<li>Capacidad del sistema: 2 estaciones de puerta + 3 monitores interiores<\/li>\n<li>M\u00faltiples sonidos de campana<\/li>\n<li>Admite rango din\u00e1mico amplio digital (DWDR)<\/li>\n<li>An\u00e1logo<\/li>\n<li>Corriente 12vdc, 1A<\/li>\n<\/ul>\n<p>&nbsp;<\/p>\n<\/div>\n<\/div>\n<hr class=\"padding-bottom-2x\" \/>\n<div class=\"row align-items-center padding-bottom-2x\">\n<div class=\"col-md-5\"><img decoding=\"async\" class=\"d-block m-auto img-thumbnail\" src=\"https:\/\/tvc.mx\/media\/462188\/Videoportero_KIT_Analogico_KTA02M_Contenido_Dahua_.png\" alt=\" \" \/><\/div>\n<div class=\"col-md-7 text-md-left text-center\">\n<h2>Incluye<\/h2>\n<p class=\"text-muted\">\n<ul>\n<li>1 VTO DHI-KTA02M<\/li>\n<li>Base tipo caja de conexiones para VTO<\/li>\n<li>Tornillos de instalaci\u00f3n para montaje de base<\/li>\n<li>Taquetes pl\u00e1sticos para sujeci\u00f3n<\/li>\n<li>1 VTH1020J<\/li>\n<li>Arn\u00e9s de integraci\u00f3n de alimentaci\u00f3n, video y audio<\/li>\n<li>Arn\u00e9s de alimentaci\u00f3n<\/li>\n<li>Base para sujeci\u00f3n de VTH<\/li>\n<li>Tornillos de instalaci\u00f3n para montaje de base<\/li>\n<li>8 capuchones de rosca para empalme de cables<\/li>\n<li>Llave L tipo Torx<\/li>\n<li>Fuente de alimentaci\u00f3n para monitor DC 12V 2A<\/li>\n<li>Manuales de instalaci\u00f3n<\/li>\n<li>P\u00f3liza de garant\u00eda<\/li>\n<\/ul>\n<p>*Se recomienda el cable RVV4 para realizar las interconexiones.<\/p>\n<\/div>\n<\/div>\n","protected":false},"excerpt":{"rendered":"<p>Informaci\u00f3n General Dahua\u00a0KTA02M\u00a0es un kit de video portero anal\u00f3gico, esta compuesto por el frente de calle\u00a0VTO1000JM\u00a0y el monitor de 7 pulgadas\u00a0VTH1020J.\u00a0El kit permite tener una perfecta visi\u00f3n ya que cuenta con una c\u00e1mara de 1,3 MP, se puede instalar el frente de calle en el&hellip;<\/p>\n","protected":false},"featured_media":6511,"comment_status":"open","ping_status":"closed","template":"","meta":{"om_disable_all_campaigns":false,"_monsterinsights_skip_tracking":false,"_monsterinsights_sitenote_active":false,"_monsterinsights_sitenote_note":"","_monsterinsights_sitenote_category":0},"product_brand":[],"product_cat":[550],"product_tag":[513,514,511,516,519,517,520,515,181,518,512],"class_list":{"0":"post-6512","1":"product","2":"type-product","3":"status-publish","4":"has-post-thumbnail","6":"product_cat-kits-de-videoporteros-videoporteros-analogicos-dahua-audio-video","7":"product_tag-altavoces","8":"product_tag-amplificadores","9":"product_tag-audio-y-video","10":"product_tag-audioporteros","11":"product_tag-digital-signage","12":"product_tag-intercomunicadores","13":"product_tag-kits-videoporteros","14":"product_tag-mezcladoras","15":"product_tag-microfonos","16":"product_tag-sistemas-de-enfermeria","17":"product_tag-videoporteros","19":"first","20":"instock","21":"sale","22":"taxable","23":"shipping-taxable","24":"purchasable","25":"product-type-simple"},"aioseo_notices":[],"_links":{"self":[{"href":"https:\/\/tecsecmty.com\/index.php\/wp-json\/wp\/v2\/product\/6512","targetHints":{"allow":["GET"]}}],"collection":[{"href":"https:\/\/tecsecmty.com\/index.php\/wp-json\/wp\/v2\/product"}],"about":[{"href":"https:\/\/tecsecmty.com\/index.php\/wp-json\/wp\/v2\/types\/product"}],"replies":[{"embeddable":true,"href":"https:\/\/tecsecmty.com\/index.php\/wp-json\/wp\/v2\/comments?post=6512"}],"version-history":[{"count":0,"href":"https:\/\/tecsecmty.com\/index.php\/wp-json\/wp\/v2\/product\/6512\/revisions"}],"wp:featuredmedia":[{"embeddable":true,"href":"https:\/\/tecsecmty.com\/index.php\/wp-json\/wp\/v2\/media\/6511"}],"wp:attachment":[{"href":"https:\/\/tecsecmty.com\/index.php\/wp-json\/wp\/v2\/media?parent=6512"}],"wp:term":[{"taxonomy":"product_brand","embeddable":true,"href":"https:\/\/tecsecmty.com\/index.php\/wp-json\/wp\/v2\/product_brand?post=6512"},{"taxonomy":"product_cat","embeddable":true,"href":"https:\/\/tecsecmty.com\/index.php\/wp-json\/wp\/v2\/product_cat?post=6512"},{"taxonomy":"product_tag","embeddable":true,"href":"https:\/\/tecsecmty.com\/index.php\/wp-json\/wp\/v2\/product_tag?post=6512"}],"curies":[{"name":"wp","href":"https:\/\/api.w.org\/{rel}","templated":true}]}}