{"id":6516,"date":"2023-02-23T12:06:48","date_gmt":"2023-02-23T18:06:48","guid":{"rendered":"https:\/\/tecsecmty.com\/index.php\/producto\/zkteco-vdp03b3-kit-kit-de-videoportero-analogico-con-1-frente-de-calle-metalico-y-1-monitor-de-7-sistema-de-vision-nocturna-en-color-a-prueba-de-lluvia\/"},"modified":"2023-03-22T23:25:35","modified_gmt":"2023-03-23T05:25:35","slug":"zkteco-vdp03b3-kit-kit-de-videoportero-analogico-con-1-frente-de-calle-metalico-y-1-monitor-de-7-sistema-de-vision-nocturna-en-color-a-prueba-de-lluvia","status":"publish","type":"product","link":"https:\/\/tecsecmty.com\/index.php\/producto\/zkteco-vdp03b3-kit-kit-de-videoportero-analogico-con-1-frente-de-calle-metalico-y-1-monitor-de-7-sistema-de-vision-nocturna-en-color-a-prueba-de-lluvia\/","title":{"rendered":"ZKTECO VDP03B3 Kit &#8211; Kit de Videoportero Anal\u00f3gico con 1 Frente de Calle Met\u00e1lico y 1 Monitor de 7&#8243; \/ Sistema de Visi\u00f3n Nocturna en Color \/ A prueba de Lluvia"},"content":{"rendered":"<div class=\"row aling-items-center padding-bottom-2x\">\n<div class=\"col-lg-12\">\n<h5 class=\"card-title text-center\">Descripci\u00f3n<\/h5>\n<p class=\"ql-align-justify\">El kit de video portero\u00a0<strong>VDP03B3Kit<\/strong>\u00a0nos ofrece una soluci\u00f3n ideal y econ\u00f3mico que incluye un monitor TFT de 7&#8243; con un\u00a0<strong>dise\u00f1o delgado,\u00a0<\/strong>un frente de calle\u00a0<strong>completamente met\u00e1lico<\/strong>\u00a0<strong>para exteriores<\/strong>\u00a0que cuenta con\u00a0<strong>clasificaci\u00f3n IP54<\/strong>,la conexi\u00f3n es mediante 4 hilos, el monitor tiene un dise\u00f1o delgado y un moderno bot\u00f3n t\u00e1ctil se puede ajustar el volumen del timbre, el brillo de la imagen entre otros, proporciona\u00a0<strong>comunicaci\u00f3n bidireccional<\/strong>\u00a0entre el monitor y la c\u00e1mara.<\/p>\n<p><img decoding=\"async\" class=\"overview-center-img-web\" src=\"https:\/\/tvc.mx\/media\/629538\/ZKTECO-ZKT2400001-VDP03-B3-KIT-VIDEOPORTERO-PRINCIPAL.png\" alt=\"\" \/><\/div>\n<\/div>\n<div class=\"row align-items-center padding-bottom-2x\">\n<div class=\"col-md-5\"><img decoding=\"async\" class=\"d-block m-auto img-thumbnail\" src=\"https:\/\/tvc.mx\/media\/505372\/ZKTECO-VDP03-B3-Kit-VDP-MONITOR-7-PULGADAS-OV1.png\" alt=\" \" \/><\/div>\n<div class=\"col-md-7 text-md-left text-center\">\n<h2>Caracter\u00edsticas Monitor<\/h2>\n<p class=\"text-muted\">\n<ul>\n<li class=\"ql-align-justify\">Intercomunicaci\u00f3n con el frente de calle.<\/li>\n<li class=\"ql-align-justify\">Pantalla TFT-LCD HD de 7 pulgadas.<\/li>\n<li class=\"ql-align-justify\">Apertura de puerta.<\/li>\n<li class=\"ql-align-justify\">Bot\u00f3n de no molestar o bloqueo de llamada.<\/li>\n<li class=\"ql-align-justify\">Diferentes tonos de llamada.<\/li>\n<li class=\"ql-align-justify\">Control de volumen.<\/li>\n<li class=\"ql-align-justify\">Control de brillo en la imagen.<\/li>\n<li class=\"ql-align-justify\">Control de color en la imagen.<\/li>\n<\/ul>\n<p class=\"ql-align-justify\">M\u00e1s informaci\u00f3n en el\u00a0<a href=\"https:\/\/tvc.mx\/products\/43761\" target=\"_blank\" rel=\"noopener\"><u>LINK<\/u><\/a><\/p>\n<p>&nbsp;<\/p>\n<\/div>\n<\/div>\n<hr class=\"padding-bottom-2x\" \/>\n<div class=\"row align-items-center padding-bottom-2x\">\n<div class=\"col-md-5 order-md-2\"><img decoding=\"async\" class=\"d-block m-auto img-thumbnail\" src=\"https:\/\/tvc.mx\/media\/505380\/ZKTECO-VDP03-B3-Kit-VDP-FRENTE-DE-CALLE-OV2.png\" alt=\" ssssssssssssss\" \/><\/div>\n<div class=\"col-md-7 order-md-1 text-md-left text-center\">\n<h2>Caracter\u00edsticas Frente de Calle<\/h2>\n<p class=\"text-muted\">\n<ul>\n<li class=\"ql-align-justify\">Frente de Calle con timbre exterior que cuenta con cubierta impermeable.<\/li>\n<li class=\"ql-align-justify\">C\u00e1mara 1mp.<\/li>\n<li class=\"ql-align-justify\">\u00c1ngulo de visi\u00f3n de 87 grados.<\/li>\n<li class=\"ql-align-justify\">Visi\u00f3n nocturna.<\/li>\n<li class=\"ql-align-justify\">Dise\u00f1o a prueba de lluvia y anti-vandalismo.<\/li>\n<li class=\"ql-align-justify\">Alimentaci\u00f3n suministrada por el monitor.<\/li>\n<\/ul>\n<blockquote class=\"ql-align-justify\"><p>El frente de calle soporta hasta 4 monitores de los siguientes modelos\u00a0<a href=\"https:\/\/tvc.mx\/products\/43761\" target=\"_blank\" rel=\"noopener\">VDPI-B3<\/a>\u00a0y\u00a0<a href=\"https:\/\/tvc.mx\/products\/43765\" target=\"_blank\" rel=\"noopener\">VDPI-B4<\/a><\/p><\/blockquote>\n<blockquote class=\"ql-align-justify\"><p>El monitor solo soporta 1 frente de calle<\/p><\/blockquote>\n<p>&nbsp;<\/p>\n<\/div>\n<\/div>\n<hr class=\"padding-bottom-2x\" \/>\n<div class=\"row align-items-center padding-bottom-2x\">\n<div class=\"col-md-5 order-md-2\"><img decoding=\"async\" class=\"d-block m-auto img-thumbnail\" src=\"https:\/\/tvc.mx\/media\/505386\/ZKTECO-VDP03-B3-Kit-VDP-FRENTE-DE-CALLE-OV3.png\" alt=\" \" \/><\/div>\n<div class=\"col-md-7 order-md-1 text-md-left text-center\">\n<h2>Especificaciones T\u00e9cnicas Frente de Calle<\/h2>\n<p class=\"text-muted\">\n<ul>\n<li class=\"ql-align-justify\">C\u00e1mara (1MP).<\/li>\n<li class=\"ql-align-justify\">\u00c1ngulo de Visi\u00f3n (87\u00b0).<\/li>\n<li class=\"ql-align-justify\">Altavoces duales (8\u03a9 \/ 2W).<\/li>\n<li class=\"ql-align-justify\">M\u00e9todo de instalaci\u00f3n (interior\/exterior).<\/li>\n<li class=\"ql-align-justify\">Desbloqueo de rel\u00e9 (Pulso h\u00famedo 15v 1.2amp).<\/li>\n<li class=\"ql-align-justify\">Temperatura de trabajo (-20\u00b0C a +60\u00b0C).<\/li>\n<li class=\"ql-align-justify\">\u00cdndice de protecci\u00f3n (IP54).<\/li>\n<li class=\"ql-align-justify\">Dimensiones (Ancho: 25mm Alto: 50mm Largo27mm).<\/li>\n<\/ul>\n<p>&nbsp;<\/p>\n<\/div>\n<\/div>\n<hr class=\"padding-bottom-2x\" \/>\n<div class=\"row align-items-center padding-bottom-2x\">\n<div class=\"col-md-5\"><img decoding=\"async\" class=\"d-block m-auto img-thumbnail\" src=\"https:\/\/tvc.mx\/media\/505388\/ZKTECO-VDP03-B3-Kit-VDP-MONITOR-7-PULGADAS-OV4.png\" alt=\" \" \/><\/div>\n<div class=\"col-md-7 text-md-left text-center\">\n<h2>Especificaciones T\u00e9cnicas Monitor<\/h2>\n<p class=\"text-muted\">\n<ul>\n<li class=\"ql-align-justify\">Sistema operativo Linux.<\/li>\n<li class=\"ql-align-justify\">Resoluci\u00f3n de pantalla: 800*480.<\/li>\n<li class=\"ql-align-justify\">Altavoces duales, 8\u03a9 \/ 2W.<\/li>\n<li class=\"ql-align-justify\">M\u00e9todo de cableado: 4 Hilos ( Distancia m\u00e1xima 100 mts. ).<\/li>\n<li class=\"ql-align-justify\">M\u00e9todo de instalaci\u00f3n: Montaje en pared interior.<\/li>\n<li class=\"ql-align-justify\">Color blanco, pl\u00e1stico ABS.<\/li>\n<li class=\"ql-align-justify\">Temperatura de trabajo: -20\u00b0C a +60\u00b0C.<\/li>\n<li class=\"ql-align-justify\">Dimensiones (Ancho*Alto*Largo): 195*132*13 (mm).<\/li>\n<\/ul>\n<p>&nbsp;<\/p>\n<\/div>\n<\/div>\n<hr class=\"padding-bottom-2x\" \/>\n<div class=\"row align-items-center padding-bottom-2x\">\n<div class=\"col-md-5 order-md-2\"><img decoding=\"async\" class=\"d-block m-auto img-thumbnail\" src=\"https:\/\/tvc.mx\/media\/513271\/ZKTECO-VDP03-B3-Kit-VDP-MONITOR-7-PULGADAS-FRENTE-DE-CALLE-ARNES-BASE-FUENTE-INCLUYE17.png\" alt=\" \" \/><\/div>\n<div class=\"col-md-7 order-md-1 text-md-left text-center\">\n<h2>Incluye<\/h2>\n<p class=\"text-muted\">\n<ul>\n<li class=\"ql-align-justify\">Monitor de 4.3&#8243;.<\/li>\n<li class=\"ql-align-justify\">Base de instalaci\u00f3n para monitor.<\/li>\n<li class=\"ql-align-justify\">Frente de calle con montaje de instalaci\u00f3n.<\/li>\n<li class=\"ql-align-justify\">Fuente de alimentaci\u00f3n (15v &#8211; 1.2a).<\/li>\n<li class=\"ql-align-justify\">Cables y accesorios de montaje.<\/li>\n<li class=\"ql-align-justify\">Cable de conexi\u00f3n 5 hilos de 1mt.<\/li>\n<\/ul>\n<\/div>\n<\/div>\n","protected":false},"excerpt":{"rendered":"<p>Descripci\u00f3n El kit de video portero\u00a0VDP03B3Kit\u00a0nos ofrece una soluci\u00f3n ideal y econ\u00f3mico que incluye un monitor TFT de 7&#8243; con un\u00a0dise\u00f1o delgado,\u00a0un frente de calle\u00a0completamente met\u00e1lico\u00a0para exteriores\u00a0que cuenta con\u00a0clasificaci\u00f3n IP54,la conexi\u00f3n es mediante 4 hilos, el monitor tiene un dise\u00f1o delgado y un moderno bot\u00f3n&hellip;<\/p>\n","protected":false},"featured_media":6515,"comment_status":"open","ping_status":"closed","template":"","meta":{"om_disable_all_campaigns":false,"_monsterinsights_skip_tracking":false,"_monsterinsights_sitenote_active":false,"_monsterinsights_sitenote_note":"","_monsterinsights_sitenote_category":0},"product_brand":[],"product_cat":[551],"product_tag":[513,514,511,516,519,517,520,515,181,518,512],"class_list":{"0":"post-6516","1":"product","2":"type-product","3":"status-publish","4":"has-post-thumbnail","6":"product_cat-kits-de-videoporteros-videoporteros-analogicos-zkteco-audio-video","7":"product_tag-altavoces","8":"product_tag-amplificadores","9":"product_tag-audio-y-video","10":"product_tag-audioporteros","11":"product_tag-digital-signage","12":"product_tag-intercomunicadores","13":"product_tag-kits-videoporteros","14":"product_tag-mezcladoras","15":"product_tag-microfonos","16":"product_tag-sistemas-de-enfermeria","17":"product_tag-videoporteros","19":"first","20":"instock","21":"sale","22":"taxable","23":"shipping-taxable","24":"purchasable","25":"product-type-simple"},"aioseo_notices":[],"_links":{"self":[{"href":"https:\/\/tecsecmty.com\/index.php\/wp-json\/wp\/v2\/product\/6516","targetHints":{"allow":["GET"]}}],"collection":[{"href":"https:\/\/tecsecmty.com\/index.php\/wp-json\/wp\/v2\/product"}],"about":[{"href":"https:\/\/tecsecmty.com\/index.php\/wp-json\/wp\/v2\/types\/product"}],"replies":[{"embeddable":true,"href":"https:\/\/tecsecmty.com\/index.php\/wp-json\/wp\/v2\/comments?post=6516"}],"version-history":[{"count":0,"href":"https:\/\/tecsecmty.com\/index.php\/wp-json\/wp\/v2\/product\/6516\/revisions"}],"wp:featuredmedia":[{"embeddable":true,"href":"https:\/\/tecsecmty.com\/index.php\/wp-json\/wp\/v2\/media\/6515"}],"wp:attachment":[{"href":"https:\/\/tecsecmty.com\/index.php\/wp-json\/wp\/v2\/media?parent=6516"}],"wp:term":[{"taxonomy":"product_brand","embeddable":true,"href":"https:\/\/tecsecmty.com\/index.php\/wp-json\/wp\/v2\/product_brand?post=6516"},{"taxonomy":"product_cat","embeddable":true,"href":"https:\/\/tecsecmty.com\/index.php\/wp-json\/wp\/v2\/product_cat?post=6516"},{"taxonomy":"product_tag","embeddable":true,"href":"https:\/\/tecsecmty.com\/index.php\/wp-json\/wp\/v2\/product_tag?post=6516"}],"curies":[{"name":"wp","href":"https:\/\/api.w.org\/{rel}","templated":true}]}}