{"id":6532,"date":"2023-02-23T12:07:05","date_gmt":"2023-02-23T18:07:05","guid":{"rendered":"https:\/\/tecsecmty.com\/index.php\/producto\/commax-cmv70mx-monitor-para-videoportero-de-7-pulgadas-con-diseno-slim-cuenta-con-conexion-wifi-para-notificacion-a-celular-a-traves-app-compatible-con-androidios-grabacion-de-audio-y-video-con-s\/"},"modified":"2023-03-22T23:22:15","modified_gmt":"2023-03-23T05:22:15","slug":"commax-cmv70mx-monitor-para-videoportero-de-7-pulgadas-con-diseno-slim-cuenta-con-conexion-wifi-para-notificacion-a-celular-a-traves-app-compatible-con-androidios-grabacion-de-audio-y-video-con-s","status":"publish","type":"product","link":"https:\/\/tecsecmty.com\/index.php\/producto\/commax-cmv70mx-monitor-para-videoportero-de-7-pulgadas-con-diseno-slim-cuenta-con-conexion-wifi-para-notificacion-a-celular-a-traves-app-compatible-con-androidios-grabacion-de-audio-y-video-con-s\/","title":{"rendered":"COMMAX CMV70MX &#8211; Monitor para videoportero de 7 pulgadas con dise\u00f1o slim, cuenta con conexi\u00f3n wifi para notificaci\u00f3n a celular a trav\u00e9s App compatible con Android&amp;iOS, grabaci\u00f3n de audio y video con SD\/ Compatible con frentes de calle Commax"},"content":{"rendered":"<div class=\"row aling-items-center padding-bottom-2x\">\n<div class=\"col-lg-12\">\n<h5 class=\"card-title text-center\">INFORMACI\u00d3N GENERAL<\/h5>\n<p>El monitor commax\u00a0modelo\u00a0CDV70MX es un equipo de control de acceso que nos permite tener mayor seguridad tanto de nuestros hogares como de nuestras empresas o departamentos, este tipo de monitores funcionan de modo que podemos observar quien se encuentra detr\u00e1s de nuestra puerta gracias a una c\u00e1mara situada en nuestro frente de calle, el cual es instalado en el exterior en donde se desea que sea punto de acceso.<\/p>\n<p><img decoding=\"async\" class=\"overview-center-img-web\" src=\"https:\/\/tvc.mx\/media\/395079\/COMMAX-CMX2160006-CMV70MX-MONITOR-PARA-VIDEOPORTERO-CENTRAL.png\" alt=\"\" \/><\/div>\n<\/div>\n<div class=\"row align-items-center padding-bottom-2x\">\n<div class=\"col-md-5\"><img decoding=\"async\" class=\"d-block m-auto img-thumbnail\" src=\"https:\/\/tvc.mx\/media\/395083\/COMMAX-CMX2160006-CMV70MX-MONITOR-PARA-VIDEOPORTERO-DER.png\" alt=\" \" \/><\/div>\n<div class=\"col-md-7 text-md-left text-center\">\n<h2>Caracter\u00edsticas Principales<\/h2>\n<p class=\"text-muted\">\n<ul>\n<li>Dise\u00f1o elegante y moderno<\/li>\n<li>Color met\u00e1lico premium<\/li>\n<li>Pantalla de cristal transparente<\/li>\n<li>Responda v\u00eddeo llamadas y abra la puerta mediante la aplicaci\u00f3n m\u00f3vil<\/li>\n<li>Compatible con cualquier frente de calle\u00a0<a href=\"https:\/\/tvc.mx\/products?categoryId=217&amp;query=%7B%22categoryId%22%3A217%2C%22brandIds%22%3A%5B421%5D%2C%22view%22%3A%22grid%22%2C%22sortBy%22%3A%7B%22sortCriteria%22%3A%22list_price%22%2C%22sortDirection%22%3A%22asc%22%7D%2C%22perPage%22%3A40%2C%22priceRange%22%3A%7B%22max%22%3A%22439.0000%22%2C%22min%22%3A0%7D%7D\" target=\"_blank\" rel=\"noopener\">COMMAX<\/a><\/li>\n<li>Ranura para tarjeta Micro SD ( hasta 128GB)<\/li>\n<li>Soporta auricular\u00a0<a href=\"https:\/\/tvc.mx\/products\/2759\" target=\"_blank\" rel=\"noopener\">DP-4VHP<\/a><\/li>\n<li>Soporta 2 frentes de calle\u00a0<a href=\"https:\/\/tvc.mx\/products?categoryId=217&amp;query=%7B%22categoryId%22%3A217%2C%22brandIds%22%3A%5B421%5D%2C%22view%22%3A%22grid%22%2C%22sortBy%22%3A%7B%22sortCriteria%22%3A%22list_price%22%2C%22sortDirection%22%3A%22asc%22%7D%2C%22perPage%22%3A40%2C%22priceRange%22%3A%7B%22max%22%3A%22439.0000%22%2C%22min%22%3A0%7D%7D\" target=\"_blank\" rel=\"noopener\">COMMAX<\/a><\/li>\n<li>Soporta 2 c\u00e1maras de CCTV (2mp, AHD)<\/li>\n<li>Soporta sensor magn\u00e9tico cableado (cuenta con notificaci\u00f3n de alarma al tel\u00e9fono)<\/li>\n<li>Guarde la foto o v\u00eddeo de la persona que est\u00e1 en el exterior<\/li>\n<\/ul>\n<p>&nbsp;<\/p>\n<\/div>\n<\/div>\n<hr class=\"padding-bottom-2x\" \/>\n<div class=\"row align-items-center padding-bottom-2x\">\n<div class=\"col-md-5 order-md-2\"><img decoding=\"async\" class=\"d-block m-auto img-thumbnail\" src=\"https:\/\/tvc.mx\/media\/395087\/COMMAX-CMX2160006-CMV70MX-MONITOR-PARA-VIDEOPORTERO-IZQ.png\" alt=\" \" \/><\/div>\n<div class=\"col-md-7 order-md-1 text-md-left text-center\">\n<h2>Especificaciones T\u00e9cnicas<\/h2>\n<p class=\"text-muted\">\n<ul>\n<li>Fuente de alimentaci\u00f3n CA 100-240 V, 50\/60 Hz<\/li>\n<li>Pantalla LCD Full Touch de 7 pulgadas<\/li>\n<li>Tipo de montaje en pared<\/li>\n<li>Ranura para tarjetas Micro SD (hasta 128 GB)<\/li>\n<li>Resoluci\u00f3n de la pantalla 1024 X 600<\/li>\n<li>Conexi\u00f3n Wi-Fi 2.4Ghz<\/li>\n<li>C\u00e1mara hasta AHD 2MP<\/li>\n<li>Cableado al frente de calle: 4 hilos<\/li>\n<li>Cableado al sensor magn\u00e9tico: 2 cables<\/li>\n<li>Cableado a las c\u00e1maras de cctv: 2 cables<\/li>\n<li>Distancias de transmisi\u00f3n:\u00a0(28m &#8211; 24AWG)\/ (50m &#8211; 22AWG)\/ 70mts.(20AWG)<\/li>\n<li>Dimensiones (mm) 250 (A) x 210 (L) x 22 (D)<\/li>\n<\/ul>\n<p>&nbsp;<\/p>\n<\/div>\n<\/div>\n<hr class=\"padding-bottom-2x\" \/>\n<div class=\"row align-items-center padding-bottom-2x\">\n<div class=\"col-md-5\"><img decoding=\"async\" class=\"d-block m-auto img-thumbnail\" src=\"https:\/\/tvc.mx\/media\/395091\/COMMAX-CMX2160006-CMV70MX-MONITOR-PARA-VIDEOPORTERO-INCLUYE.png\" alt=\" \" \/><\/div>\n<div class=\"col-md-7 text-md-left text-center\">\n<h2>Incluye<\/h2>\n<p class=\"text-muted\">\n<ul>\n<li>Monitor<\/li>\n<li>Manual de usuario<\/li>\n<li>Cables de conexi\u00f3n<\/li>\n<li>Base de instalaci\u00f3n y tornillos<\/li>\n<\/ul>\n<\/div>\n<\/div>\n","protected":false},"excerpt":{"rendered":"<p>INFORMACI\u00d3N GENERAL El monitor commax\u00a0modelo\u00a0CDV70MX es un equipo de control de acceso que nos permite tener mayor seguridad tanto de nuestros hogares como de nuestras empresas o departamentos, este tipo de monitores funcionan de modo que podemos observar quien se encuentra detr\u00e1s de nuestra puerta&hellip;<\/p>\n","protected":false},"featured_media":6531,"comment_status":"open","ping_status":"closed","template":"","meta":{"om_disable_all_campaigns":false,"_monsterinsights_skip_tracking":false,"_monsterinsights_sitenote_active":false,"_monsterinsights_sitenote_note":"","_monsterinsights_sitenote_category":0},"product_brand":[],"product_cat":[552],"product_tag":[513,514,511,516,519,517,520,515,181,518,512],"class_list":{"0":"post-6532","1":"product","2":"type-product","3":"status-publish","4":"has-post-thumbnail","6":"product_cat-monitores-videoporteros-analogicos","7":"product_tag-altavoces","8":"product_tag-amplificadores","9":"product_tag-audio-y-video","10":"product_tag-audioporteros","11":"product_tag-digital-signage","12":"product_tag-intercomunicadores","13":"product_tag-kits-videoporteros","14":"product_tag-mezcladoras","15":"product_tag-microfonos","16":"product_tag-sistemas-de-enfermeria","17":"product_tag-videoporteros","19":"first","20":"instock","21":"sale","22":"taxable","23":"shipping-taxable","24":"purchasable","25":"product-type-simple"},"aioseo_notices":[],"_links":{"self":[{"href":"https:\/\/tecsecmty.com\/index.php\/wp-json\/wp\/v2\/product\/6532","targetHints":{"allow":["GET"]}}],"collection":[{"href":"https:\/\/tecsecmty.com\/index.php\/wp-json\/wp\/v2\/product"}],"about":[{"href":"https:\/\/tecsecmty.com\/index.php\/wp-json\/wp\/v2\/types\/product"}],"replies":[{"embeddable":true,"href":"https:\/\/tecsecmty.com\/index.php\/wp-json\/wp\/v2\/comments?post=6532"}],"version-history":[{"count":0,"href":"https:\/\/tecsecmty.com\/index.php\/wp-json\/wp\/v2\/product\/6532\/revisions"}],"wp:featuredmedia":[{"embeddable":true,"href":"https:\/\/tecsecmty.com\/index.php\/wp-json\/wp\/v2\/media\/6531"}],"wp:attachment":[{"href":"https:\/\/tecsecmty.com\/index.php\/wp-json\/wp\/v2\/media?parent=6532"}],"wp:term":[{"taxonomy":"product_brand","embeddable":true,"href":"https:\/\/tecsecmty.com\/index.php\/wp-json\/wp\/v2\/product_brand?post=6532"},{"taxonomy":"product_cat","embeddable":true,"href":"https:\/\/tecsecmty.com\/index.php\/wp-json\/wp\/v2\/product_cat?post=6532"},{"taxonomy":"product_tag","embeddable":true,"href":"https:\/\/tecsecmty.com\/index.php\/wp-json\/wp\/v2\/product_tag?post=6532"}],"curies":[{"name":"wp","href":"https:\/\/api.w.org\/{rel}","templated":true}]}}