{"id":6541,"date":"2023-02-23T12:07:16","date_gmt":"2023-02-23T18:07:16","guid":{"rendered":"https:\/\/tecsecmty.com\/index.php\/producto\/zkteco-vdpib3-monitor-lcd-de-7-pulgadas-para-videoportero-analogico-conexion-mediante-4-hilos-resolucion-800480-pixeles-imagen-nitida-boton-de-no-molestar-hasta-25-tonos-diferentes\/"},"modified":"2023-03-22T23:25:35","modified_gmt":"2023-03-23T05:25:35","slug":"zkteco-vdpib3-monitor-lcd-de-7-pulgadas-para-videoportero-analogico-conexion-mediante-4-hilos-resolucion-800480-pixeles-imagen-nitida-boton-de-no-molestar-hasta-25-tonos-diferentes","status":"publish","type":"product","link":"https:\/\/tecsecmty.com\/index.php\/producto\/zkteco-vdpib3-monitor-lcd-de-7-pulgadas-para-videoportero-analogico-conexion-mediante-4-hilos-resolucion-800480-pixeles-imagen-nitida-boton-de-no-molestar-hasta-25-tonos-diferentes\/","title":{"rendered":"ZKTECO VDPIB3 &#8211; Monitor LCD de 7 pulgadas para Videoportero Anal\u00f3gico \/ Conexi\u00f3n mediante 4 Hilos \/ Resoluci\u00f3n 800*480 p\u00edxeles \/ Imagen N\u00edtida \/ Bot\u00f3n de NO Molestar \/ Hasta 25 Tonos Diferentes"},"content":{"rendered":"<div class=\"row aling-items-center padding-bottom-2x\">\n<div class=\"col-lg-12\">\n<h5 class=\"card-title text-center\">Descripcion<\/h5>\n<p class=\"ql-align-justify\">El modelo\u00a0<strong>VDPIB3<\/strong>\u00a0es un\u00a0<strong>monitor TFT LCD de 7&#8243;\u00a0<\/strong>a color de dise\u00f1o delgado y un moderno bot\u00f3n t\u00e1ctil que permite ajustar el Color \/ Brillo \/ Contraste \/ Volumen \/ Pantalla, etc. Es capaz de liberar una cerradura el\u00e9ctrica conectada al frente de calle, el m\u00e9todo de conexi\u00f3n\u00a0es mediante 4 hilos con cable RVV4 calibre 22 AWG permitiendo una<strong>\u00a0distancia m\u00e1xima de 100 metros.<\/strong><\/p>\n<p><img decoding=\"async\" class=\"overview-center-img-web\" src=\"https:\/\/tvc.mx\/media\/570351\/ZKTECO-ZKT2210001-VDPI-B3-MONITOR-PARA-VIDEOPORTERO-ZK-BANNER.png\" alt=\"\" \/><\/div>\n<\/div>\n<div class=\"row align-items-center padding-bottom-2x\">\n<div class=\"col-md-5\"><img decoding=\"async\" class=\"d-block m-auto img-thumbnail\" src=\"https:\/\/tvc.mx\/media\/505762\/ZKTECO-VDPI3---MONITOR-7-PULGADAS-OV1.png\" alt=\" \" \/><\/div>\n<div class=\"col-md-7 text-md-left text-center\">\n<h2>Caracter\u00edsticas Principales<\/h2>\n<p class=\"text-muted\">\n<ul>\n<li class=\"ql-align-justify\">Intercomunicaci\u00f3n con el frente de calle.<\/li>\n<li class=\"ql-align-justify\">Apertura de puerta.<\/li>\n<li class=\"ql-align-justify\">Bot\u00f3n de no molestar o bloqueo de llamada.<\/li>\n<li class=\"ql-align-justify\">Diferentes tonos de llamada.<\/li>\n<li class=\"ql-align-justify\">Control de volumen.<\/li>\n<li class=\"ql-align-justify\">Control de brillo en la imagen.<\/li>\n<li class=\"ql-align-justify\">Control de color en la imagen.<\/li>\n<\/ul>\n<blockquote class=\"ql-align-justify\"><p>El monitor solo soporta 1 frente de calle<\/p><\/blockquote>\n<p>&nbsp;<\/p>\n<\/div>\n<\/div>\n<hr class=\"padding-bottom-2x\" \/>\n<div class=\"row align-items-center padding-bottom-2x\">\n<div class=\"col-md-5 order-md-2\"><img decoding=\"async\" class=\"d-block m-auto img-thumbnail\" src=\"https:\/\/tvc.mx\/media\/505826\/ZKTECO-VDPI3---MONITOR-7-PULGADAS-OV2.png\" alt=\" \" \/><\/div>\n<div class=\"col-md-7 order-md-1 text-md-left text-center\">\n<h2>Especificaciones T\u00e9cnicas<\/h2>\n<p class=\"text-muted\">\n<ul>\n<li class=\"ql-align-justify\">Pantalla TFT-LCD HD de 7&#8243;.<\/li>\n<li class=\"ql-align-justify\">Resoluci\u00f3n de pantalla: 800*480 p\u00edxeles.<\/li>\n<li class=\"ql-align-justify\">M\u00e9todo de cableado: 4 Hilos RVV4 calibre 22AWG ( Distancia m\u00e1xima 100 mts. ).<\/li>\n<li class=\"ql-align-justify\">Montaje en interior.<\/li>\n<li class=\"ql-align-justify\">Color blanco.<\/li>\n<li class=\"ql-align-justify\">Pl\u00e1stico ABS.<\/li>\n<li class=\"ql-align-justify\">Variedad de 25 Tonos.<\/li>\n<li class=\"ql-align-justify\">Alimentaci\u00f3n: CA 100 &#8211; 240V.<\/li>\n<li class=\"ql-align-justify\">Dimensiones (Ancho*Alto*Largo): 230*165*20 (mm).<\/li>\n<li class=\"ql-align-justify\">Peso: 0.50 Kg.<\/li>\n<\/ul>\n<p>&nbsp;<\/p>\n<\/div>\n<\/div>\n<hr class=\"padding-bottom-2x\" \/>\n<div class=\"row align-items-center padding-bottom-2x\">\n<div class=\"col-md-5\"><img decoding=\"async\" class=\"d-block m-auto img-thumbnail\" src=\"https:\/\/tvc.mx\/media\/513571\/ZKTECO-ZKT2210002-VDPI-B3-MONITOR-DE-4.3-PULGADAS-PARA-VIDEOPORTERO-ZK-BASE-ARNES-FUENTE-INCLUYE1.png\" alt=\" \" \/><\/div>\n<div class=\"col-md-7 text-md-left text-center\">\n<h2>Incluye<\/h2>\n<p class=\"text-muted\">\n<ul>\n<li class=\"ql-align-justify\">Monitor TFT LCD 7&#8243;<\/li>\n<li class=\"ql-align-justify\">Montaje de instalaci\u00f3n.<\/li>\n<li class=\"ql-align-justify\">Tornillos de instalaci\u00f3n.<\/li>\n<li class=\"ql-align-justify\">Cables de conexi\u00f3n.<\/li>\n<li class=\"ql-align-justify\">Fuente de alimentaci\u00f3n.<\/li>\n<li class=\"ql-align-justify\">Gu\u00eda de instalaci\u00f3n.<\/li>\n<li class=\"ql-align-justify\">P\u00f3liza de garant\u00eda.<\/li>\n<\/ul>\n<\/div>\n<\/div>\n","protected":false},"excerpt":{"rendered":"<p>Descripcion El modelo\u00a0VDPIB3\u00a0es un\u00a0monitor TFT LCD de 7&#8243;\u00a0a color de dise\u00f1o delgado y un moderno bot\u00f3n t\u00e1ctil que permite ajustar el Color \/ Brillo \/ Contraste \/ Volumen \/ Pantalla, etc. Es capaz de liberar una cerradura el\u00e9ctrica conectada al frente de calle, el m\u00e9todo&hellip;<\/p>\n","protected":false},"featured_media":6538,"comment_status":"open","ping_status":"closed","template":"","meta":{"om_disable_all_campaigns":false,"_monsterinsights_skip_tracking":false,"_monsterinsights_sitenote_active":false,"_monsterinsights_sitenote_note":"","_monsterinsights_sitenote_category":0},"product_brand":[],"product_cat":[554],"product_tag":[513,514,511,516,519,517,520,515,181,518,512],"class_list":{"0":"post-6541","1":"product","2":"type-product","3":"status-publish","4":"has-post-thumbnail","6":"product_cat-monitores-videoporteros-analogicos-zkteco-audio-video","7":"product_tag-altavoces","8":"product_tag-amplificadores","9":"product_tag-audio-y-video","10":"product_tag-audioporteros","11":"product_tag-digital-signage","12":"product_tag-intercomunicadores","13":"product_tag-kits-videoporteros","14":"product_tag-mezcladoras","15":"product_tag-microfonos","16":"product_tag-sistemas-de-enfermeria","17":"product_tag-videoporteros","19":"first","20":"instock","21":"sale","22":"taxable","23":"shipping-taxable","24":"purchasable","25":"product-type-simple"},"aioseo_notices":[],"_links":{"self":[{"href":"https:\/\/tecsecmty.com\/index.php\/wp-json\/wp\/v2\/product\/6541","targetHints":{"allow":["GET"]}}],"collection":[{"href":"https:\/\/tecsecmty.com\/index.php\/wp-json\/wp\/v2\/product"}],"about":[{"href":"https:\/\/tecsecmty.com\/index.php\/wp-json\/wp\/v2\/types\/product"}],"replies":[{"embeddable":true,"href":"https:\/\/tecsecmty.com\/index.php\/wp-json\/wp\/v2\/comments?post=6541"}],"version-history":[{"count":0,"href":"https:\/\/tecsecmty.com\/index.php\/wp-json\/wp\/v2\/product\/6541\/revisions"}],"wp:featuredmedia":[{"embeddable":true,"href":"https:\/\/tecsecmty.com\/index.php\/wp-json\/wp\/v2\/media\/6538"}],"wp:attachment":[{"href":"https:\/\/tecsecmty.com\/index.php\/wp-json\/wp\/v2\/media?parent=6541"}],"wp:term":[{"taxonomy":"product_brand","embeddable":true,"href":"https:\/\/tecsecmty.com\/index.php\/wp-json\/wp\/v2\/product_brand?post=6541"},{"taxonomy":"product_cat","embeddable":true,"href":"https:\/\/tecsecmty.com\/index.php\/wp-json\/wp\/v2\/product_cat?post=6541"},{"taxonomy":"product_tag","embeddable":true,"href":"https:\/\/tecsecmty.com\/index.php\/wp-json\/wp\/v2\/product_tag?post=6541"}],"curies":[{"name":"wp","href":"https:\/\/api.w.org\/{rel}","templated":true}]}}