{"id":6551,"date":"2023-02-23T12:07:26","date_gmt":"2023-02-23T18:07:26","guid":{"rendered":"https:\/\/tecsecmty.com\/index.php\/producto\/dahua-dhi-vto2301r-p-frente-de-calle-para-videoportero-ip-diseno-ultra-delgado-camara-de-2-megapixeles-audio-2-vias-con-monitores-vth-videollamada-por-app-iluminacion-ir-automatica-wdr-uso-ex\/"},"modified":"2023-03-22T23:22:36","modified_gmt":"2023-03-23T05:22:36","slug":"dahua-dhi-vto2301r-p-frente-de-calle-para-videoportero-ip-diseno-ultra-delgado-camara-de-2-megapixeles-audio-2-vias-con-monitores-vth-videollamada-por-app-iluminacion-ir-automatica-wdr-uso-ex","status":"publish","type":"product","link":"https:\/\/tecsecmty.com\/index.php\/producto\/dahua-dhi-vto2301r-p-frente-de-calle-para-videoportero-ip-diseno-ultra-delgado-camara-de-2-megapixeles-audio-2-vias-con-monitores-vth-videollamada-por-app-iluminacion-ir-automatica-wdr-uso-ex\/","title":{"rendered":"DAHUA DHI-VTO2301R-P &#8211; Frente de Calle para Videoportero IP\/ Dise\u00f1o Ultra Delgado\/ Camara de 2 Megapixeles\/ Audio 2 V\u00edas con Monitores VTH\/ Videollamada por APP\/ Iluminaci\u00f3n IR Automatica\/ WDR\/ Uso Exterior IP65\/ PoE\/ Ranura para MicroSD\/ #LoNuevo"},"content":{"rendered":"<div class=\"row aling-items-center padding-bottom-2x\">\n<div class=\"col-lg-12\">\n<h5 class=\"card-title text-center\">Informaci\u00f3n General<\/h5>\n<p>El modelo\u00a0<strong>VTO2301D-P-S2<\/strong>\u00a0es un frente de calle IP para apartamento el cual permite tener una perfecta visi\u00f3n hacia el exterior, ya que cuenta con una c\u00e1mara de 2 Megap\u00edxel que nos proporciona un \u00e1ngulo de visi\u00f3n de 110\u00b0 lo cual permite tener una mejor visi\u00f3n de la persona que se comunica desde este dispositivo. Adem\u00e1s cuenta con Ranura Micro SD.<\/p>\n<h6>No cuenta con relevador para apertura de puertas<\/h6>\n<p><img decoding=\"async\" class=\"overview-center-img-web\" src=\"https:\/\/tvc.mx\/media\/497582\/frente-de-calle-de-videoportero-ip-dise%C3%B1o-ultra-delgado-VTO2301R-P-Dahua-imgpp.png.png\" alt=\"\" \/><\/div>\n<\/div>\n<div class=\"row align-items-center padding-bottom-2x\">\n<div class=\"col-md-5 order-md-2\"><img decoding=\"async\" class=\"d-block m-auto img-thumbnail\" src=\"https:\/\/tvc.mx\/media\/452094\/llamada-grupal-dahua.png\" alt=\" \" \/><\/div>\n<div class=\"col-md-7 order-md-1 text-md-left text-center\">\n<h2>Llamada en grupo<\/h2>\n<p class=\"text-muted\">\n<p>Con el\u00a0<strong>VTO2301R-P<\/strong>\u00a0podemos agregar 1 Maestro y monitores \/ extensiones IP (VTH) los cuales pueden realizar llamadas entre si al mismo tiempo, con esto es posible conversar entre los monitores que se encuentran conectados a un mismo frente de calle, ejemplo: el monitor de la sala puede tener comunicaci\u00f3n con el monitor de una rec\u00e1mara o cocina, etc.<\/p>\n<p>&nbsp;<\/p>\n<\/div>\n<\/div>\n<hr class=\"padding-bottom-2x\" \/>\n<div class=\"row align-items-center padding-bottom-2x\">\n<div class=\"col-md-5\"><img decoding=\"async\" class=\"d-block m-auto img-thumbnail\" src=\"https:\/\/tvc.mx\/media\/452097\/Smart-IR-Dahua.png\" alt=\" \" \/><\/div>\n<div class=\"col-md-7 text-md-left text-center\">\n<h2>IR Inteligente<\/h2>\n<p class=\"text-muted\">\n<p>El frente de calle est\u00e1 dise\u00f1ado con iluminaci\u00f3n IR para un mejor rendimiento con poca luz. Smart IR es una tecnolog\u00eda que garantiza la uniformidad del brillo en im\u00e1genes en blanco y negro con poca iluminaci\u00f3n. El IR inteligente exclusivo de Dahua se ajusta a la intensidad de los LED infrarrojos de la c\u00e1mara para compensar la distancia de un objeto y evita que los LED IR sobreexpongan las im\u00e1genes a medida que el objeto se acerca a la c\u00e1mara.<\/p>\n<p>&nbsp;<\/p>\n<\/div>\n<\/div>\n<hr class=\"padding-bottom-2x\" \/>\n<div class=\"row align-items-center padding-bottom-2x\">\n<div class=\"col-md-5 order-md-2\"><img decoding=\"async\" class=\"d-block m-auto img-thumbnail\" src=\"https:\/\/tvc.mx\/media\/452100\/frente-de-calle-de-videoportero-ip-dise%C3%B1o-ultra-delgado-VTO2301R-P-Dahua-caracteristicas.png\" alt=\" \" \/><\/div>\n<div class=\"col-md-7 order-md-1 text-md-left text-center\">\n<h2>Principales Caracter\u00edsticas<\/h2>\n<p class=\"text-muted\">\n<ul>\n<li>Dise\u00f1o ultradelgado.<\/li>\n<li>El material PC y ABS lo hacen ideal para uso en interiores y exteriores.<\/li>\n<li>Ofrece videollamada bidireccional con monitores interiores.<\/li>\n<li>Los mensajes de video y voz de los visitantes se pueden verificar en el monitor interior.<\/li>\n<li>Videollamada a trav\u00e9s de la aplicaci\u00f3n.<\/li>\n<li>Iluminaci\u00f3n IR y WDR autom\u00e1tico.<\/li>\n<\/ul>\n<p>&nbsp;<\/p>\n<\/div>\n<\/div>\n<hr class=\"padding-bottom-2x\" \/>\n<div class=\"row align-items-center padding-bottom-2x\">\n<div class=\"col-md-5\"><img decoding=\"async\" class=\"d-block m-auto img-thumbnail\" src=\"https:\/\/tvc.mx\/media\/452103\/frente-de-calle-de-videoportero-ip-dise%C3%B1o-ultra-delgado-VTO2301R-P-Dahua-especificaciones.png\" alt=\" \" \/><\/div>\n<div class=\"col-md-7 text-md-left text-center\">\n<h2>Especificaciones<\/h2>\n<p class=\"text-muted\">\n<ul>\n<li>C\u00e1mara HD de 2 megap\u00edxeles con CMOS de 1\/2,8&#8243;<\/li>\n<li>WDR real 120dB<\/li>\n<li>Reducci\u00f3n de ruido NR 3D; NR 2D<\/li>\n<li>Compresi\u00f3n de video H.264; H.265<\/li>\n<li>Compensaci\u00f3n de luz IR autom\u00e1tico<\/li>\n<li>D\u00eda\/Noche Autom\u00e1tico (ICR)\/Color\/B\/N; Color\/B\/N<\/li>\n<li>Altavoz incorporado<\/li>\n<li>Audio bidireccional<\/li>\n<li>Almacenamiento: Tarjeta Micro SD (m\u00e1x. 256 GB)<\/li>\n<li>Caja PC + ABS<\/li>\n<li>Fuente de alimentaci\u00f3n: 12\u201333 V CC, 1 A; PoE est\u00e1ndar<\/li>\n<li>Protecci\u00f3n IP65<\/li>\n<\/ul>\n<\/div>\n<\/div>\n","protected":false},"excerpt":{"rendered":"<p>Informaci\u00f3n General El modelo\u00a0VTO2301D-P-S2\u00a0es un frente de calle IP para apartamento el cual permite tener una perfecta visi\u00f3n hacia el exterior, ya que cuenta con una c\u00e1mara de 2 Megap\u00edxel que nos proporciona un \u00e1ngulo de visi\u00f3n de 110\u00b0 lo cual permite tener una mejor&hellip;<\/p>\n","protected":false},"featured_media":6550,"comment_status":"open","ping_status":"closed","template":"","meta":{"om_disable_all_campaigns":false,"_monsterinsights_skip_tracking":false,"_monsterinsights_sitenote_active":false,"_monsterinsights_sitenote_note":"","_monsterinsights_sitenote_category":0},"product_brand":[],"product_cat":[556],"product_tag":[513,514,511,516,519,517,520,515,181,518,512],"class_list":{"0":"post-6551","1":"product","2":"type-product","3":"status-publish","4":"has-post-thumbnail","6":"product_cat-frentes-de-calle-videoporteros-ip","7":"product_tag-altavoces","8":"product_tag-amplificadores","9":"product_tag-audio-y-video","10":"product_tag-audioporteros","11":"product_tag-digital-signage","12":"product_tag-intercomunicadores","13":"product_tag-kits-videoporteros","14":"product_tag-mezcladoras","15":"product_tag-microfonos","16":"product_tag-sistemas-de-enfermeria","17":"product_tag-videoporteros","19":"first","20":"instock","21":"sale","22":"taxable","23":"shipping-taxable","24":"purchasable","25":"product-type-simple"},"aioseo_notices":[],"_links":{"self":[{"href":"https:\/\/tecsecmty.com\/index.php\/wp-json\/wp\/v2\/product\/6551","targetHints":{"allow":["GET"]}}],"collection":[{"href":"https:\/\/tecsecmty.com\/index.php\/wp-json\/wp\/v2\/product"}],"about":[{"href":"https:\/\/tecsecmty.com\/index.php\/wp-json\/wp\/v2\/types\/product"}],"replies":[{"embeddable":true,"href":"https:\/\/tecsecmty.com\/index.php\/wp-json\/wp\/v2\/comments?post=6551"}],"version-history":[{"count":0,"href":"https:\/\/tecsecmty.com\/index.php\/wp-json\/wp\/v2\/product\/6551\/revisions"}],"wp:featuredmedia":[{"embeddable":true,"href":"https:\/\/tecsecmty.com\/index.php\/wp-json\/wp\/v2\/media\/6550"}],"wp:attachment":[{"href":"https:\/\/tecsecmty.com\/index.php\/wp-json\/wp\/v2\/media?parent=6551"}],"wp:term":[{"taxonomy":"product_brand","embeddable":true,"href":"https:\/\/tecsecmty.com\/index.php\/wp-json\/wp\/v2\/product_brand?post=6551"},{"taxonomy":"product_cat","embeddable":true,"href":"https:\/\/tecsecmty.com\/index.php\/wp-json\/wp\/v2\/product_cat?post=6551"},{"taxonomy":"product_tag","embeddable":true,"href":"https:\/\/tecsecmty.com\/index.php\/wp-json\/wp\/v2\/product_tag?post=6551"}],"curies":[{"name":"wp","href":"https:\/\/api.w.org\/{rel}","templated":true}]}}