{"id":6565,"date":"2023-02-23T12:07:41","date_gmt":"2023-02-23T18:07:41","guid":{"rendered":"https:\/\/tecsecmty.com\/index.php\/producto\/dahua-vto6531h-frente-de-calle-departamental-ip-reconocimiento-de-rostros-y-tarjeta-ip65-salida-relevador-toctoc-proyectos-edificiointeligente\/"},"modified":"2023-03-22T23:23:11","modified_gmt":"2023-03-23T05:23:11","slug":"dahua-vto6531h-frente-de-calle-departamental-ip-reconocimiento-de-rostros-y-tarjeta-ip65-salida-relevador-toctoc-proyectos-edificiointeligente","status":"publish","type":"product","link":"https:\/\/tecsecmty.com\/index.php\/producto\/dahua-vto6531h-frente-de-calle-departamental-ip-reconocimiento-de-rostros-y-tarjeta-ip65-salida-relevador-toctoc-proyectos-edificiointeligente\/","title":{"rendered":"DAHUA VTO6531H &#8211; Frente de Calle Departamental IP\/ Reconocimiento de Rostros y Tarjeta\/ IP65\/ Salida relevador #TocToc #Proyectos #EdificioInteligente"},"content":{"rendered":"<div class=\"row aling-items-center padding-bottom-2x\">\n<div class=\"col-lg-12\">\n<h5 class=\"card-title text-center\">Informaci\u00f3n General<\/h5>\n<p>El\u00a0<strong>VTO6531H\u00a0<\/strong>es un frente de calle departamental con reconocimiento facial, cuenta con una pantalla IPS de 4,3 pulgadas, con una resoluci\u00f3n de pantalla 800 \u00d7 480 pixeles, soporta hasta 200 monitores. Para un correcto funcionamiento del frente de calle deber\u00e1 tener en cuenta las distancias de reconocimiento facial, as\u00ed como la altura del equipo: Distancia cara-c\u00e1mara: 2cm \u2013 30cm; altura humana: 1,1 m \u2013 2,4 m (distancia al suelo de la lente: 1,4 m).<\/p>\n<p><img decoding=\"async\" class=\"overview-center-img-web\" src=\"https:\/\/tvc.mx\/media\/462868\/frente-de-calle-departamental-ip-reconocimiento-de-rostros-y-tarjetas-VTO6531H-Dahua.png\" alt=\"\" \/><\/div>\n<\/div>\n<div class=\"row align-items-center padding-bottom-2x\">\n<div class=\"col-md-5\"><img decoding=\"async\" class=\"d-block m-auto img-thumbnail\" src=\"https:\/\/tvc.mx\/media\/462870\/reconocimiento-facial-dahua.png\" alt=\" \" \/><\/div>\n<div class=\"col-md-7 text-md-left text-center\">\n<h2>Reconocimiento Facial<\/h2>\n<p class=\"text-muted\">\n<p>El\u00a0<strong>VTO6531H\u00a0<\/strong>cuenta con reconocimiento facial para la apertura de una puerta previamente conectada a una chapa el\u00e9ctrica o un electro-im\u00e1n, la velocidad de reconocimiento de rostros es de 0.2S, la capacidad de almacenamiento de rostros es de 10,000 como m\u00e1ximo, la distancia recomendada para una captura de rostro es de\u00a00.3m\u20132cm\u00a0de la c\u00e1mara del frente de calle.<\/p>\n<p>&nbsp;<\/p>\n<\/div>\n<\/div>\n<hr class=\"padding-bottom-2x\" \/>\n<div class=\"row align-items-center padding-bottom-2x\">\n<div class=\"col-md-5 order-md-2\"><img decoding=\"async\" class=\"d-block m-auto img-thumbnail\" src=\"https:\/\/tvc.mx\/media\/462872\/metodos-de-acceso-dahua.png\" alt=\" \" \/><\/div>\n<div class=\"col-md-7 order-md-1 text-md-left text-center\">\n<h2>M\u00e9todos de Acceso<\/h2>\n<p class=\"text-muted\">\n<p>El\u00a0<strong>VTO6531H<\/strong>\u00a0cuenta con los m\u00e9todos de acceso como son: reconocimiento facial teniendo como m\u00e1ximo 10,000 rostros de los 20,000 usuarios permitidos, mientras que con tarjeta de proximidad mifare soporta m\u00e1ximo 10,000 usuarios, teniendo en total 20,000 usuarios, mientras que tambi\u00e9n permite el acceso mediante una contrase\u00f1a general esta es \u00fanica para todos los usuarios y puede ser modificada pero siempre ser\u00e1 la misma y finalmente el acceso tambi\u00e9n puede darse desde el software DSS EXPRESS.<\/p>\n<p>&nbsp;<\/p>\n<\/div>\n<\/div>\n<hr class=\"padding-bottom-2x\" \/>\n<div class=\"row align-items-center padding-bottom-2x\">\n<div class=\"col-md-5\"><img decoding=\"async\" class=\"d-block m-auto img-thumbnail\" src=\"https:\/\/tvc.mx\/media\/462874\/DSS-dahua.png\" alt=\" \" \/><\/div>\n<div class=\"col-md-7 text-md-left text-center\">\n<h2>DSS EXPRESS<\/h2>\n<p class=\"text-muted\">\n<p>Con el\u00a0<strong>VTO6531H<\/strong>\u00a0podr\u00e1 configurar la llamada hacia el software DSS Express, esta funci\u00f3n es ideal para cuando se tiene un vigilante, la cual consiste en que cuando toquen el frente de calle suene en el departamento elegido y en el software de monitoreo, podr\u00e1 tomar la llamada si as\u00ed lo desea o desviar las llamadas en caso no contestar f\u00edsicamente los monitores, la apertura de la puerta se podr\u00e1 realizar desde el DSS Express.<\/p>\n<p>&nbsp;<\/p>\n<\/div>\n<\/div>\n<hr class=\"padding-bottom-2x\" \/>\n<div class=\"row align-items-center padding-bottom-2x\">\n<div class=\"col-md-5 order-md-2\"><img decoding=\"async\" class=\"d-block m-auto img-thumbnail\" src=\"https:\/\/tvc.mx\/media\/462876\/frente-de-calle-departamental-ip-reconocimiento-de-rostros-y-tarjetas-VTO6531H-Dahua-cracteristicas.png\" alt=\" \" \/><\/div>\n<div class=\"col-md-7 order-md-1 text-md-left text-center\">\n<h2>Caracter\u00edsticas Principales<\/h2>\n<p class=\"text-muted\">\n<ul>\n<li>La iluminaci\u00f3n de luz autom\u00e1tica reduce la contaminaci\u00f3n lum\u00ednica<\/li>\n<li>M\u00faltiples modos de desbloqueo: desbloqueo de contrase\u00f1a, desbloqueo de tarjeta IC, desbloqueo remoto y desbloqueo facial<\/li>\n<li>Apoyar la detecci\u00f3n de vivacidad<\/li>\n<li>Admite d\u00faplex completo; plataforma de gesti\u00f3n y llamada de voz a trav\u00e9s de APP<\/li>\n<li>Admite servidor SIP y puede administrar 200 monitores interiores como m\u00e1ximo<\/li>\n<li>Admite alarma de coacci\u00f3n, alarma de manipulaci\u00f3n y alarma de tiempo de espera del sensor de puerta<\/li>\n<li>Varios modos de visualizaci\u00f3n del estado de desbloqueo protegen la privacidad del usuario<\/li>\n<\/ul>\n<p>&nbsp;<\/p>\n<\/div>\n<\/div>\n<hr class=\"padding-bottom-2x\" \/>\n<div class=\"row align-items-center padding-bottom-2x\">\n<div class=\"col-md-5\"><img decoding=\"async\" class=\"d-block m-auto img-thumbnail\" src=\"https:\/\/tvc.mx\/media\/462878\/frente-de-calle-departamental-ip-reconocimiento-de-rostros-y-tarjetas-VTO6531H-Dahua-especificaciones.png\" alt=\" \" \/><\/div>\n<div class=\"col-md-7 text-md-left text-center\">\n<h2>Especificaciones<\/h2>\n<p class=\"text-muted\">\n<ul>\n<li>Pantalla IPS de 4,3 pulgadas<\/li>\n<li>1 \/ 2.7 \u00ab2MP CMOS de alta definici\u00f3n, baja iluminaci\u00f3n, iluminador blanco e iluminador IR<\/li>\n<li>WDR real 120dB<\/li>\n<li>Reducci\u00f3n de ruido 3D<\/li>\n<li>Compresi\u00f3n de video H.264<\/li>\n<li>Luz blanca autom\u00e1tica<\/li>\n<li>Luz IR autom\u00e1tica<\/li>\n<li>Detector magn\u00e9tico ICR<\/li>\n<li>Altavoz incorporado<\/li>\n<li>Supresi\u00f3n y cancelaci\u00f3n de eco \/ reducci\u00f3n de ruido digital<\/li>\n<li>Tipo de lectura de tarjeta: Tarjeta IC<\/li>\n<li>Distancia de lectura de la tarjeta\u00a01 cm-5 cm<\/li>\n<li>\u00a0reconocimiento facial: 0,3 m \u2013 2 cm<\/li>\n<li>Tarjeta 10,000<\/li>\n<li>Imagen de la cara 10,000<\/li>\n<li>Wiegand\u00a01 puerto de entrada, 1 puerto de salida<\/li>\n<li>Desbloquear PasswordMode: Contrase\u00f1a de usuario \/ contrase\u00f1a p\u00fablica \/ contrase\u00f1a de coacci\u00f3n<\/li>\n<li>Modo de suministro de energ\u00eda: DC 12V2A<\/li>\n<li>Grado de protecci\u00f3n: IP65<\/li>\n<\/ul>\n<\/div>\n<\/div>\n","protected":false},"excerpt":{"rendered":"<p>Informaci\u00f3n General El\u00a0VTO6531H\u00a0es un frente de calle departamental con reconocimiento facial, cuenta con una pantalla IPS de 4,3 pulgadas, con una resoluci\u00f3n de pantalla 800 \u00d7 480 pixeles, soporta hasta 200 monitores. Para un correcto funcionamiento del frente de calle deber\u00e1 tener en cuenta las&hellip;<\/p>\n","protected":false},"featured_media":6564,"comment_status":"open","ping_status":"closed","template":"","meta":{"om_disable_all_campaigns":false,"_monsterinsights_skip_tracking":false,"_monsterinsights_sitenote_active":false,"_monsterinsights_sitenote_note":"","_monsterinsights_sitenote_category":0},"product_brand":[],"product_cat":[556],"product_tag":[513,514,511,516,519,517,520,515,181,518,512],"class_list":{"0":"post-6565","1":"product","2":"type-product","3":"status-publish","4":"has-post-thumbnail","6":"product_cat-frentes-de-calle-videoporteros-ip","7":"product_tag-altavoces","8":"product_tag-amplificadores","9":"product_tag-audio-y-video","10":"product_tag-audioporteros","11":"product_tag-digital-signage","12":"product_tag-intercomunicadores","13":"product_tag-kits-videoporteros","14":"product_tag-mezcladoras","15":"product_tag-microfonos","16":"product_tag-sistemas-de-enfermeria","17":"product_tag-videoporteros","19":"first","20":"instock","21":"sale","22":"taxable","23":"shipping-taxable","24":"purchasable","25":"product-type-simple"},"aioseo_notices":[],"_links":{"self":[{"href":"https:\/\/tecsecmty.com\/index.php\/wp-json\/wp\/v2\/product\/6565","targetHints":{"allow":["GET"]}}],"collection":[{"href":"https:\/\/tecsecmty.com\/index.php\/wp-json\/wp\/v2\/product"}],"about":[{"href":"https:\/\/tecsecmty.com\/index.php\/wp-json\/wp\/v2\/types\/product"}],"replies":[{"embeddable":true,"href":"https:\/\/tecsecmty.com\/index.php\/wp-json\/wp\/v2\/comments?post=6565"}],"version-history":[{"count":0,"href":"https:\/\/tecsecmty.com\/index.php\/wp-json\/wp\/v2\/product\/6565\/revisions"}],"wp:featuredmedia":[{"embeddable":true,"href":"https:\/\/tecsecmty.com\/index.php\/wp-json\/wp\/v2\/media\/6564"}],"wp:attachment":[{"href":"https:\/\/tecsecmty.com\/index.php\/wp-json\/wp\/v2\/media?parent=6565"}],"wp:term":[{"taxonomy":"product_brand","embeddable":true,"href":"https:\/\/tecsecmty.com\/index.php\/wp-json\/wp\/v2\/product_brand?post=6565"},{"taxonomy":"product_cat","embeddable":true,"href":"https:\/\/tecsecmty.com\/index.php\/wp-json\/wp\/v2\/product_cat?post=6565"},{"taxonomy":"product_tag","embeddable":true,"href":"https:\/\/tecsecmty.com\/index.php\/wp-json\/wp\/v2\/product_tag?post=6565"}],"curies":[{"name":"wp","href":"https:\/\/api.w.org\/{rel}","templated":true}]}}