{"id":6609,"date":"2023-02-23T12:19:00","date_gmt":"2023-02-23T18:19:00","guid":{"rendered":"https:\/\/tecsecmty.com\/index.php\/producto\/intellinet-713955-barra-pdu-12-cont-gabinetes-y-racks-vertical-interruptor-doble-conta-cortos-circuitos\/"},"modified":"2023-03-22T23:23:35","modified_gmt":"2023-03-23T05:23:35","slug":"intellinet-713955-barra-pdu-12-cont-gabinetes-y-racks-vertical-interruptor-doble-conta-cortos-circuitos","status":"publish","type":"product","link":"https:\/\/tecsecmty.com\/index.php\/producto\/intellinet-713955-barra-pdu-12-cont-gabinetes-y-racks-vertical-interruptor-doble-conta-cortos-circuitos\/","title":{"rendered":"INTELLINET 713955- Barra PDU \/ 12 cont. \/ Gabinetes y Racks, \/ Vertical \/ Interruptor doble \/ Conta cortos circuitos"},"content":{"rendered":"<div class=\"row aling-items-center padding-bottom-2x\">\n<div class=\"col-lg-12\">\n<h5 class=\"card-title text-center\">Informaci\u00f3n General<\/h5>\n<p>&nbsp;<\/p>\n<ul>\n<li>Los PDU&#8217;s (Unidades de Distribuci\u00f3n de Energ\u00eda) b\u00e1sico para rack o gabinete de 19&#8243;, adem\u00e1s de brindar brindan una distribuci\u00f3n confiable de energ\u00eda a trav\u00e9s de una sola entrada con m\u00faltiples salidas le brinda a usted la confiabilidad de que sus equipos podr\u00e1n obtener su alimentaci\u00f3n el\u00e9ctrica debido a sus 12 clavijas de conexi\u00f3n por lo que podremos conectar equipos como Switches, Modems,Monitores, computadoras, servidores etc.\u00a0Esta barra debe ir conectada a un equipo de respaldo el\u00e9ctrico o regulador de voltaje ya que no cuenta con sistema de regulaci\u00f3n interno.<\/li>\n<\/ul>\n<ul>\n<li>Salidas: 12<\/li>\n<li>Potencia nominal: 125V CA<\/li>\n<li>Corriente m\u00e1xima: 15 A<\/li>\n<li>Humedad relativa: 10% &#8211; 90%<\/li>\n<li>3 a\u00f1os de garant\u00eda.<\/li>\n<\/ul>\n<p><img decoding=\"async\" class=\"overview-center-img-web\" src=\"https:\/\/tvc.mx\/media\/258419\/Barra-PDU-12-Contactos-Gab-Rack-Vertical-Intellinet-713955-2.png\" alt=\"\" \/><\/div>\n<\/div>\n<div class=\"row aling-items-center padding-bottom-2x\">\n<div class=\"col-lg-12\">\n<h5 class=\"card-title text-center\">Caracter\u00edsticas Principales<\/h5>\n<ul>\n<li>Est\u00e1ndar de conector y salida: IEC60906<\/li>\n<li>Salidas: 12<\/li>\n<li>Especificaci\u00f3n de cable: cable de alimentaci\u00f3n est\u00e1ndar de 1.6 m<\/li>\n<li>Tama\u00f1o: 640 x 44.4 x 63 mm<\/li>\n<li>Potencia nominal: 125 V<\/li>\n<li>Corriente nominal: 15 A<\/li>\n<\/ul>\n<\/div>\n<\/div>\n","protected":false},"excerpt":{"rendered":"<p>Informaci\u00f3n General &nbsp; Los PDU&#8217;s (Unidades de Distribuci\u00f3n de Energ\u00eda) b\u00e1sico para rack o gabinete de 19&#8243;, adem\u00e1s de brindar brindan una distribuci\u00f3n confiable de energ\u00eda a trav\u00e9s de una sola entrada con m\u00faltiples salidas le brinda a usted la confiabilidad de que sus equipos&hellip;<\/p>\n","protected":false},"featured_media":6608,"comment_status":"open","ping_status":"closed","template":"","meta":{"om_disable_all_campaigns":false,"_monsterinsights_skip_tracking":false,"_monsterinsights_sitenote_active":false,"_monsterinsights_sitenote_note":"","_monsterinsights_sitenote_category":0},"product_brand":[],"product_cat":[563],"product_tag":[565,350,568,566,567,564,569,570,571,572],"class_list":{"0":"post-6609","1":"product","2":"type-product","3":"status-publish","4":"has-post-thumbnail","6":"product_cat-barras-multiconectores","7":"product_tag-baterias","8":"product_tag-conectores","9":"product_tag-divisores-de-energia","10":"product_tag-extensores-poe","11":"product_tag-fuentes-con-distribuidor","12":"product_tag-fuentes-de-energia","13":"product_tag-fuentes-de-poder-y-adaptadores","14":"product_tag-inyectores-poe","15":"product_tag-reguladores","16":"product_tag-ups","18":"first","19":"instock","20":"sale","21":"taxable","22":"shipping-taxable","23":"purchasable","24":"product-type-simple"},"aioseo_notices":[],"_links":{"self":[{"href":"https:\/\/tecsecmty.com\/index.php\/wp-json\/wp\/v2\/product\/6609","targetHints":{"allow":["GET"]}}],"collection":[{"href":"https:\/\/tecsecmty.com\/index.php\/wp-json\/wp\/v2\/product"}],"about":[{"href":"https:\/\/tecsecmty.com\/index.php\/wp-json\/wp\/v2\/types\/product"}],"replies":[{"embeddable":true,"href":"https:\/\/tecsecmty.com\/index.php\/wp-json\/wp\/v2\/comments?post=6609"}],"version-history":[{"count":0,"href":"https:\/\/tecsecmty.com\/index.php\/wp-json\/wp\/v2\/product\/6609\/revisions"}],"wp:featuredmedia":[{"embeddable":true,"href":"https:\/\/tecsecmty.com\/index.php\/wp-json\/wp\/v2\/media\/6608"}],"wp:attachment":[{"href":"https:\/\/tecsecmty.com\/index.php\/wp-json\/wp\/v2\/media?parent=6609"}],"wp:term":[{"taxonomy":"product_brand","embeddable":true,"href":"https:\/\/tecsecmty.com\/index.php\/wp-json\/wp\/v2\/product_brand?post=6609"},{"taxonomy":"product_cat","embeddable":true,"href":"https:\/\/tecsecmty.com\/index.php\/wp-json\/wp\/v2\/product_cat?post=6609"},{"taxonomy":"product_tag","embeddable":true,"href":"https:\/\/tecsecmty.com\/index.php\/wp-json\/wp\/v2\/product_tag?post=6609"}],"curies":[{"name":"wp","href":"https:\/\/api.w.org\/{rel}","templated":true}]}}