{"id":6637,"date":"2023-02-23T12:19:34","date_gmt":"2023-02-23T18:19:34","guid":{"rendered":"https:\/\/tecsecmty.com\/index.php\/producto\/saxxon-psu2412a1-convertidor-de-energia-corriente-alterna-a-corriente-directa-voltaje-de-entrada-20v-ca-a-30v-ca-voltaje-de-salida-12v-cd-1-ampere\/"},"modified":"2023-03-22T23:24:05","modified_gmt":"2023-03-23T05:24:05","slug":"saxxon-psu2412a1-convertidor-de-energia-corriente-alterna-a-corriente-directa-voltaje-de-entrada-20v-ca-a-30v-ca-voltaje-de-salida-12v-cd-1-ampere","status":"publish","type":"product","link":"https:\/\/tecsecmty.com\/index.php\/producto\/saxxon-psu2412a1-convertidor-de-energia-corriente-alterna-a-corriente-directa-voltaje-de-entrada-20v-ca-a-30v-ca-voltaje-de-salida-12v-cd-1-ampere\/","title":{"rendered":"SAXXON PSU2412A1 &#8211; Convertidor de energia\/ Corriente Alterna a Corriente Directa\/ Voltaje de entrada 20V CA a 30V CA\/ Voltaje de Salida 12V CD\/ \/ 1 Ampere"},"content":{"rendered":"<div class=\"row aling-items-center padding-bottom-2x\">\n<div class=\"col-lg-12\">\n<h5 class=\"card-title text-center\">Informaci\u00f3n general.<\/h5>\n<p>El convertidor de corriente alterna a continua Saxxon modelo PSU2412A, nos sirve para poder llevar la energ\u00eda a nuestras c\u00e1maras cuando se encuentran a larga distancias gracias a que el equipo trabaja con un eliminador que se vende por separado de 24 V CA y al llegar a la camara se coloca este transformador para convertir la corriente a 12 V DC hasta 1000 mA por lo que es capaz de energizar c\u00e1maras IR, c\u00e1maras PTZ u otros dispositivos que requieren<\/p>\n<p>12V DC donde solo 24V AC est\u00e1 disponible.<\/p>\n<p>El tama\u00f1o peque\u00f1o de este convertidor le permite caber dentro de la mayor\u00eda carcasas de c\u00e1mara t\u00edpicas.<\/p>\n<p><img decoding=\"async\" class=\"overview-center-img-web\" src=\"https:\/\/tvc.mx\/media\/93737\/Convertidor-de-24V-AC-a-12V-DC-Banner.png\" alt=\"\" \/><\/div>\n<\/div>\n<div class=\"row align-items-center padding-bottom-2x\">\n<div class=\"col-md-5\"><img decoding=\"async\" class=\"d-block m-auto img-thumbnail\" src=\"https:\/\/tvc.mx\/media\/93745\/Convertidor-de-24V-AC-a-12V-DC-OVL1.png\" alt=\" \" \/><\/div>\n<div class=\"col-md-7 text-md-left text-center\">\n<h2>Especificaciones.<\/h2>\n<p class=\"text-muted\">\n<ul>\n<li>Rango de voltaje de entrada 20 ~ 30VCA<\/li>\n<li>Voltaje de salida 12VDC<\/li>\n<li>Corriente de salida 1Amp<\/li>\n<li>Temperatura de trabajo -30 a 80 \u2103<\/li>\n<li>Dimensiones 75x30x23mm<\/li>\n<\/ul>\n<\/div>\n<\/div>\n","protected":false},"excerpt":{"rendered":"<p>Informaci\u00f3n general. El convertidor de corriente alterna a continua Saxxon modelo PSU2412A, nos sirve para poder llevar la energ\u00eda a nuestras c\u00e1maras cuando se encuentran a larga distancias gracias a que el equipo trabaja con un eliminador que se vende por separado de 24 V&hellip;<\/p>\n","protected":false},"featured_media":6636,"comment_status":"open","ping_status":"closed","template":"","meta":{"om_disable_all_campaigns":false,"_monsterinsights_skip_tracking":false,"_monsterinsights_sitenote_active":false,"_monsterinsights_sitenote_note":"","_monsterinsights_sitenote_category":0},"product_brand":[],"product_cat":[580],"product_tag":[565,350,568,566,567,564,569,570,571,572],"class_list":{"0":"post-6637","1":"product","2":"type-product","3":"status-publish","4":"has-post-thumbnail","6":"product_cat-baterias-y-accesorios-saxxon-fuentes-de-energia-2","7":"product_tag-baterias","8":"product_tag-conectores","9":"product_tag-divisores-de-energia","10":"product_tag-extensores-poe","11":"product_tag-fuentes-con-distribuidor","12":"product_tag-fuentes-de-energia","13":"product_tag-fuentes-de-poder-y-adaptadores","14":"product_tag-inyectores-poe","15":"product_tag-reguladores","16":"product_tag-ups","18":"first","19":"instock","20":"sale","21":"taxable","22":"shipping-taxable","23":"purchasable","24":"product-type-simple"},"aioseo_notices":[],"_links":{"self":[{"href":"https:\/\/tecsecmty.com\/index.php\/wp-json\/wp\/v2\/product\/6637","targetHints":{"allow":["GET"]}}],"collection":[{"href":"https:\/\/tecsecmty.com\/index.php\/wp-json\/wp\/v2\/product"}],"about":[{"href":"https:\/\/tecsecmty.com\/index.php\/wp-json\/wp\/v2\/types\/product"}],"replies":[{"embeddable":true,"href":"https:\/\/tecsecmty.com\/index.php\/wp-json\/wp\/v2\/comments?post=6637"}],"version-history":[{"count":0,"href":"https:\/\/tecsecmty.com\/index.php\/wp-json\/wp\/v2\/product\/6637\/revisions"}],"wp:featuredmedia":[{"embeddable":true,"href":"https:\/\/tecsecmty.com\/index.php\/wp-json\/wp\/v2\/media\/6636"}],"wp:attachment":[{"href":"https:\/\/tecsecmty.com\/index.php\/wp-json\/wp\/v2\/media?parent=6637"}],"wp:term":[{"taxonomy":"product_brand","embeddable":true,"href":"https:\/\/tecsecmty.com\/index.php\/wp-json\/wp\/v2\/product_brand?post=6637"},{"taxonomy":"product_cat","embeddable":true,"href":"https:\/\/tecsecmty.com\/index.php\/wp-json\/wp\/v2\/product_cat?post=6637"},{"taxonomy":"product_tag","embeddable":true,"href":"https:\/\/tecsecmty.com\/index.php\/wp-json\/wp\/v2\/product_tag?post=6637"}],"curies":[{"name":"wp","href":"https:\/\/api.w.org\/{rel}","templated":true}]}}