{"id":6732,"date":"2023-02-23T12:22:34","date_gmt":"2023-02-23T18:22:34","guid":{"rendered":"https:\/\/tecsecmty.com\/index.php\/producto\/saxxon-psu12015e-fuente-de-poder-regulada-de-12vdc-1-5-ampers-conector-macho-especial-para-camaras-de-cctv-usos-multiples\/"},"modified":"2023-03-22T23:24:03","modified_gmt":"2023-03-23T05:24:03","slug":"saxxon-psu12015e-fuente-de-poder-regulada-de-12vdc-1-5-ampers-conector-macho-especial-para-camaras-de-cctv-usos-multiples","status":"publish","type":"product","link":"https:\/\/tecsecmty.com\/index.php\/producto\/saxxon-psu12015e-fuente-de-poder-regulada-de-12vdc-1-5-ampers-conector-macho-especial-para-camaras-de-cctv-usos-multiples\/","title":{"rendered":"SAXXON PSU12015E &#8211; Fuente de Poder Regulada de 12vdc\/ 1.5 Ampers\/ Conector Macho\/ Especial para Camaras de CCTV\/ Usos Multiples\/"},"content":{"rendered":"<div class=\"row aling-items-center padding-bottom-2x\">\n<div class=\"col-lg-12\">\n<h5 class=\"card-title text-center\">Fuente de poder regulada 12V CD \/ 1.5 Amperes<\/h5>\n<p>Se denomina transformador a un dispositivo el\u00e9ctrico que permite aumentar o disminuir la\u00a0tensi\u00f3n\u00a0en un circuito el\u00e9ctrico de corriente alterna, manteniendo la potencia. La potencia que ingresa al equipo, en el caso de un transformador ideal (esto es, sin p\u00e9rdidas), es igual a la que se obtiene a la salida. Las m\u00e1quinas reales presentan un peque\u00f1o porcentaje de p\u00e9rdidas, dependiendo de su dise\u00f1o y tama\u00f1o, entre otros factores.<\/p>\n<p><img decoding=\"async\" class=\"overview-center-img-web\" src=\"https:\/\/tvc.mx\/media\/37767\/TVN171014-1.jpg\" alt=\"\" \/><\/div>\n<\/div>\n<div class=\"row align-items-center padding-bottom-2x\">\n<div class=\"col-md-5\"><img decoding=\"async\" class=\"d-block m-auto img-thumbnail\" src=\"https:\/\/tvc.mx\/media\/37770\/TVN171014.jpg\" alt=\" \" \/><\/div>\n<div class=\"col-md-7 text-md-left text-center\">\n<h2>Descripci\u00f3n general<\/h2>\n<p class=\"text-muted\">\n<p>El transformador es un dispositivo que convierte la energ\u00eda el\u00e9ctrica alterna de un cierto nivel de tensi\u00f3n, en energ\u00eda alterna de otro nivel de tensi\u00f3n, bas\u00e1ndose en el fen\u00f3meno de la inducci\u00f3n electromagn\u00e9tica. Est\u00e1 constituido por dos o m\u00e1s bobinas de material conductor, devanadas sobre un n\u00facleo cerrado de material\u00a0ferromagn\u00e9tico, pero aisladas entre s\u00ed el\u00e9ctricamente. La \u00fanica conexi\u00f3n entre las bobinas la constituye el flujo magn\u00e9tico com\u00fan que se establece en el n\u00facleo. El n\u00facleo, generalmente, es fabricado bien sea de hierro o de l\u00e1minas apiladas de acero el\u00e9ctrico, aleaci\u00f3n apropiada para optimizar el flujo magn\u00e9tico. Las bobinas o devanados se denominan primario y secundario seg\u00fan correspondan a la entrada o salida del sistema en cuesti\u00f3n, respectivamente. Tambi\u00e9n existen transformadores con m\u00e1s devanados; en este caso, puede existir un devanado \u00abterciario\u00bb, de menor tensi\u00f3n que el secundario.<\/p>\n<p><strong>Caracter\u00edsticas:<\/strong><\/p>\n<ul>\n<li>Voltaje: 12V DC.<\/li>\n<li>Amperaje:\u00a01.5 Amp.<\/li>\n<li>Cable de 1.2 mts<\/li>\n<\/ul>\n<\/div>\n<\/div>\n","protected":false},"excerpt":{"rendered":"<p>Fuente de poder regulada 12V CD \/ 1.5 Amperes Se denomina transformador a un dispositivo el\u00e9ctrico que permite aumentar o disminuir la\u00a0tensi\u00f3n\u00a0en un circuito el\u00e9ctrico de corriente alterna, manteniendo la potencia. La potencia que ingresa al equipo, en el caso de un transformador ideal (esto&hellip;<\/p>\n","protected":false},"featured_media":6731,"comment_status":"open","ping_status":"closed","template":"","meta":{"om_disable_all_campaigns":false,"_monsterinsights_skip_tracking":false,"_monsterinsights_sitenote_active":false,"_monsterinsights_sitenote_note":"","_monsterinsights_sitenote_category":0},"product_brand":[],"product_cat":[595],"product_tag":[565,350,568,566,567,564,569,570,571,572],"class_list":{"0":"post-6732","1":"product","2":"type-product","3":"status-publish","4":"has-post-thumbnail","6":"product_cat-fuentes-de-poder-y-adaptadores-saxxon-fuentes-de-energia-2","7":"product_tag-baterias","8":"product_tag-conectores","9":"product_tag-divisores-de-energia","10":"product_tag-extensores-poe","11":"product_tag-fuentes-con-distribuidor","12":"product_tag-fuentes-de-energia","13":"product_tag-fuentes-de-poder-y-adaptadores","14":"product_tag-inyectores-poe","15":"product_tag-reguladores","16":"product_tag-ups","18":"first","19":"instock","20":"sale","21":"taxable","22":"shipping-taxable","23":"purchasable","24":"product-type-simple"},"aioseo_notices":[],"_links":{"self":[{"href":"https:\/\/tecsecmty.com\/index.php\/wp-json\/wp\/v2\/product\/6732","targetHints":{"allow":["GET"]}}],"collection":[{"href":"https:\/\/tecsecmty.com\/index.php\/wp-json\/wp\/v2\/product"}],"about":[{"href":"https:\/\/tecsecmty.com\/index.php\/wp-json\/wp\/v2\/types\/product"}],"replies":[{"embeddable":true,"href":"https:\/\/tecsecmty.com\/index.php\/wp-json\/wp\/v2\/comments?post=6732"}],"version-history":[{"count":0,"href":"https:\/\/tecsecmty.com\/index.php\/wp-json\/wp\/v2\/product\/6732\/revisions"}],"wp:featuredmedia":[{"embeddable":true,"href":"https:\/\/tecsecmty.com\/index.php\/wp-json\/wp\/v2\/media\/6731"}],"wp:attachment":[{"href":"https:\/\/tecsecmty.com\/index.php\/wp-json\/wp\/v2\/media?parent=6732"}],"wp:term":[{"taxonomy":"product_brand","embeddable":true,"href":"https:\/\/tecsecmty.com\/index.php\/wp-json\/wp\/v2\/product_brand?post=6732"},{"taxonomy":"product_cat","embeddable":true,"href":"https:\/\/tecsecmty.com\/index.php\/wp-json\/wp\/v2\/product_cat?post=6732"},{"taxonomy":"product_tag","embeddable":true,"href":"https:\/\/tecsecmty.com\/index.php\/wp-json\/wp\/v2\/product_tag?post=6732"}],"curies":[{"name":"wp","href":"https:\/\/api.w.org\/{rel}","templated":true}]}}