{"id":6779,"date":"2023-02-23T12:23:29","date_gmt":"2023-02-23T18:23:29","guid":{"rendered":"https:\/\/tecsecmty.com\/index.php\/producto\/ubiquiti-u-poe-af-inyector-poe-gigabit-para-equipos-ubiquiti-48-vdc-0-32a-802-3af-color-blanco\/"},"modified":"2023-03-22T23:24:33","modified_gmt":"2023-03-23T05:24:33","slug":"ubiquiti-u-poe-af-inyector-poe-gigabit-para-equipos-ubiquiti-48-vdc-0-32a-802-3af-color-blanco","status":"publish","type":"product","link":"https:\/\/tecsecmty.com\/index.php\/producto\/ubiquiti-u-poe-af-inyector-poe-gigabit-para-equipos-ubiquiti-48-vdc-0-32a-802-3af-color-blanco\/","title":{"rendered":"UBIQUITI U-POE-af &#8211; Inyector PoE Gigabit para equipos Ubiquiti \/ 48 VDC \/ 0.32A \/ 802.3af \/ Color blanco"},"content":{"rendered":"<div class=\"row align-items-center padding-bottom-2x\">\n<div class=\"col-md-5 order-md-2\"><img decoding=\"async\" class=\"d-block m-auto img-thumbnail\" src=\"https:\/\/tvc.mx\/media\/2679\/POE4824WGWH_a.png\" alt=\" \" \/><\/div>\n<div class=\"col-md-7 order-md-1 text-md-left text-center\">\n<h2>U-POE-af<\/h2>\n<p class=\"text-muted\">\n<p class=\"ql-align-justify\">El inyector PoE 802.3af (U-PoE-AF) est\u00e1 dise\u00f1ado para alimentar dispositivos PoE 802.3af.\u00a0El U PoE AF ofrece hasta 15 W de PoE que se pueden usar para alimentar el\u00a0punto de acceso U6-Lite\u00a0y otros dispositivos 802.3af.\u00a0Tambi\u00e9n puede proporcionar una protecci\u00f3n mejorada contra descargas electrost\u00e1ticas (ESD).<\/p>\n<p>&nbsp;<\/p>\n<\/div>\n<\/div>\n<hr class=\"padding-bottom-2x\" \/>\n<div class=\"row align-items-center padding-bottom-2x\">\n<div class=\"col-md-5\"><img decoding=\"async\" class=\"d-block m-auto img-thumbnail\" src=\"https:\/\/tvc.mx\/media\/2684\/App1.png\" alt=\" \" \/><\/div>\n<div class=\"col-md-7 text-md-left text-center\">\n<h2>Dispositivo de protecci\u00f3n.<\/h2>\n<p class=\"text-muted\">\n<p class=\"ql-align-justify\">Los adaptadores PoE de Ubiquiti son altamente confiables cuando se utilizan en conjunto con TOUGHCable&amp;trade, ya que puede proveer conexi\u00f3n a tierra (GND) y protecci\u00f3n de sobretensi\u00f3n el\u00e9ctrica para proteger contra las descargas electroest\u00e1ticas.<\/p>\n<p>&nbsp;<\/p>\n<\/div>\n<\/div>\n<hr class=\"padding-bottom-2x\" \/>\n<div class=\"row align-items-center padding-bottom-2x\">\n<div class=\"col-md-5 order-md-2\"><img decoding=\"async\" class=\"d-block m-auto img-thumbnail\" src=\"https:\/\/tvc.mx\/media\/406823\/U-POE-AF_006_grande.png\" alt=\" \" \/><\/div>\n<div class=\"col-md-7 order-md-1 text-md-left text-center\">\n<h2>Especificaciones t\u00e9cnicas<\/h2>\n<p class=\"text-muted\">\n<ul>\n<li>Ofrece hasta 15 W de 802.3af PoE<\/li>\n<li>Compatible con todos los dispositivos PoE 802.3af<\/li>\n<li>Protecci\u00f3n contra sobretensiones, pulsos pico y sobrecorriente<\/li>\n<li>Cable de AC con toma de tierra<\/li>\n<li>Luz LED din\u00e1mica que indica el dispositivo y el estado actual<\/li>\n<li>Compatible con cableado y conectores TOUGHCable\u2122 para una protecci\u00f3n ESD \u00f3ptima<\/li>\n<\/ul>\n<p>&nbsp;<\/p>\n<\/div>\n<\/div>\n<hr class=\"padding-bottom-2x\" \/>\n<div class=\"row align-items-center padding-bottom-2x\">\n<div class=\"col-md-5\"><img decoding=\"async\" class=\"d-block m-auto img-thumbnail\" src=\"https:\/\/tvc.mx\/media\/404583\/Captura-de-pantalla-2022-04-08-113842.png\" alt=\" \" \/><\/div>\n<div class=\"col-md-7 text-md-left text-center\">\n<h2>Incluye<\/h2>\n<p class=\"text-muted\">\n<ul>\n<li>Inyector PoE<\/li>\n<li>Cable de alimentaci\u00f3n<\/li>\n<\/ul>\n<\/div>\n<\/div>\n","protected":false},"excerpt":{"rendered":"<p>U-POE-af El inyector PoE 802.3af (U-PoE-AF) est\u00e1 dise\u00f1ado para alimentar dispositivos PoE 802.3af.\u00a0El U PoE AF ofrece hasta 15 W de PoE que se pueden usar para alimentar el\u00a0punto de acceso U6-Lite\u00a0y otros dispositivos 802.3af.\u00a0Tambi\u00e9n puede proporcionar una protecci\u00f3n mejorada contra descargas electrost\u00e1ticas (ESD). &nbsp;&hellip;<\/p>\n","protected":false},"featured_media":6778,"comment_status":"open","ping_status":"closed","template":"","meta":{"om_disable_all_campaigns":false,"_monsterinsights_skip_tracking":false,"_monsterinsights_sitenote_active":false,"_monsterinsights_sitenote_note":"","_monsterinsights_sitenote_category":0},"product_brand":[],"product_cat":[603],"product_tag":[565,350,568,566,567,564,569,570,571,572],"class_list":{"0":"post-6779","1":"product","2":"type-product","3":"status-publish","4":"has-post-thumbnail","6":"product_cat-inyectores-poe-ubiquiti-fuentes-de-energia-2","7":"product_tag-baterias","8":"product_tag-conectores","9":"product_tag-divisores-de-energia","10":"product_tag-extensores-poe","11":"product_tag-fuentes-con-distribuidor","12":"product_tag-fuentes-de-energia","13":"product_tag-fuentes-de-poder-y-adaptadores","14":"product_tag-inyectores-poe","15":"product_tag-reguladores","16":"product_tag-ups","18":"first","19":"instock","20":"sale","21":"taxable","22":"shipping-taxable","23":"purchasable","24":"product-type-simple"},"aioseo_notices":[],"_links":{"self":[{"href":"https:\/\/tecsecmty.com\/index.php\/wp-json\/wp\/v2\/product\/6779","targetHints":{"allow":["GET"]}}],"collection":[{"href":"https:\/\/tecsecmty.com\/index.php\/wp-json\/wp\/v2\/product"}],"about":[{"href":"https:\/\/tecsecmty.com\/index.php\/wp-json\/wp\/v2\/types\/product"}],"replies":[{"embeddable":true,"href":"https:\/\/tecsecmty.com\/index.php\/wp-json\/wp\/v2\/comments?post=6779"}],"version-history":[{"count":0,"href":"https:\/\/tecsecmty.com\/index.php\/wp-json\/wp\/v2\/product\/6779\/revisions"}],"wp:featuredmedia":[{"embeddable":true,"href":"https:\/\/tecsecmty.com\/index.php\/wp-json\/wp\/v2\/media\/6778"}],"wp:attachment":[{"href":"https:\/\/tecsecmty.com\/index.php\/wp-json\/wp\/v2\/media?parent=6779"}],"wp:term":[{"taxonomy":"product_brand","embeddable":true,"href":"https:\/\/tecsecmty.com\/index.php\/wp-json\/wp\/v2\/product_brand?post=6779"},{"taxonomy":"product_cat","embeddable":true,"href":"https:\/\/tecsecmty.com\/index.php\/wp-json\/wp\/v2\/product_cat?post=6779"},{"taxonomy":"product_tag","embeddable":true,"href":"https:\/\/tecsecmty.com\/index.php\/wp-json\/wp\/v2\/product_tag?post=6779"}],"curies":[{"name":"wp","href":"https:\/\/api.w.org\/{rel}","templated":true}]}}