{"id":6785,"date":"2023-02-23T12:23:36","date_gmt":"2023-02-23T18:23:36","guid":{"rendered":"https:\/\/tecsecmty.com\/index.php\/producto\/utepo-utp701gepseaf-inyector-poe-1-puerto-gigabit-estandar-802-3af-15w-totales\/"},"modified":"2023-03-22T23:24:38","modified_gmt":"2023-03-23T05:24:38","slug":"utepo-utp701gepseaf-inyector-poe-1-puerto-gigabit-estandar-802-3af-15w-totales","status":"publish","type":"product","link":"https:\/\/tecsecmty.com\/index.php\/producto\/utepo-utp701gepseaf-inyector-poe-1-puerto-gigabit-estandar-802-3af-15w-totales\/","title":{"rendered":"UTEPO UTP701GEPSEAF &#8211; Inyector PoE \/ 1 Puerto Gigabit \/ Estandar 802.3af \/ 15W Totales"},"content":{"rendered":"<div class=\"row align-items-center padding-bottom-2x\">\n<div class=\"col-md-7 order-md-1 text-md-left text-center\">\n<h2>F\u00e1cil instalaci\u00f3n<\/h2>\n<p class=\"text-muted\">\n<p class=\"ql-align-justify\">Los inyectores PoE pueden ser instalados f\u00e1cilmente ya que gracias a la ranura con la que cuentan pueden acoplarse uno a otro para simplificar el cableado en una sola salida o tubo y gracias a sus dimensiones puede ser instalado en cualquier lugar que deseen.<\/p>\n<p>&nbsp;<\/p>\n<\/div>\n<\/div>\n<hr class=\"padding-bottom-2x\" \/>\n<div class=\"row align-items-center padding-bottom-2x\">\n<div class=\"col-md-5\"><img decoding=\"async\" class=\"d-block m-auto img-thumbnail\" src=\"https:\/\/tvc.mx\/media\/57558\/PoeNetwork_1.png\" alt=\" \" \/><\/div>\n<div class=\"col-md-7 text-md-left text-center\">\n<h2>Cableado f\u00e1cil para la red PoE<\/h2>\n<p class=\"text-muted\">\n<p class=\"ql-align-justify\">Transfiere datos y energ\u00eda de forma simult\u00e1nea, hasta 15.4W de suministro PoE, adem\u00e1s de ser un equipo\u00a0<strong>plug &amp; play,\u00a0<\/strong>no es necesario cambiar los dispositivos existentes y cuenta con hasta el 90% de eficiencia en conversi\u00f3n de baja radiaci\u00f3n de calor.<\/p>\n<p>&nbsp;<\/p>\n<\/div>\n<\/div>\n<hr class=\"padding-bottom-2x\" \/>\n<div class=\"row align-items-center padding-bottom-2x\">\n<div class=\"col-md-5 order-md-2\"><img decoding=\"async\" class=\"d-block m-auto img-thumbnail\" src=\"https:\/\/tvc.mx\/media\/57561\/IndustrialChip_1.png\" alt=\" \" \/><\/div>\n<div class=\"col-md-7 order-md-1 text-md-left text-center\">\n<h2>Chip de nivel industrial<\/h2>\n<p class=\"text-muted\">\n<p class=\"ql-align-justify\">El inyector PoE cuenta con un chip de nivel industrial el cual permite tener caracter\u00edsticas altas de capacidad y una alta calidad de transmisi\u00f3n.<\/p>\n<p>&nbsp;<\/p>\n<\/div>\n<\/div>\n<hr class=\"padding-bottom-2x\" \/>\n<div class=\"row align-items-center padding-bottom-2x\">\n<div class=\"col-md-5\"><img decoding=\"async\" class=\"d-block m-auto img-thumbnail\" src=\"https:\/\/tvc.mx\/media\/57564\/Utepo_2.png\" alt=\" \" \/><\/div>\n<div class=\"col-md-7 text-md-left text-center\">\n<h2>Principales caracter\u00edsticas<\/h2>\n<p class=\"text-muted\">\n<p>Est\u00e1ndar PoE: 802.3af.<\/p>\n<p>M\u00e1xima salida de corriente por 1 puerto:\u00a0\u226415.4W.<\/p>\n<p class=\"ql-align-justify\">Corriente de entrada: 100 ~ 240VAC 50\/60Hz.<\/p>\n<p>Temperatura de operaci\u00f3n: 0\u00b0C\u00a0~ 55\u00b0C.<\/p>\n<p class=\"ql-align-justify\">Dimensiones: 145.5mm * 64.5mm * 40.5mm.<\/p>\n<\/div>\n<\/div>\n","protected":false},"excerpt":{"rendered":"<p>F\u00e1cil instalaci\u00f3n Los inyectores PoE pueden ser instalados f\u00e1cilmente ya que gracias a la ranura con la que cuentan pueden acoplarse uno a otro para simplificar el cableado en una sola salida o tubo y gracias a sus dimensiones puede ser instalado en cualquier lugar&hellip;<\/p>\n","protected":false},"featured_media":6784,"comment_status":"open","ping_status":"closed","template":"","meta":{"om_disable_all_campaigns":false,"_monsterinsights_skip_tracking":false,"_monsterinsights_sitenote_active":false,"_monsterinsights_sitenote_note":"","_monsterinsights_sitenote_category":0},"product_brand":[],"product_cat":[601],"product_tag":[565,350,568,566,567,564,569,570,571,572],"class_list":{"0":"post-6785","1":"product","2":"type-product","3":"status-publish","4":"has-post-thumbnail","6":"product_cat-inyectores-poe-utepo-fuentes-de-energia-2","7":"product_tag-baterias","8":"product_tag-conectores","9":"product_tag-divisores-de-energia","10":"product_tag-extensores-poe","11":"product_tag-fuentes-con-distribuidor","12":"product_tag-fuentes-de-energia","13":"product_tag-fuentes-de-poder-y-adaptadores","14":"product_tag-inyectores-poe","15":"product_tag-reguladores","16":"product_tag-ups","18":"first","19":"instock","20":"sale","21":"taxable","22":"shipping-taxable","23":"purchasable","24":"product-type-simple"},"aioseo_notices":[],"_links":{"self":[{"href":"https:\/\/tecsecmty.com\/index.php\/wp-json\/wp\/v2\/product\/6785","targetHints":{"allow":["GET"]}}],"collection":[{"href":"https:\/\/tecsecmty.com\/index.php\/wp-json\/wp\/v2\/product"}],"about":[{"href":"https:\/\/tecsecmty.com\/index.php\/wp-json\/wp\/v2\/types\/product"}],"replies":[{"embeddable":true,"href":"https:\/\/tecsecmty.com\/index.php\/wp-json\/wp\/v2\/comments?post=6785"}],"version-history":[{"count":0,"href":"https:\/\/tecsecmty.com\/index.php\/wp-json\/wp\/v2\/product\/6785\/revisions"}],"wp:featuredmedia":[{"embeddable":true,"href":"https:\/\/tecsecmty.com\/index.php\/wp-json\/wp\/v2\/media\/6784"}],"wp:attachment":[{"href":"https:\/\/tecsecmty.com\/index.php\/wp-json\/wp\/v2\/media?parent=6785"}],"wp:term":[{"taxonomy":"product_brand","embeddable":true,"href":"https:\/\/tecsecmty.com\/index.php\/wp-json\/wp\/v2\/product_brand?post=6785"},{"taxonomy":"product_cat","embeddable":true,"href":"https:\/\/tecsecmty.com\/index.php\/wp-json\/wp\/v2\/product_cat?post=6785"},{"taxonomy":"product_tag","embeddable":true,"href":"https:\/\/tecsecmty.com\/index.php\/wp-json\/wp\/v2\/product_tag?post=6785"}],"curies":[{"name":"wp","href":"https:\/\/api.w.org\/{rel}","templated":true}]}}