{"id":6791,"date":"2023-02-23T12:23:43","date_gmt":"2023-02-23T18:23:43","guid":{"rendered":"https:\/\/tecsecmty.com\/index.php\/producto\/ubiquiti-poe-24-7w-g-wh-inyector-poe-gigabit-24v-dc-0-3a-proteccion-contra-descargas-capacidad-para-reset-remoto\/"},"modified":"2023-03-22T23:24:32","modified_gmt":"2023-03-23T05:24:32","slug":"ubiquiti-poe-24-7w-g-wh-inyector-poe-gigabit-24v-dc-0-3a-proteccion-contra-descargas-capacidad-para-reset-remoto","status":"publish","type":"product","link":"https:\/\/tecsecmty.com\/index.php\/producto\/ubiquiti-poe-24-7w-g-wh-inyector-poe-gigabit-24v-dc-0-3a-proteccion-contra-descargas-capacidad-para-reset-remoto\/","title":{"rendered":"Ubiquiti POE-24-7W-G-WH &#8211; Inyector PoE Gigabit\/ 24V DC\/ 0.3A\/ Protecci\u00f3n contra descargas\/ Capacidad para Reset Remoto"},"content":{"rendered":"<div class=\"col-md-5 order-md-2\"><img decoding=\"async\" class=\"d-block m-auto img-thumbnail\" src=\"https:\/\/tvc.mx\/media\/360967\/PoE-24-7-G-WH_Top_Angle_grande.png\" alt=\" \" \/><\/div>\n<div class=\"col-md-7 order-md-1 text-md-left text-center\">\n<h2>POE-24-7W-G-WH<\/h2>\n<p class=\"text-muted\">\n<p>Los adaptadores PoE de Ubiquiti brindan una variedad de funciones para ayudar a proteger sus dispositivos PoE:<\/p>\n<ul>\n<li>Protecci\u00f3n contra sobretensiones<\/li>\n<li>Protecci\u00f3n de sujeci\u00f3n<\/li>\n<li>Descarga de sobretensi\u00f3n m\u00e1xima<\/li>\n<li>Corriente de pulso pico<\/li>\n<li>Cable de CA con toma de tierra<\/li>\n<li>La descarga electrost\u00e1tica (ESD) es la principal causa de fallas en los dispositivos exteriores.\u00a0Puede protegerse eficazmente contra da\u00f1os por ESD utilizando un adaptador Ubiquiti PoE conectado a tierra, TOUGHCableTM y conectores TOUGHCable.<\/li>\n<\/ul>\n<\/div>\n","protected":false},"excerpt":{"rendered":"<p>POE-24-7W-G-WH Los adaptadores PoE de Ubiquiti brindan una variedad de funciones para ayudar a proteger sus dispositivos PoE: Protecci\u00f3n contra sobretensiones Protecci\u00f3n de sujeci\u00f3n Descarga de sobretensi\u00f3n m\u00e1xima Corriente de pulso pico Cable de CA con toma de tierra La descarga electrost\u00e1tica (ESD) es la&hellip;<\/p>\n","protected":false},"featured_media":6790,"comment_status":"open","ping_status":"closed","template":"","meta":{"om_disable_all_campaigns":false,"_monsterinsights_skip_tracking":false,"_monsterinsights_sitenote_active":false,"_monsterinsights_sitenote_note":"","_monsterinsights_sitenote_category":0},"product_brand":[],"product_cat":[603],"product_tag":[565,350,568,566,567,564,569,570,571,572],"class_list":{"0":"post-6791","1":"product","2":"type-product","3":"status-publish","4":"has-post-thumbnail","6":"product_cat-inyectores-poe-ubiquiti-fuentes-de-energia-2","7":"product_tag-baterias","8":"product_tag-conectores","9":"product_tag-divisores-de-energia","10":"product_tag-extensores-poe","11":"product_tag-fuentes-con-distribuidor","12":"product_tag-fuentes-de-energia","13":"product_tag-fuentes-de-poder-y-adaptadores","14":"product_tag-inyectores-poe","15":"product_tag-reguladores","16":"product_tag-ups","18":"first","19":"instock","20":"sale","21":"taxable","22":"shipping-taxable","23":"purchasable","24":"product-type-simple"},"aioseo_notices":[],"_links":{"self":[{"href":"https:\/\/tecsecmty.com\/index.php\/wp-json\/wp\/v2\/product\/6791","targetHints":{"allow":["GET"]}}],"collection":[{"href":"https:\/\/tecsecmty.com\/index.php\/wp-json\/wp\/v2\/product"}],"about":[{"href":"https:\/\/tecsecmty.com\/index.php\/wp-json\/wp\/v2\/types\/product"}],"replies":[{"embeddable":true,"href":"https:\/\/tecsecmty.com\/index.php\/wp-json\/wp\/v2\/comments?post=6791"}],"version-history":[{"count":0,"href":"https:\/\/tecsecmty.com\/index.php\/wp-json\/wp\/v2\/product\/6791\/revisions"}],"wp:featuredmedia":[{"embeddable":true,"href":"https:\/\/tecsecmty.com\/index.php\/wp-json\/wp\/v2\/media\/6790"}],"wp:attachment":[{"href":"https:\/\/tecsecmty.com\/index.php\/wp-json\/wp\/v2\/media?parent=6791"}],"wp:term":[{"taxonomy":"product_brand","embeddable":true,"href":"https:\/\/tecsecmty.com\/index.php\/wp-json\/wp\/v2\/product_brand?post=6791"},{"taxonomy":"product_cat","embeddable":true,"href":"https:\/\/tecsecmty.com\/index.php\/wp-json\/wp\/v2\/product_cat?post=6791"},{"taxonomy":"product_tag","embeddable":true,"href":"https:\/\/tecsecmty.com\/index.php\/wp-json\/wp\/v2\/product_tag?post=6791"}],"curies":[{"name":"wp","href":"https:\/\/api.w.org\/{rel}","templated":true}]}}