{"id":6805,"date":"2023-02-23T12:23:56","date_gmt":"2023-02-23T18:23:56","guid":{"rendered":"https:\/\/tecsecmty.com\/index.php\/producto\/cdp-r2c-avr-1008-regulador-1kva-400w-4-contactos-con-proteccion-de-sobretension-4-contactos-con-proteccion-avr-proteccion-linea-datos\/"},"modified":"2023-03-22T23:22:11","modified_gmt":"2023-03-23T05:22:11","slug":"cdp-r2c-avr-1008-regulador-1kva-400w-4-contactos-con-proteccion-de-sobretension-4-contactos-con-proteccion-avr-proteccion-linea-datos","status":"publish","type":"product","link":"https:\/\/tecsecmty.com\/index.php\/producto\/cdp-r2c-avr-1008-regulador-1kva-400w-4-contactos-con-proteccion-de-sobretension-4-contactos-con-proteccion-avr-proteccion-linea-datos\/","title":{"rendered":"CDP R2C-AVR 1008 &#8211; Regulador 1KVA 400W \/ 4 Contactos con proteccion de sobretension \/ 4 Contactos con proteccion AVR \/ Proteccion Linea datos"},"content":{"rendered":"<div class=\"row aling-items-center padding-bottom-2x\">\n<div class=\"col-lg-12\">\n<h5 class=\"card-title text-center\">Importante Leer:<\/h5>\n<p>&nbsp;<\/p>\n<h2>Tenemos los equipos especialmente dise\u00f1ados para sus requerimientos, si requiere un sistema especial para la protecci\u00f3n de sus equipos, por favor h\u00e1ganoslo saber.<\/h2>\n<p><img decoding=\"async\" class=\"overview-center-img-web\" src=\"https:\/\/tvc.mx\/media\/487266\/NOTA-COMPRA-REGULADORES.png\" alt=\"\" \/><\/p>\n<\/div>\n<\/div>\n<div class=\"row aling-items-center padding-bottom-2x\">\n<div class=\"col-lg-12\">\n<h5 class=\"card-title text-center\">Informaci\u00f3n General<\/h5>\n<p>El\u00a0nuevo y avanzado regulador de\u00a0voltaje\u00a0autom\u00e1tico R2C, ofrece 8 tomas de\u00a0salidas\u00a0eliminando la necesidad\u00a0de conectar fuentes de\u00a0alimentaci\u00f3n USB.<\/p>\n<p>El\u00a0regulador de voltaje corrige bajas y altas\u00a0tensiones; y proporciona un regulado de 120 VCA.<\/p>\n<p>La\u00a0pantalla\u00a0LED oculta, indica energ\u00eda y voltajes de entrada anormales.<\/p>\n<p><img decoding=\"async\" class=\"overview-center-img-\" src=\"https:\/\/tvc.mx\/media\/3667\/pr11.jpg\" alt=\"\" \/><\/p>\n<\/div>\n<\/div>\n<div class=\"row aling-items-center padding-bottom-2x\">\n<div class=\"col-lg-12\">\n<h5 class=\"card-title text-center\">Alta Tecnolog\u00eda<\/h5>\n<p>CDP R2C-AVR 1008<\/p>\n<p><img decoding=\"async\" class=\"overview-center-img-\" src=\"https:\/\/tvc.mx\/media\/3668\/pr22.jpg\" alt=\"\" \/><\/p>\n<\/div>\n<\/div>\n<div class=\"row aling-items-center padding-bottom-2x\">\n<div class=\"col-lg-12\">\n<h5 class=\"card-title text-center\">Ficha T\u00e9cnica<\/h5>\n<p><em>*Especificaciones sujetas a cambio sin previo aviso<\/em><\/p>\n<p><img decoding=\"async\" class=\"overview-center-img-\" src=\"https:\/\/tvc.mx\/media\/3669\/pr33.jpg\" alt=\"\" \/><\/p>\n<\/div>\n<\/div>\n<div class=\"row aling-items-center padding-bottom-2x\">\n<div class=\"col-lg-12\">\n<h5 class=\"card-title text-center\">Caracter\u00edsticas Principales<\/h5>\n<ul>\n<li>Capacidad 1000VA \/ 400W.<\/li>\n<li>8 Tomas de salida.<\/li>\n<li>4\u00a0Tomas con\u00a0AVR + supresi\u00f3n de picos.<\/li>\n<li>4 Tomas con supresi\u00f3n.<\/li>\n<li>Protector Coaxial.<\/li>\n<li>Corriente Max de Salida: 400W (6A Max)<\/li>\n<\/ul>\n<\/div>\n<\/div>\n<div class=\"row aling-items-center padding-bottom-2x\">\n<div class=\"col-lg-12\">\n<h5 class=\"card-title text-center\">Tabla comparativa equipos CDP<\/h5>\n<p>Para mayor facilidad a la hora de seleccionar un producto recomendamos verificar sus necesidades de respaldo en la tabla comparativa de nuestros productos.<\/p>\n<p><img decoding=\"async\" class=\"overview-center-img-web\" src=\"https:\/\/tvc.mx\/media\/405627\/COMPARATIVA-CDP-FINAL.png\" alt=\"\" \/><\/p>\n<\/div>\n<\/div>\n","protected":false},"excerpt":{"rendered":"<p>Importante Leer: &nbsp; Tenemos los equipos especialmente dise\u00f1ados para sus requerimientos, si requiere un sistema especial para la protecci\u00f3n de sus equipos, por favor h\u00e1ganoslo saber. Informaci\u00f3n General El\u00a0nuevo y avanzado regulador de\u00a0voltaje\u00a0autom\u00e1tico R2C, ofrece 8 tomas de\u00a0salidas\u00a0eliminando la necesidad\u00a0de conectar fuentes de\u00a0alimentaci\u00f3n USB. El\u00a0regulador&hellip;<\/p>\n","protected":false},"featured_media":6804,"comment_status":"open","ping_status":"closed","template":"","meta":{"om_disable_all_campaigns":false,"_monsterinsights_skip_tracking":false,"_monsterinsights_sitenote_active":false,"_monsterinsights_sitenote_note":"","_monsterinsights_sitenote_category":0},"product_brand":[],"product_cat":[605],"product_tag":[565,350,568,566,567,564,569,570,571,572],"class_list":{"0":"post-6805","1":"product","2":"type-product","3":"status-publish","4":"has-post-thumbnail","6":"product_cat-reguladores-y-ups","7":"product_tag-baterias","8":"product_tag-conectores","9":"product_tag-divisores-de-energia","10":"product_tag-extensores-poe","11":"product_tag-fuentes-con-distribuidor","12":"product_tag-fuentes-de-energia","13":"product_tag-fuentes-de-poder-y-adaptadores","14":"product_tag-inyectores-poe","15":"product_tag-reguladores","16":"product_tag-ups","18":"first","19":"instock","20":"sale","21":"taxable","22":"shipping-taxable","23":"purchasable","24":"product-type-simple"},"aioseo_notices":[],"_links":{"self":[{"href":"https:\/\/tecsecmty.com\/index.php\/wp-json\/wp\/v2\/product\/6805","targetHints":{"allow":["GET"]}}],"collection":[{"href":"https:\/\/tecsecmty.com\/index.php\/wp-json\/wp\/v2\/product"}],"about":[{"href":"https:\/\/tecsecmty.com\/index.php\/wp-json\/wp\/v2\/types\/product"}],"replies":[{"embeddable":true,"href":"https:\/\/tecsecmty.com\/index.php\/wp-json\/wp\/v2\/comments?post=6805"}],"version-history":[{"count":0,"href":"https:\/\/tecsecmty.com\/index.php\/wp-json\/wp\/v2\/product\/6805\/revisions"}],"wp:featuredmedia":[{"embeddable":true,"href":"https:\/\/tecsecmty.com\/index.php\/wp-json\/wp\/v2\/media\/6804"}],"wp:attachment":[{"href":"https:\/\/tecsecmty.com\/index.php\/wp-json\/wp\/v2\/media?parent=6805"}],"wp:term":[{"taxonomy":"product_brand","embeddable":true,"href":"https:\/\/tecsecmty.com\/index.php\/wp-json\/wp\/v2\/product_brand?post=6805"},{"taxonomy":"product_cat","embeddable":true,"href":"https:\/\/tecsecmty.com\/index.php\/wp-json\/wp\/v2\/product_cat?post=6805"},{"taxonomy":"product_tag","embeddable":true,"href":"https:\/\/tecsecmty.com\/index.php\/wp-json\/wp\/v2\/product_tag?post=6805"}],"curies":[{"name":"wp","href":"https:\/\/api.w.org\/{rel}","templated":true}]}}