{"id":6817,"date":"2023-02-23T12:24:12","date_gmt":"2023-02-23T18:24:12","guid":{"rendered":"https:\/\/tecsecmty.com\/index.php\/producto\/cdp-ru-avr-604-regulador-de-voltaje-supresion-de-picos-600va-300w-4-puertos-usb-para-carga-de-2-1a-max-4-salidas-reguladas-indicadores-led-diseno-compacto\/"},"modified":"2023-03-22T23:22:11","modified_gmt":"2023-03-23T05:22:11","slug":"cdp-ru-avr-604-regulador-de-voltaje-supresion-de-picos-600va-300w-4-puertos-usb-para-carga-de-2-1a-max-4-salidas-reguladas-indicadores-led-diseno-compacto","status":"publish","type":"product","link":"https:\/\/tecsecmty.com\/index.php\/producto\/cdp-ru-avr-604-regulador-de-voltaje-supresion-de-picos-600va-300w-4-puertos-usb-para-carga-de-2-1a-max-4-salidas-reguladas-indicadores-led-diseno-compacto\/","title":{"rendered":"CDP RU-AVR 604- Regulador de Voltaje\/ Supresi\u00f3n de Picos\/ 600VA\/300W\/ 4 Puertos USB para Carga de 2.1A Max\/ 4 Salidas Reguladas\/ Indicadores Led\/ Dise\u00f1o Compacto"},"content":{"rendered":"<div class=\"row aling-items-center padding-bottom-2x\">\n<div class=\"col-lg-12\">\n<h5 class=\"card-title text-center\">Importante Leer:<\/h5>\n<h2>Tenemos los equipos especialmente dise\u00f1ados para sus requerimientos, si requiere un sistema especial para la protecci\u00f3n de sus equipos, por favor h\u00e1ganoslo saber.<\/h2>\n<p><img decoding=\"async\" class=\"overview-center-img-web\" src=\"https:\/\/tvc.mx\/media\/487268\/NOTA-COMPRA-REGULADORES.png\" alt=\"\" \/><\/div>\n<\/div>\n<div class=\"row aling-items-center padding-bottom-2x\">\n<div class=\"col-lg-12\">\n<h5 class=\"card-title text-center\">Informaci\u00f3n General<\/h5>\n<p>El modelo\u00a0<strong>RU-AVR640<\/strong>\u00a0de CDP, es un regulador de voltaje que cuenta con supresi\u00f3n de picos integrada, y ayuda a proteger equipos electr\u00f3nicos como PC, tabletas, perif\u00e9ricos etc.<\/p>\n<p>Cargador inteligente USB de 4 puertos y 4 tomas de corriente que protegen equipos a 110 va.<\/p>\n<p>Regulaci\u00f3n autom\u00e1tica, baja y alta tensi\u00f3n. Capaz de reiniciar el braker de protecci\u00f3n de sobrecarga. Cuenta con una interfaz amigable para el usuario<\/p>\n<p><img decoding=\"async\" class=\"overview-center-img-web\" src=\"https:\/\/tvc.mx\/media\/208094\/CDP-RUAVR604-Mini-Regular-De-Voltaje-4-Puertos-USB-Puertos-De-Corriente-2.png\" alt=\"\" \/><\/div>\n<\/div>\n<div class=\"row aling-items-center padding-bottom-2x\">\n<div class=\"col-lg-12\">\n<h5 class=\"card-title text-center\">Caracter\u00edsticas<\/h5>\n<p>Son algunas de las caracter\u00edsticas que encontraras en el equipo.<\/p>\n<p><img decoding=\"async\" class=\"overview-center-img-web\" src=\"https:\/\/tvc.mx\/media\/208088\/CDP-RUAVR604-Mini-Regular-De-Voltaje-4-Puertos-USB-Puertos-De-Corriente-3.png\" alt=\"\" \/><\/div>\n<\/div>\n<div class=\"row aling-items-center padding-bottom-2x\">\n<div class=\"col-lg-12\">\n<h5 class=\"card-title text-center\">Tabla comparativa equipos CDP<\/h5>\n<p>Para mayor facilidad a la hora de seleccionar un producto recomendamos verificar sus necesidades de respaldo en la tabla comparativa de nuestros productos.<\/p>\n<p><img decoding=\"async\" class=\"overview-center-img-web\" src=\"https:\/\/tvc.mx\/media\/406579\/COMPARATIVA-CDP-FINAL.png\" alt=\"\" \/><\/div>\n<\/div>\n","protected":false},"excerpt":{"rendered":"<p>Importante Leer: Tenemos los equipos especialmente dise\u00f1ados para sus requerimientos, si requiere un sistema especial para la protecci\u00f3n de sus equipos, por favor h\u00e1ganoslo saber. Informaci\u00f3n General El modelo\u00a0RU-AVR640\u00a0de CDP, es un regulador de voltaje que cuenta con supresi\u00f3n de picos integrada, y ayuda a&hellip;<\/p>\n","protected":false},"featured_media":6816,"comment_status":"open","ping_status":"closed","template":"","meta":{"om_disable_all_campaigns":false,"_monsterinsights_skip_tracking":false,"_monsterinsights_sitenote_active":false,"_monsterinsights_sitenote_note":"","_monsterinsights_sitenote_category":0},"product_brand":[],"product_cat":[605],"product_tag":[565,350,568,566,567,564,569,570,571,572],"class_list":{"0":"post-6817","1":"product","2":"type-product","3":"status-publish","4":"has-post-thumbnail","6":"product_cat-reguladores-y-ups","7":"product_tag-baterias","8":"product_tag-conectores","9":"product_tag-divisores-de-energia","10":"product_tag-extensores-poe","11":"product_tag-fuentes-con-distribuidor","12":"product_tag-fuentes-de-energia","13":"product_tag-fuentes-de-poder-y-adaptadores","14":"product_tag-inyectores-poe","15":"product_tag-reguladores","16":"product_tag-ups","18":"first","19":"instock","20":"sale","21":"taxable","22":"shipping-taxable","23":"purchasable","24":"product-type-simple"},"aioseo_notices":[],"_links":{"self":[{"href":"https:\/\/tecsecmty.com\/index.php\/wp-json\/wp\/v2\/product\/6817","targetHints":{"allow":["GET"]}}],"collection":[{"href":"https:\/\/tecsecmty.com\/index.php\/wp-json\/wp\/v2\/product"}],"about":[{"href":"https:\/\/tecsecmty.com\/index.php\/wp-json\/wp\/v2\/types\/product"}],"replies":[{"embeddable":true,"href":"https:\/\/tecsecmty.com\/index.php\/wp-json\/wp\/v2\/comments?post=6817"}],"version-history":[{"count":0,"href":"https:\/\/tecsecmty.com\/index.php\/wp-json\/wp\/v2\/product\/6817\/revisions"}],"wp:featuredmedia":[{"embeddable":true,"href":"https:\/\/tecsecmty.com\/index.php\/wp-json\/wp\/v2\/media\/6816"}],"wp:attachment":[{"href":"https:\/\/tecsecmty.com\/index.php\/wp-json\/wp\/v2\/media?parent=6817"}],"wp:term":[{"taxonomy":"product_brand","embeddable":true,"href":"https:\/\/tecsecmty.com\/index.php\/wp-json\/wp\/v2\/product_brand?post=6817"},{"taxonomy":"product_cat","embeddable":true,"href":"https:\/\/tecsecmty.com\/index.php\/wp-json\/wp\/v2\/product_cat?post=6817"},{"taxonomy":"product_tag","embeddable":true,"href":"https:\/\/tecsecmty.com\/index.php\/wp-json\/wp\/v2\/product_tag?post=6817"}],"curies":[{"name":"wp","href":"https:\/\/api.w.org\/{rel}","templated":true}]}}