{"id":6821,"date":"2023-02-23T12:24:19","date_gmt":"2023-02-23T18:24:19","guid":{"rendered":"https:\/\/tecsecmty.com\/index.php\/producto\/cdp-rupr508-ups-500-va-250w-4-terminales-de-salida-4-con-respaldo-auto-reseteo-incluye-bateria-de-12v-4-5-ah-libre-de-mantenimiento\/"},"modified":"2023-03-22T23:22:11","modified_gmt":"2023-03-23T05:22:11","slug":"cdp-rupr508-ups-500-va-250w-4-terminales-de-salida-4-con-respaldo-auto-reseteo-incluye-bateria-de-12v-4-5-ah-libre-de-mantenimiento","status":"publish","type":"product","link":"https:\/\/tecsecmty.com\/index.php\/producto\/cdp-rupr508-ups-500-va-250w-4-terminales-de-salida-4-con-respaldo-auto-reseteo-incluye-bateria-de-12v-4-5-ah-libre-de-mantenimiento\/","title":{"rendered":"CDP RUPR508 &#8211; UPS \/ 500 Va \/ 250W \/ 4 Terminales de salida \/ 4 Con respaldo \/ Auto reseteo \/ Incluye bater\u00eda de 12V 4.5 AH Libre de mantenimiento"},"content":{"rendered":"<div class=\"row aling-items-center padding-bottom-2x\">\n<div class=\"col-lg-12\">\n<h5 class=\"card-title text-center\">Importante Leer:<\/h5>\n<h2>Tenemos los equipos especialmente dise\u00f1ados para sus requerimientos, si requiere un sistema especial para la protecci\u00f3n de sus equipos, por favor h\u00e1ganoslo saber.<\/h2>\n<p><img decoding=\"async\" class=\"overview-center-img-web\" src=\"https:\/\/tvc.mx\/media\/487274\/NOTA-COMPRA-UPS-NEMA-5-15.png\" alt=\"\" \/><\/div>\n<\/div>\n<div class=\"row aling-items-center padding-bottom-2x\">\n<div class=\"col-lg-12\">\n<h5 class=\"card-title text-center\">Informaci\u00f3n general.<\/h5>\n<p>Ideal para la protecci\u00f3n completa de equipos de c\u00f3mputo, sistemas de cctv, routers, m\u00f3dems, puntos de venta, consolas de videojuegos y teatros en casa.La serie R-UPR, est\u00e1 dise\u00f1ado con funcionamiento y confiabilidad incomparables para la protecci\u00f3n de tus consolas de videojuegos y estaciones de trabajo avanzadas. Cuando la condici\u00f3n de flujo electr\u00f3nico es normal, el UPS le protege contra la tensi\u00f3n mientras utiliza la energ\u00eda para cargar la bater\u00eda interna. Cuenta con controles potentes basados en microprocesadores para una mayor confiabilidad con regulaci\u00f3n autom\u00e1tica de la tensi\u00f3n.<\/p>\n<p><img decoding=\"async\" class=\"overview-center-img-web\" src=\"https:\/\/tvc.mx\/media\/36480\/Banner.png\" alt=\"\" \/><\/div>\n<\/div>\n","protected":false},"excerpt":{"rendered":"<p>Importante Leer: Tenemos los equipos especialmente dise\u00f1ados para sus requerimientos, si requiere un sistema especial para la protecci\u00f3n de sus equipos, por favor h\u00e1ganoslo saber. Informaci\u00f3n general. Ideal para la protecci\u00f3n completa de equipos de c\u00f3mputo, sistemas de cctv, routers, m\u00f3dems, puntos de venta, consolas&hellip;<\/p>\n","protected":false},"featured_media":6820,"comment_status":"open","ping_status":"closed","template":"","meta":{"om_disable_all_campaigns":false,"_monsterinsights_skip_tracking":false,"_monsterinsights_sitenote_active":false,"_monsterinsights_sitenote_note":"","_monsterinsights_sitenote_category":0},"product_brand":[],"product_cat":[605],"product_tag":[565,350,568,566,567,564,569,570,571,572],"class_list":{"0":"post-6821","1":"product","2":"type-product","3":"status-publish","4":"has-post-thumbnail","6":"product_cat-reguladores-y-ups","7":"product_tag-baterias","8":"product_tag-conectores","9":"product_tag-divisores-de-energia","10":"product_tag-extensores-poe","11":"product_tag-fuentes-con-distribuidor","12":"product_tag-fuentes-de-energia","13":"product_tag-fuentes-de-poder-y-adaptadores","14":"product_tag-inyectores-poe","15":"product_tag-reguladores","16":"product_tag-ups","18":"first","19":"instock","20":"sale","21":"taxable","22":"shipping-taxable","23":"purchasable","24":"product-type-simple"},"aioseo_notices":[],"_links":{"self":[{"href":"https:\/\/tecsecmty.com\/index.php\/wp-json\/wp\/v2\/product\/6821","targetHints":{"allow":["GET"]}}],"collection":[{"href":"https:\/\/tecsecmty.com\/index.php\/wp-json\/wp\/v2\/product"}],"about":[{"href":"https:\/\/tecsecmty.com\/index.php\/wp-json\/wp\/v2\/types\/product"}],"replies":[{"embeddable":true,"href":"https:\/\/tecsecmty.com\/index.php\/wp-json\/wp\/v2\/comments?post=6821"}],"version-history":[{"count":0,"href":"https:\/\/tecsecmty.com\/index.php\/wp-json\/wp\/v2\/product\/6821\/revisions"}],"wp:featuredmedia":[{"embeddable":true,"href":"https:\/\/tecsecmty.com\/index.php\/wp-json\/wp\/v2\/media\/6820"}],"wp:attachment":[{"href":"https:\/\/tecsecmty.com\/index.php\/wp-json\/wp\/v2\/media?parent=6821"}],"wp:term":[{"taxonomy":"product_brand","embeddable":true,"href":"https:\/\/tecsecmty.com\/index.php\/wp-json\/wp\/v2\/product_brand?post=6821"},{"taxonomy":"product_cat","embeddable":true,"href":"https:\/\/tecsecmty.com\/index.php\/wp-json\/wp\/v2\/product_cat?post=6821"},{"taxonomy":"product_tag","embeddable":true,"href":"https:\/\/tecsecmty.com\/index.php\/wp-json\/wp\/v2\/product_tag?post=6821"}],"curies":[{"name":"wp","href":"https:\/\/api.w.org\/{rel}","templated":true}]}}