{"id":6841,"date":"2023-02-23T12:24:45","date_gmt":"2023-02-23T18:24:45","guid":{"rendered":"https:\/\/tecsecmty.com\/index.php\/producto\/cdp-upo22-15-ups-15-kva-10-5-kwatts-onda-senoidal-pura-8-minutos-de-respaldo-a-plena-carga-sobre-pedido-requiere-servicio-de-arranque\/"},"modified":"2023-03-22T23:22:13","modified_gmt":"2023-03-23T05:22:13","slug":"cdp-upo22-15-ups-15-kva-10-5-kwatts-onda-senoidal-pura-8-minutos-de-respaldo-a-plena-carga-sobre-pedido-requiere-servicio-de-arranque","status":"publish","type":"product","link":"https:\/\/tecsecmty.com\/index.php\/producto\/cdp-upo22-15-ups-15-kva-10-5-kwatts-onda-senoidal-pura-8-minutos-de-respaldo-a-plena-carga-sobre-pedido-requiere-servicio-de-arranque\/","title":{"rendered":"CDP UPO22-15 UPS\/ 15 KVA\/ 10.5 KWATTS\/ ONDA SENOIDAL PURA\/ 8 MINUTOS DE RESPALDO A PLENA CARGA\/ SOBRE PEDIDO \/ REQUIERE SERVICIO DE ARRANQUE"},"content":{"rendered":"<div class=\"row aling-items-center padding-bottom-2x\">\n<div class=\"col-lg-12\">\n<h5 class=\"card-title text-center\">Importante Leer:<\/h5>\n<h2>Tenemos los equipos especialmente dise\u00f1ados para sus requerimientos, si requiere un sistema especial para la protecci\u00f3n de sus equipos, por favor h\u00e1ganoslo saber.<\/h2>\n<p><img decoding=\"async\" class=\"overview-center-img-web\" src=\"https:\/\/tvc.mx\/media\/487310\/NOTA-COMPRA-UPS-SERVICIOS-DE-ARRANQUE.png\" alt=\"\" \/><\/div>\n<\/div>\n<div class=\"row aling-items-center padding-bottom-2x\">\n<div class=\"col-lg-12\">\n<h5 class=\"card-title text-center\">Caracter\u00edsticas Principales<\/h5>\n<p class=\"ql-align-center\">-Conexi\u00f3n simple de sistema paralelo para incrementar la capacidad hasta 3 unidades m\u00e1s, aumentando la capacidad de carga; usando una simple interconexi\u00f3n con cables CAN &#8211; bus RJ45 en la parte trasera del UPS.<\/p>\n<p class=\"ql-align-center\">-Convertidor de frecuencia programable desde el panel LCD con opciones de 50 y 60 Hz.<\/p>\n<p class=\"ql-align-center\">-Auto-Diagn\u00f3stico inteligente realizado por el procesador de se\u00f1al digital DSP,permite al UPS revisar todos sus componentes y en caso de falla, \u00e9sta es desplegada en el panel LCD.<\/p>\n<p class=\"ql-align-center\">-Procesado de se\u00f1al digital de tiempo completo.<\/p>\n<p class=\"ql-align-center\">-Voltaje y frecuencia constante programable (CVCP).<\/p>\n<p class=\"ql-align-center\">-Modo inteligente de ahorro de energ\u00eda.<\/p>\n<p class=\"ql-align-center\">-Funci\u00f3n opcional de apagado de emergencia (EPO).<\/p>\n<p class=\"ql-align-center\">-F\u00e1cil cambio de bater\u00edas en caliente.<\/p>\n<p class=\"ql-align-center\">-Manejo avanzado de carga de bater\u00edas las protege de descargas profundas cuando existe interrupci\u00f3n del servicio el\u00e9ctrico, alargando su vida promedio.<\/p>\n<p class=\"ql-align-center\">-Espacios para tarjetas adicionales, adem\u00e1s de la est\u00e1ndar RS232, permite al usuario personalizar su UPS mediante tarjetas opcionales, como una USB, RS485,contacto seco o WEB\/SNMP, de contactos aislados para aplicaciones industriales y alarmas remotas.<\/p>\n<p class=\"ql-align-center\">-Factor de potencia 0,8.<\/p>\n<p class=\"ql-align-center\">-Capacidad de conversi\u00f3n de frecuencia.<\/p>\n<p><img decoding=\"async\" class=\"overview-center-img-web\" src=\"https:\/\/tvc.mx\/media\/429931\/CDP-UPO22-15--UPS-15-KVA-10.5-KWATTS-ONDA-SENOIDAL-PURA.png\" alt=\"\" \/><\/div>\n<\/div>\n<div class=\"row aling-items-center padding-bottom-2x\">\n<div class=\"col-lg-12\">\n<h5 class=\"card-title text-center\">Apartado trasero del equipo.<\/h5>\n<p>El equipo cuenta con un bloc de terminales en el cual colocaremos nuestro suministro el\u00e9ctrico de entrada en 220V y obtener igualmente en el mismo bloc nuestra salida regulada de voltaje programable que requerimos 104\/110\/115\/120\/ VCA \u00f3 208\/220\/230\/240VCA<\/p>\n<p>Tenemos la posibilidad de conectar tarjetas de control y SNMP , lo cual nos permitir\u00e1 monitorear y realizar la programaci\u00f3n pertinente de nuestra salida regulada.<\/p>\n<p>As\u00ed mismo tenemos una pastilla termomagn\u00e9tica para protecci\u00f3n del equipo ubicada espec\u00edficamente para la entrada de voltaje a nuestro equipo,adicional un conmutador para la funci\u00f3n bypass .<\/p>\n<h1><strong>NOTA: El equipo en su entrada y salida de corriente el\u00e9ctrica, no cuenta con clavija NEMA 5-15R<\/strong>\u00a0,\u00a0<u>ya que se conectan los cables de suministro y salida directamente al bloque de terminales.<\/u><\/h1>\n<p><img decoding=\"async\" class=\"overview-center-img-web\" src=\"https:\/\/tvc.mx\/media\/429919\/CDP-UPO22-15--UPS-15-KVA-10.5-KWATTS-ONDA-SENOIDAL-PURA-conexiones.png\" alt=\"\" \/><\/div>\n<\/div>\n<div class=\"row aling-items-center padding-bottom-2x\">\n<div class=\"col-lg-12\">\n<h5 class=\"card-title text-center\">Tabla comparativa equipos CDP<\/h5>\n<p>Para mayor facilidad a la hora de seleccionar un producto recomendamos verificar sus necesidades de respaldo en la tabla comparativa de nuestros productos.<\/p>\n<p><img decoding=\"async\" class=\"overview-center-img-web\" src=\"https:\/\/tvc.mx\/media\/429927\/COMPARATIVA-CDP-FINAL.png\" alt=\"\" \/><\/div>\n<\/div>\n","protected":false},"excerpt":{"rendered":"<p>Importante Leer: Tenemos los equipos especialmente dise\u00f1ados para sus requerimientos, si requiere un sistema especial para la protecci\u00f3n de sus equipos, por favor h\u00e1ganoslo saber. Caracter\u00edsticas Principales -Conexi\u00f3n simple de sistema paralelo para incrementar la capacidad hasta 3 unidades m\u00e1s, aumentando la capacidad de carga;&hellip;<\/p>\n","protected":false},"featured_media":6840,"comment_status":"open","ping_status":"closed","template":"","meta":{"om_disable_all_campaigns":false,"_monsterinsights_skip_tracking":false,"_monsterinsights_sitenote_active":false,"_monsterinsights_sitenote_note":"","_monsterinsights_sitenote_category":0},"product_brand":[],"product_cat":[605],"product_tag":[565,350,568,566,567,564,569,570,571,572],"class_list":{"0":"post-6841","1":"product","2":"type-product","3":"status-publish","4":"has-post-thumbnail","6":"product_cat-reguladores-y-ups","7":"product_tag-baterias","8":"product_tag-conectores","9":"product_tag-divisores-de-energia","10":"product_tag-extensores-poe","11":"product_tag-fuentes-con-distribuidor","12":"product_tag-fuentes-de-energia","13":"product_tag-fuentes-de-poder-y-adaptadores","14":"product_tag-inyectores-poe","15":"product_tag-reguladores","16":"product_tag-ups","18":"first","19":"instock","20":"sale","21":"taxable","22":"shipping-taxable","23":"purchasable","24":"product-type-simple"},"aioseo_notices":[],"_links":{"self":[{"href":"https:\/\/tecsecmty.com\/index.php\/wp-json\/wp\/v2\/product\/6841","targetHints":{"allow":["GET"]}}],"collection":[{"href":"https:\/\/tecsecmty.com\/index.php\/wp-json\/wp\/v2\/product"}],"about":[{"href":"https:\/\/tecsecmty.com\/index.php\/wp-json\/wp\/v2\/types\/product"}],"replies":[{"embeddable":true,"href":"https:\/\/tecsecmty.com\/index.php\/wp-json\/wp\/v2\/comments?post=6841"}],"version-history":[{"count":0,"href":"https:\/\/tecsecmty.com\/index.php\/wp-json\/wp\/v2\/product\/6841\/revisions"}],"wp:featuredmedia":[{"embeddable":true,"href":"https:\/\/tecsecmty.com\/index.php\/wp-json\/wp\/v2\/media\/6840"}],"wp:attachment":[{"href":"https:\/\/tecsecmty.com\/index.php\/wp-json\/wp\/v2\/media?parent=6841"}],"wp:term":[{"taxonomy":"product_brand","embeddable":true,"href":"https:\/\/tecsecmty.com\/index.php\/wp-json\/wp\/v2\/product_brand?post=6841"},{"taxonomy":"product_cat","embeddable":true,"href":"https:\/\/tecsecmty.com\/index.php\/wp-json\/wp\/v2\/product_cat?post=6841"},{"taxonomy":"product_tag","embeddable":true,"href":"https:\/\/tecsecmty.com\/index.php\/wp-json\/wp\/v2\/product_tag?post=6841"}],"curies":[{"name":"wp","href":"https:\/\/api.w.org\/{rel}","templated":true}]}}